From: dpdklab@iol.unh.edu
To: Test Report <test-report@dpdk.org>
Cc: dpdk-test-reports@iol.unh.edu
Subject: |SUCCESS| pw158751 [PATCH] [v2] examples/flow_filtering: add more sn
Date: Thu, 13 Nov 2025 11:41:24 -0800 (PST) [thread overview]
Message-ID: <69163464.050a0220.21cff4.ad37SMTPIN_ADDED_MISSING@mx.google.com> (raw)
In-Reply-To: <20251113101347.162908-1-shperetz@nvidia.com>
Test-Label: iol-compile-amd64-testing
Test-Status: SUCCESS
http://dpdk.org/patch/158751
_Testing PASS_
Submitter: Shani Peretz <shperetz@nvidia.com>
Date: Thursday, November 13 2025 10:13:44
DPDK git baseline: Repo:dpdk
Branch: master
CommitID:be0112878b4fc3a1b918370ed2fe615c52039d77
158751 --> testing pass
Upstream job id: Generic-DPDK-Compile-Meson#443852
Test environment and result as below:
+------------------+--------------------+
| Environment | dpdk_meson_compile |
+==================+====================+
| Ubuntu 20.04 | PASS |
+------------------+--------------------+
| FreeBSD 14.2 | PASS |
+------------------+--------------------+
| CentOS Stream 9 | PASS |
+------------------+--------------------+
| CentOS Stream 10 | PASS |
+------------------+--------------------+
Ubuntu 20.04
Kernel: 4.19
Compiler: gcc gcc (Ubuntu 9.4.0-1ubuntu1~20.04.2) 9.4.0
FreeBSD 14.2
Kernel: 14.2-RELEASE
Compiler: clang 18.1.6
CentOS Stream 9
Kernel: 5.15
Compiler: gcc gcc (GCC) 11.5.0 20240719 (Red Hat 11.5.0-11)
CentOS Stream 10
Kernel: 5.15
Compiler: gcc gcc (GCC) 14.2.1 20250110 (Red Hat 14.2.1-8)
To view detailed results, visit:
https://lab.dpdk.org/results/dashboard/patchsets/34567/
UNH-IOL DPDK Community Lab
To manage your email subscriptions, visit:
https://lab.dpdk.org/results/dashboard/preferences/subscriptions/
prev parent reply other threads:[~2025-11-13 19:41 UTC|newest]
Thread overview: 19+ messages / expand[flat|nested] mbox.gz Atom feed top
[not found] <20251113101347.162908-1-shperetz@nvidia.com>
2025-11-13 9:39 ` |SUCCESS| pw158751 [PATCH v2] examples/flow_filtering: add more snippets qemudev
2025-11-13 9:44 ` qemudev
2025-11-13 10:15 ` checkpatch
2025-11-13 10:58 ` |PENDING| pw158751 [PATCH] [v2] examples/flow_filtering: add more sn dpdklab
2025-11-13 11:01 ` |SUCCESS| " dpdklab
2025-11-13 11:07 ` dpdklab
2025-11-13 11:10 ` dpdklab
2025-11-13 11:10 ` |PENDING| " dpdklab
2025-11-13 11:11 ` |SUCCESS| " dpdklab
2025-11-13 11:22 ` dpdklab
2025-11-13 11:28 ` dpdklab
2025-11-13 12:21 ` dpdklab
2025-11-13 12:22 ` dpdklab
2025-11-13 12:55 ` dpdklab
2025-11-13 12:56 ` dpdklab
2025-11-13 13:02 ` |FAILURE| pw158751 [PATCH v2] examples/flow_filtering: add more snippets 0-day Robot
2025-11-13 16:38 ` |SUCCESS| pw158751 [PATCH] [v2] examples/flow_filtering: add more sn dpdklab
2025-11-13 17:21 ` dpdklab
2025-11-13 19:41 ` dpdklab [this message]
Reply instructions:
You may reply publicly to this message via plain-text email
using any one of the following methods:
* Save the following mbox file, import it into your mail client,
and reply-to-all from there: mbox
Avoid top-posting and favor interleaved quoting:
https://en.wikipedia.org/wiki/Posting_style#Interleaved_style
* Reply using the --to, --cc, and --in-reply-to
switches of git-send-email(1):
git send-email \
--in-reply-to=69163464.050a0220.21cff4.ad37SMTPIN_ADDED_MISSING@mx.google.com \
--to=dpdklab@iol.unh.edu \
--cc=dpdk-test-reports@iol.unh.edu \
--cc=test-report@dpdk.org \
/path/to/YOUR_REPLY
https://kernel.org/pub/software/scm/git/docs/git-send-email.html
* If your mail client supports setting the In-Reply-To header
via mailto: links, try the mailto: link
Be sure your reply has a Subject: header at the top and a blank line
before the message body.
This is a public inbox, see mirroring instructions
for how to clone and mirror all data and code used for this inbox;
as well as URLs for NNTP newsgroup(s).