From mboxrd@z Thu Jan 1 00:00:00 1970 Return-Path: Received: from mails.dpdk.org (mails.dpdk.org [217.70.189.124]) by inbox.dpdk.org (Postfix) with ESMTP id A3D5648AFD for ; Thu, 13 Nov 2025 21:36:02 +0100 (CET) Received: from mails.dpdk.org (localhost [127.0.0.1]) by mails.dpdk.org (Postfix) with ESMTP id 9EF3940151; Thu, 13 Nov 2025 21:36:02 +0100 (CET) Received: from mail-yw1-f226.google.com (mail-yw1-f226.google.com [209.85.128.226]) by mails.dpdk.org (Postfix) with ESMTP id AA17B40151 for ; Thu, 13 Nov 2025 21:35:47 +0100 (CET) Received: by mail-yw1-f226.google.com with SMTP id 00721157ae682-786d1658793so12767297b3.1 for ; Thu, 13 Nov 2025 12:35:47 -0800 (PST) DKIM-Signature: v=1; a=rsa-sha256; c=relaxed/relaxed; d=iol.unh.edu; s=unh-iol; t=1763066147; x=1763670947; darn=dpdk.org; h=references:in-reply-to:cc:to:from:subject:message-id:date:from:to :cc:subject:date:message-id:reply-to; bh=qTC0BGwLB6SrGmTKnu2tUFNvyFLr9sY/fSMMIwo29no=; b=UJjRDhDvBa9xH0lzALQvAxbKOSLWK7ptem+2cxsu8juSmGwUx2EBb0OULkKDxYFL7E JpAdO+Aqk0rtFXqjCPrwQe3v9F0srvUuff/g7ju37dCX5BJYyvM4EQfRvN/75WbYeqw8 zOKsxWsm+fqkbKhb/J/pWc6GAG5C7UpyNSdoU= X-Google-DKIM-Signature: v=1; a=rsa-sha256; c=relaxed/relaxed; d=1e100.net; s=20230601; t=1763066147; x=1763670947; h=references:in-reply-to:cc:to:from:subject:message-id:date:x-gm-gg :x-gm-message-state:from:to:cc:subject:date:message-id:reply-to; bh=qTC0BGwLB6SrGmTKnu2tUFNvyFLr9sY/fSMMIwo29no=; b=J/CJkZb4H8kNfNtYLIHKgE+xjF786yNq9Bk3heeiymEYQGoKajOIddgrAI30sbsvFe fhXo0H4oovQwWrZDthY7N/21LkGukHYYZqeq+v2GAiETeNq2FpEcA9B+mLJHZK/vitL/ 7AG3NL2mplf5SkcJ2724b2ZsaEsF6ljwZdaSQCJH5nFOSi4xmAu111Sk9R4mMOHXkIHw 1ZpZZsAPKmtpF4NP67IoA+z5rgBY7z/2SOc2ccZftJs54u1QNZcifYsOEVswLxC4M5KZ 9p5t8VHVe5x07jEYYHXJiyW9/eCE2vdvq1nM64cl3PKs197TDoZrYAUODKzwHUMWOvbu jTPQ== X-Gm-Message-State: AOJu0YyUglX/WJbyoRIbtyaNraRlLp67vfpNNDJc4dwb6UdCfOeSVrtE 9uneTkFbF9czvX14ddqxSjn+EfhbQCrIt+Tl9klpgMrRi/0uzLcqnRQ5OmQWA2O7/t7/VOjEY1L mnQzIFiXVHTiz5smZTzXPoDU/M2M3pdhzlNqEc9ztx7PY2ezf/kNj X-Gm-Gg: ASbGncvSFezeZDZud2bZwKtWYWpy4vf6Z//hlkzbtiBEabYEGg3aVtxMNygQV9mQ1Ge U9FHezclNSYznWCwVVd4kxHoLoM5+uR/Tf9pmwb1hv1bUk+HvsOvjnlPJXdO0FtkSYxDtk63Jaz ZarrWuGKKLVwXl4u05oRv1ocqc5VV9ULRLiP3ZbgFOyxfqXVnWcwqYBPbf9wH45pVuF1Oj4D20S DSSf5QNBokOxy/i9boT6tHxRfxCgzDIDp75zPMYEvbs8RmoR/7LfMiASnG3L8Nnzin7tPllsXYx zR8wnC4p9ParB9Dd+bLHgyoF+8JmX/3x8wYrLV+PU9cJLNX8UAKP/8+V5IYBkBQMJfmYoR98QpN CIjT/M2A1 X-Google-Smtp-Source: AGHT+IFnGQuYALlkKHTh8NiLeUIfoTEDWzB6pNkJERnQ5xZcnkMA3UbNoVhNAOAPh5JNpt0kiCd0OqP6Kehb X-Received: by 2002:a05:690c:a08d:10b0:781:32c:b359 with SMTP id 00721157ae682-78929ed2d9bmr11270277b3.36.1763066147043; Thu, 13 Nov 2025 12:35:47 -0800 (PST) Received: from postal.iol.unh.edu (postal.iol.unh.edu. [2606:4100:3880:1234::84]) by smtp-relay.gmail.com with ESMTPS id 956f58d0204a3-6410eae8154sm198858d50.12.2025.11.13.12.35.46 (version=TLS1_2 cipher=ECDHE-ECDSA-AES128-GCM-SHA256 bits=128/128); Thu, 13 Nov 2025 12:35:47 -0800 (PST) X-Relaying-Domain: iol.unh.edu Date: Thu, 13 Nov 2025 12:35:47 -0800 (PST) Message-ID: <69164123.050a0220.4fb62.939cSMTPIN_ADDED_MISSING@mx.google.com> Received: from [172.21.0.2] (unknown [172.18.0.240]) by postal.iol.unh.edu (Postfix) with ESMTP id 87BEB6050A61; Thu, 13 Nov 2025 15:35:46 -0500 (EST) Subject: |FAILURE| pw158772 [PATCH] [v2] net/axgbe: fix the build warning for From: dpdklab@iol.unh.edu To: Test Report Cc: dpdk-test-reports@iol.unh.edu, Stephen Hemminger , Venkat Kumar Ande In-Reply-To: <20251113164109.522-1-VenkatKumar.Ande@amd.com> References: <20251113164109.522-1-VenkatKumar.Ande@amd.com> Content-Type: text/plain X-BeenThere: test-report@dpdk.org X-Mailman-Version: 2.1.29 Precedence: list List-Id: automatic DPDK test reports List-Unsubscribe: , List-Archive: List-Post: List-Help: List-Subscribe: , Errors-To: test-report-bounces@dpdk.org Test-Label: iol-unit-amd64-testing Test-Status: FAILURE http://dpdk.org/patch/158772 _Testing issues_ Submitter: Venkat Kumar Ande Date: Thursday, November 13 2025 16:41:09 DPDK git baseline: Repo:dpdk-next-net Branch: master CommitID:fca6f2910345c25a5050a0b586e0d324ca616cbb 158772 --> testing issues Upstream job id: Generic-Unit-Test-DPDK#392389 Test environment and result as below: +-------------------------------+----------------+ | Environment | dpdk_unit_test | +===============================+================+ | CentOS Stream 9 | PASS | +-------------------------------+----------------+ | Debian GNU/Linux 12 | PASS | +-------------------------------+----------------+ | CentOS Stream 10 | PASS | +-------------------------------+----------------+ | Fedora Linux 41 | PASS | +-------------------------------+----------------+ | Fedora Linux 40 | PASS | +-------------------------------+----------------+ | Ubuntu 20.04 | PASS | +-------------------------------+----------------+ | Fedora Linux 42 | FAIL | +-------------------------------+----------------+ | Red Hat Enterprise Linux 8.10 | PASS | +-------------------------------+----------------+ | Red Hat Enterprise Linux 9.5 | PASS | +-------------------------------+----------------+ | Ubuntu 22.04 | PASS | +-------------------------------+----------------+ | Ubuntu 24.04 | PASS | +-------------------------------+----------------+ ==== Unit test summary for Fedora Linux 42 (dpdk_unit_test): ==== ninja: Entering directory `/root/workspace/Generic-Unit-Test-DPDK/dpdk/build' ninja: no work to do. 1/120 DPDK:fast-tests / acl_autotest OK 6.03s 2/120 DPDK:fast-tests / alarm_autotest OK 1.65s 3/120 DPDK:fast-tests / argparse_autotest OK 0.22s 4/120 DPDK:fast-tests / atomic_autotest OK 1.03s 5/120 DPDK:fast-tests / bitcount_autotest OK 0.41s 6/120 DPDK:fast-tests / bitmap_autotest OK 0.44s 7/120 DPDK:fast-tests / bitops_autotest OK 2.71s 8/120 DPDK:fast-tests / bitratestats_autotest OK 0.37s 9/120 DPDK:fast-tests / bitset_autotest OK 3.20s 10/120 DPDK:fast-tests / bpf_autotest OK 0.41s 11/120 DPDK:fast-tests / bpf_convert_autotest OK 0.28s 12/120 DPDK:fast-tests / byteorder_autotest OK 0.38s 13/120 DPDK:fast-tests / cfgfile_autotest OK 0.42s 14/120 DPDK:fast-tests / cksum_autotest OK 0.38s 15/120 DPDK:fast-tests / cmdline_autotest OK 0.43s 16/120 DPDK:fast-tests / common_autotest OK 0.51s 17/120 DPDK:fast-tests / compressdev_autotest SKIP 0.15s exit status 77 18/120 DPDK:fast-tests / cpuflags_autotest OK 0.40s 19/120 DPDK:fast-tests / crc_autotest OK 0.40s 20/120 DPDK:fast-tests / user_delay_us OK 0.39s 21/120 DPDK:fast-tests / debug_autotest OK 2.64s 22/120 DPDK:fast-tests / devargs_autotest OK 0.44s 23/120 DPDK:fast-tests / dispatcher_autotest SKIP 0.25s exit status 77 24/120 DPDK:fast-tests / distributor_autotest OK 2.36s 25/120 DPDK:fast-tests / eal_flags_c_opt_autotest OK 2.07s 26/120 DPDK:fast-tests / eal_flags_main_opt_autotest OK 0.89s 27/120 DPDK:fast-tests / eal_flags_n_opt_autotest OK 0.86s 28/120 DPDK:fast-tests / eal_flags_hpet_autotest OK 0.40s 29/120 DPDK:fast-tests / eal_flags_no_huge_autotest OK 1.02s 30/120 DPDK:fast-tests / eal_flags_a_opt_autotest OK 0.94s 31/120 DPDK:fast-tests / eal_flags_b_opt_autotest OK 1.11s 32/120 DPDK:fast-tests / eal_flags_vdev_opt_autotest OK 1.13s 33/120 DPDK:fast-tests / eal_flags_r_opt_autotest OK 0.49s 34/120 DPDK:fast-tests / eal_flags_mem_autotest OK 1.78s 35/120 DPDK:fast-tests / eal_flags_file_prefix_autotest OK 4.77s 36/120 DPDK:fast-tests / eal_flags_misc_autotest OK 4.51s 37/120 DPDK:fast-tests / eal_fs_autotest OK 0.47s 38/120 DPDK:fast-tests / errno_autotest OK 0.31s 39/120 DPDK:fast-tests / ethdev_link_status OK 0.44s 40/120 DPDK:fast-tests / event_eth_tx_adapter_autotest OK 1.19s 41/120 DPDK:fast-tests / event_ring_autotest OK 0.33s 42/120 DPDK:fast-tests / eventdev_common_autotest OK 0.26s 43/120 DPDK:fast-tests / eventdev_selftest_sw OK 0.45s 44/120 DPDK:fast-tests / fbarray_autotest OK 0.38s 45/120 DPDK:fast-tests / fib_autotest OK 1.78s 46/120 DPDK:fast-tests / fib6_autotest OK 1.60s 47/120 DPDK:fast-tests / func_reentrancy_autotest OK 1.25s 48/120 DPDK:fast-tests / graph_autotest OK 0.40s 49/120 DPDK:fast-tests / node_list_dump OK 0.26s 50/120 DPDK:fast-tests / graph_feature_arc_autotest OK 0.41s 51/120 DPDK:fast-tests / hash_autotest OK 0.72s 52/120 DPDK:fast-tests / hash_readwrite_func_autotest SKIP 0.38s exit status 77 53/120 DPDK:fast-tests / interrupt_autotest OK 2.58s 54/120 DPDK:fast-tests / ipfrag_autotest OK 0.33s 55/120 DPDK:fast-tests / ipsec_autotest SKIP 0.43s exit status 77 56/120 DPDK:fast-tests / kvargs_autotest OK 0.54s 57/120 DPDK:fast-tests / latencystats_autotest OK 0.42s 58/120 DPDK:fast-tests / lcore_var_autotest OK 0.82s 59/120 DPDK:fast-tests / lcores_autotest OK 2.24s 60/120 DPDK:fast-tests / logs_autotest OK 0.23s 61/120 DPDK:fast-tests / lpm_autotest OK 3.66s 62/120 DPDK:fast-tests / lpm6_autotest OK 6.75s 63/120 DPDK:fast-tests / malloc_autotest OK 1.05s 64/120 DPDK:fast-tests / mbuf_autotest OK 0.71s 65/120 DPDK:fast-tests / mcslock_autotest OK 1.12s 66/120 DPDK:fast-tests / member_autotest OK 2.96s 67/120 DPDK:fast-tests / memcpy_autotest OK 5.16s 68/120 DPDK:fast-tests / memory_autotest OK 0.28s 69/120 DPDK:fast-tests / mempool_autotest OK 0.74s 70/120 DPDK:fast-tests / memzone_autotest OK 0.25s 71/120 DPDK:fast-tests / meter_autotest OK 0.44s 72/120 DPDK:fast-tests / metrics_autotest OK 0.36s 73/120 DPDK:fast-tests / multiprocess_autotest OK 0.75s 74/120 DPDK:fast-tests / net_ether_autotest OK 1.52s 75/120 DPDK:fast-tests / net_ipv6_autotest OK 0.30s 76/120 DPDK:fast-tests / pcapng_autotest OK 13.45s 77/120 DPDK:fast-tests / pdcp_autotest SKIP 0.24s exit status 77 78/120 DPDK:fast-tests / pdump_autotest OK 1.11s 79/120 DPDK:fast-tests / per_lcore_autotest OK 0.55s 80/120 DPDK:fast-tests / pflock_autotest OK 0.58s 81/120 DPDK:fast-tests / pie_autotest OK 0.26s 82/120 DPDK:fast-tests / ring_pmd_autotest OK 0.41s 83/120 DPDK:fast-tests / power_autotest OK 0.35s 84/120 DPDK:fast-tests / power_cpufreq_autotest SKIP 0.31s exit status 77 85/120 DPDK:fast-tests / power_intel_uncore_autotest SKIP 0.40s exit status 77 86/120 DPDK:fast-tests / power_kvm_vm_autotest SKIP 0.44s exit status 77 87/120 DPDK:fast-tests / prefetch_autotest OK 0.45s 88/120 DPDK:fast-tests / ptr_compress_autotest OK 0.46s 89/120 DPDK:fast-tests / rawdev_autotest OK 0.31s 90/120 DPDK:fast-tests / rcu_qsbr_autotest OK 0.63s 91/120 DPDK:fast-tests / reorder_autotest OK 0.72s 92/120 DPDK:fast-tests / rib_autotest OK 13.02s 93/120 DPDK:fast-tests / rib6_autotest OK 12.96s 94/120 DPDK:fast-tests / ring_autotest OK 0.38s 95/120 DPDK:fast-tests / rwlock_test1_autotest OK 0.41s 96/120 DPDK:fast-tests / rwlock_rda_autotest OK 5.53s 97/120 DPDK:fast-tests / rwlock_rds_wrm_autotest OK 5.74s 98/120 DPDK:fast-tests / rwlock_rde_wro_autotest OK 5.27s 99/120 DPDK:fast-tests / sched_autotest OK 0.30s 100/120 DPDK:fast-tests / security_autotest OK 0.43s 101/120 DPDK:fast-tests / seqlock_autotest SKIP 0.48s exit status 77 102/120 DPDK:fast-tests / service_autotest FAIL 0.50s (exit status 255 or signal 127 SIGinvalid) >>> MALLOC_PERTURB_=181 DPDK_TEST=service_autotest /root/workspace/Generic-Unit-Test-DPDK/dpdk/build/app/dpdk-test --no-huge -m 2048 103/120 DPDK:fast-tests / soring_autotest OK 0.50s 104/120 DPDK:fast-tests / spinlock_autotest OK 0.41s 105/120 DPDK:fast-tests / stack_autotest OK 0.48s 106/120 DPDK:fast-tests / stack_lf_autotest OK 0.56s 107/120 DPDK:fast-tests / string_autotest OK 0.50s 108/120 DPDK:fast-tests / table_autotest OK 15.55s 109/120 DPDK:fast-tests / tailq_autotest OK 0.58s 110/120 DPDK:fast-tests / telemetry_data_autotest OK 0.17s 111/120 DPDK:fast-tests / telemetry_json_autotest OK 0.46s 112/120 DPDK:fast-tests / thash_autotest OK 0.50s 113/120 DPDK:fast-tests / threads_autotest OK 1.19s 114/120 DPDK:fast-tests / ticketlock_autotest OK 0.36s 115/120 DPDK:fast-tests / timer_autotest OK 3.69s 116/120 DPDK:fast-tests / trace_autotest OK 0.51s 117/120 DPDK:fast-tests / trace_autotest_with_traces OK 0.55s 118/120 DPDK:fast-tests / vdev_autotest OK 0.49s 119/120 DPDK:fast-tests / version_autotest OK 0.68s 120/120 DPDK:fast-tests / telemetry_all SKIP 0.01s exit status 77 Ok: 109 Expected Fail: 0 Fail: 1 Unexpected Pass: 0 Skipped: 10 Timeout: 0 Full log written to /root/workspace/Generic-Unit-Test-DPDK/dpdk/build/meson-logs/testlog.txt Test log output from the failed test service_autotest: Sorry, we were not able to find the logs for this test. Download the log output from the CI site for this test run. ==== End log output ==== CentOS Stream 9 Kernel: 5.15 Compiler: gcc gcc (GCC) 11.5.0 20240719 (Red Hat 11.5.0-11) Debian GNU/Linux 12 Kernel: 5.15 Compiler: gcc gcc (Debian 12.2.0-14+deb12u1) 12.2.0 CentOS Stream 10 Kernel: 5.15 Compiler: gcc gcc (GCC) 14.2.1 20250110 (Red Hat 14.2.1-8) Fedora Linux 41 Kernel: 5.15 Compiler: clang gcc (GCC) 14.3.1 20250523 (Red Hat 14.3.1-1) Fedora Linux 40 Kernel: 5.15 Compiler: gcc gcc (GCC) 14.2.1 20240912 (Red Hat 14.2.1-3) Ubuntu 20.04 Kernel: 5.15 Compiler: gcc gcc (Ubuntu 9.4.0-1ubuntu1~20.04.2) 9.4.0 Fedora Linux 42 Kernel: 5.15 Compiler: gcc gcc (GCC) 15.2.1 20250808 (Red Hat 15.2.1-1) Red Hat Enterprise Linux 8.10 Kernel: 5.15 Compiler: gcc gcc (GCC) 8.5.0 20210514 (Red Hat 8.5.0-22) Red Hat Enterprise Linux 9.5 Kernel: 5.15 Compiler: gcc gcc (GCC) 11.5.0 20240719 (Red Hat 11.5.0-2) Ubuntu 22.04 Kernel: 5.15 Compiler: gcc gcc (Ubuntu 11.4.0-1ubuntu1~22.04) 11.4.0 Ubuntu 24.04 Kernel: 5.15 Compiler: gcc gcc (Ubuntu 13.3.0-6ubuntu2~24.04) 13.3.0 To view detailed results, visit: https://lab.dpdk.org/results/dashboard/patchsets/34580/ UNH-IOL DPDK Community Lab To manage your email subscriptions, visit: https://lab.dpdk.org/results/dashboard/preferences/subscriptions/