From mboxrd@z Thu Jan 1 00:00:00 1970 Return-Path: Received: from mails.dpdk.org (mails.dpdk.org [217.70.189.124]) by inbox.dpdk.org (Postfix) with ESMTP id D6D4148AFE for ; Thu, 13 Nov 2025 23:24:29 +0100 (CET) Received: from mails.dpdk.org (localhost [127.0.0.1]) by mails.dpdk.org (Postfix) with ESMTP id B779E40151; Thu, 13 Nov 2025 23:24:29 +0100 (CET) Received: from mail-pf1-f227.google.com (mail-pf1-f227.google.com [209.85.210.227]) by mails.dpdk.org (Postfix) with ESMTP id AE63E40151 for ; Thu, 13 Nov 2025 23:24:28 +0100 (CET) Received: by mail-pf1-f227.google.com with SMTP id d2e1a72fcca58-7ba49f92362so306980b3a.1 for ; Thu, 13 Nov 2025 14:24:28 -0800 (PST) DKIM-Signature: v=1; a=rsa-sha256; c=relaxed/relaxed; d=iol.unh.edu; s=unh-iol; t=1763072668; x=1763677468; darn=dpdk.org; h=cc:to:from:subject:message-id:date:from:to:cc:subject:date :message-id:reply-to; bh=mpnoQazgZ//55L9L4BxCEjG+kHRESWSKy+plIQ/z7IY=; b=EaZcI053dYJXKPQv38xhnWVgPdp3MENu6WTW/BlruTqRXvJjNDhktaAjThvSSs+lWL Qqm+H+glmqyQYDrKj4rJpiO1jWES7CaTMKbxlhC7Ug/Cnyydct620TRowu8hRXlXoFDM BM/5P0BdkKjDoaqH8zPo5Ve9qn0m8bzrWrTiQ= X-Google-DKIM-Signature: v=1; a=rsa-sha256; c=relaxed/relaxed; d=1e100.net; s=20230601; t=1763072668; x=1763677468; h=cc:to:from:subject:message-id:date:x-gm-gg:x-gm-message-state:from :to:cc:subject:date:message-id:reply-to; bh=mpnoQazgZ//55L9L4BxCEjG+kHRESWSKy+plIQ/z7IY=; b=MxBt8Trk6k91hpTuRoI9mHXf1isN7jc82rHfV2kbyPExBefprJn9VUQdO2CzOD8c3W bbx4nPgSaVr8ThPI1JcQZINzApB2nr3uNOme9UY8Am+yAfgqaKXpLFLB+aMmLsCd92BQ +9BGmRiSS6pByInowk+e7HxZ/gGFODkjETjO3GPpQKflaA4vUEdysATzFDli4fR2rZeQ CgTrNRrHjkaT+fp6m5/fIsB3yXrYDcytIlcjnuYrAHjqY3yHkGzj8bXx5OUg5FLtAI1/ X5GQeaG8i8HpEd4aTBl6JiOisFuy/CBgKS9vOc+ahgv3kEudpzPhRXboTtSJG7toh5aj 21oA== X-Gm-Message-State: AOJu0YxDv5GSljlpWY2ei5IQSBUdtRAEIm/FV0P/KMAoqHKdr2hJz2Rp NrUKJPX7ob7BTVh8JUe/tUFBte0id6MQkJPPWLaIPoCiNPuAhJ40QThn/9kRyuBm1PTgY3ESaph H+IP5+mQ2MgfbHkxu1Am6vGlcIlh+pmFqgPOk X-Gm-Gg: ASbGnct6oMH6Ww7hAVeV8m2jn2M65FASjslh+uitL8CSd2i+ujP1iTWRvewPhyPmUAc 0KT7ZXS1kf8zGyXgSlPsubA6oNbfV+vX1byqYPRbr0StPCl0iSOFKNum7B7qNp8j0rcGygWy2aM hiVhPOnvmgW8c5FdBL6fD/+a2R+sEk4q8VoD3Y2zHkom+4l79d6CKbUUqGMpMyJ7GERlrBQTt+/ pU7nAMeINo4l1jvYTITWRo+BtH7hsoI2aU3rFOdH9RR66+3UsA4/v94X4otfdjSQNKf6p4Kpxae f4TALpML2UoSLUx7nSv4v/ygVEkaMbjINqaIrcChyY0QibrRKk27BZHkII6SazrDw1G2GVJLpDB 55Ukf3NfwlONBwAuKwR7oRfU0z3v8fCg= X-Google-Smtp-Source: AGHT+IEm29OeqtffxJQ9PXq4tWh7X187odAofDhXqB5c3pUXQP72aw2xPQuzKSWG49BtD9VGUHRMaPK3ktiH X-Received: by 2002:a17:90b:4e8f:b0:343:85eb:4fc7 with SMTP id 98e67ed59e1d1-343eab1ebc2mr5584432a91.6.1763072667758; Thu, 13 Nov 2025 14:24:27 -0800 (PST) Received: from postal.iol.unh.edu (postal.iol.unh.edu. [132.177.123.84]) by smtp-relay.gmail.com with ESMTPS id 98e67ed59e1d1-343ee0a2455sm353795a91.3.2025.11.13.14.24.27 (version=TLS1_2 cipher=ECDHE-ECDSA-AES128-GCM-SHA256 bits=128/128); Thu, 13 Nov 2025 14:24:27 -0800 (PST) X-Relaying-Domain: iol.unh.edu Date: Thu, 13 Nov 2025 14:24:27 -0800 (PST) Message-ID: <69165a9b.170a0220.399c40.0667SMTPIN_ADDED_MISSING@mx.google.com> Received: from [172.21.0.2] (unknown [172.18.0.240]) by postal.iol.unh.edu (Postfix) with ESMTP id 0743160003E8; Thu, 13 Nov 2025 17:24:27 -0500 (EST) Subject: |FAILURE| [GIT MASTER] 62f583c49bf67dd4d6733ece14e55fe6839e66d1 From: dpdklab@iol.unh.edu To: Test Report Cc: dpdk-test-reports@iol.unh.edu, Xueming Li , Christian Ehrhardt , Kevin Traynor , Luca Boccassi Content-Type: text/plain X-BeenThere: test-report@dpdk.org X-Mailman-Version: 2.1.29 Precedence: list List-Id: automatic DPDK test reports List-Unsubscribe: , List-Archive: List-Post: List-Help: List-Subscribe: , Errors-To: test-report-bounces@dpdk.org _Testing issues_ Branch: tags/v23.11 62f583c49bf67dd4d6733ece14e55fe6839e66d1 --> testing issues Upstream job id: Generic-Unit-Test-DPDK#391761 Test environment and result as below: +------------------------------+----------------+--------------+------------------------------+---------------------------+ | Environment | dpdk_unit_test | lpm_autotest | cryptodev_sw_snow3g_autotest | cryptodev_sw_zuc_autotest | +==============================+================+==============+==============================+===========================+ | Fedora Linux 40 | PASS | SKIPPED | SKIPPED | SKIPPED | +------------------------------+----------------+--------------+------------------------------+---------------------------+ | CentOS Stream 9 | PASS | SKIPPED | SKIPPED | SKIPPED | +------------------------------+----------------+--------------+------------------------------+---------------------------+ | Fedora Linux 41 | PASS | SKIPPED | SKIPPED | SKIPPED | +------------------------------+----------------+--------------+------------------------------+---------------------------+ | Debian GNU/Linux 12 | PASS | SKIPPED | SKIPPED | SKIPPED | +------------------------------+----------------+--------------+------------------------------+---------------------------+ | Ubuntu 20.04 | PASS | PASS | SKIPPED | SKIPPED | +------------------------------+----------------+--------------+------------------------------+---------------------------+ | Fedora Linux 42 | WARN | SKIPPED | SKIPPED | SKIPPED | +------------------------------+----------------+--------------+------------------------------+---------------------------+ | Ubuntu 24.04 | PEND | SKIPPED | SKIPPED | SKIPPED | +------------------------------+----------------+--------------+------------------------------+---------------------------+ | CentOS Stream 10 | PASS | SKIPPED | SKIPPED | SKIPPED | +------------------------------+----------------+--------------+------------------------------+---------------------------+ | Red Hat Enterprise Linux 9.5 | PEND | SKIPPED | SKIPPED | SKIPPED | +------------------------------+----------------+--------------+------------------------------+---------------------------+ | Ubuntu 22.04 | PASS | SKIPPED | SKIPPED | SKIPPED | +------------------------------+----------------+--------------+------------------------------+---------------------------+ | Debian 12 (arm) | SKIPPED | SKIPPED | PASS | PEND | +------------------------------+----------------+--------------+------------------------------+---------------------------+ ==== 20 line log output for Fedora Linux 42 (dpdk_unit_test): ==== [608/3086] Compiling C object 'drivers/a715181@@tmp_rte_net_dpaa2@sta/net_dpaa2_dpaa2_flow.c.o'. FAILED: [code=1] drivers/a715181@@tmp_rte_net_dpaa2@sta/net_dpaa2_dpaa2_flow.c.o ccache cc -Idrivers/a715181@@tmp_rte_net_dpaa2@sta -Idrivers -I../drivers -Idrivers/net/dpaa2 -I../drivers/net/dpaa2 -I../drivers/net/dpaa2/base -I../drivers/net/dpaa2/mc -Ilib/ethdev -I../lib/ethdev -I. -I../ -Iconfig -I../config -Ilib/eal/include -I../lib/eal/include -Ilib/eal/linux/include -I../lib/eal/linux/include -Ilib/eal/arm/include -I../lib/eal/arm/include -Ilib/eal/common -I../lib/eal/common -Ilib/eal -I../lib/eal -Ilib/kvargs -I../lib/kvargs -Ilib/log -I../lib/log -Ilib/telemetry/../metrics -I../lib/telemetry/../metrics -Ilib/telemetry -I../lib/telemetry -Ilib/net -I../lib/net -Ilib/mbuf -I../lib/mbuf -Ilib/mempool -I../lib/mempool -Ilib/ring -I../lib/ring -Ilib/meter -I../lib/meter -Idrivers/bus/pci -I../drivers/bus/pci -I../drivers/bus/pci/linux -Ilib/pci -I../lib/pci -Idrivers/bus/vdev -I../drivers/bus/vdev -Idrivers/mempool/dpaa2 -I../drivers/mempool/dpaa2 -Idrivers/bus/fslmc -I../drivers/bus/fslmc -I../drivers/bus/fslmc/mc -I../drivers/bus/fslmc/qbman/include -I../dri vers/bus/fslmc/portal -Idrivers/common/dpaax -I../drivers/common/dpaax -I../drivers/common/dpaax/caamflib -Ilib/eventdev -I../lib/eventdev -Ilib/hash -I../lib/hash -Ilib/rcu -I../lib/rcu -Ilib/timer -I../lib/timer -Ilib/cryptodev -I../lib/cryptodev -Ilib/dmadev -I../lib/dmadev -fdiagnostics-color=always -pipe -D_FILE_OFFSET_BITS=64 -Wall -Winvalid-pch -Wextra -Werror -std=c11 -O3 -include rte_config.h -Wcast-qual -Wdeprecated -Wformat -Wformat-nonliteral -Wformat-security -Wmissing-declarations -Wmissing-prototypes -Wnested-externs -Wold-style-definition -Wpointer-arith -Wsign-compare -Wstrict-prototypes -Wundef -Wwrite-strings -Wno-address-of-packed-member -Wno-packed-not-aligned -Wno-missing-field-initializers -fzero-init-padding-bits=all -Wno-zero-length-bounds -D_GNU_SOURCE -fPIC -march=armv8.1-a+crc+crypto -mcpu=thunderx2t99 -DALLOW_EXPERIMENTAL_API -DALLOW_INTERNAL_API -Wno-format-truncation -DRTE_LOG_DEFAULT_LOGTYPE=pmd.net.dpaa2 -MD -MQ 'drivers/a715181@@tmp_rte_net_dpaa2@st a/net_dpaa2_dpaa2_flow.c.o' -MF 'drivers/a715181@@tmp_rte_net_dpaa2@sta/net_dpaa2_dpaa2_flow.c.o.d' -o 'drivers/a715181@@tmp_rte_net_dpaa2@sta/net_dpaa2_dpaa2_flow.c.o' -c ../drivers/net/dpaa2/dpaa2_flow.c ../drivers/net/dpaa2/dpaa2_flow.c:103:36: error: initializer-string for array of 'unsigned char' truncates NUL terminator but destination lacks 'nonstring' attribute (7 chars into 6 available) [-Werror=unterminated-string-initialization] 103 | .hdr.dst_addr.addr_bytes = "\xff\xff\xff\xff\xff\xff", | ^~~~~~~~~~~~~~~~~~~~~~~~~~ ../drivers/net/dpaa2/dpaa2_flow.c:104:36: error: initializer-string for array of 'unsigned char' truncates NUL terminator but destination lacks 'nonstring' attribute (7 chars into 6 available) [-Werror=unterminated-string-initialization] 104 | .hdr.src_addr.addr_bytes = "\xff\xff\xff\xff\xff\xff", | ^~~~~~~~~~~~~~~~~~~~~~~~~~ ../drivers/net/dpaa2/dpaa2_flow.c:121:25: error: initializer-string for array of 'unsigned char' truncates NUL terminator but destination lacks 'nonstring' attribute (17 chars into 16 available) [-Werror=unterminated-string-initialization] 121 | "\xff\xff\xff\xff\xff\xff\xff\xff" | ^~~~~~~~~~~~~~~~~~~~~~~~~~~~~~~~~~ ../drivers/net/dpaa2/dpaa2_flow.c:124:25: error: initializer-string for array of 'unsigned char' truncates NUL terminator but destination lacks 'nonstring' attribute (17 chars into 16 available) [-Werror=unterminated-string-initialization] 124 | "\xff\xff\xff\xff\xff\xff\xff\xff" | ^~~~~~~~~~~~~~~~~~~~~~~~~~~~~~~~~~ cc1: all warnings being treated as errors [609/3086] Compiling C object 'drivers/a715181@@tmp_rte_crypto_cnxk@sta/crypto_cnxk_cn10k_ipsec.c.o'. [610/3086] Compiling C object 'drivers/a715181@@tmp_rte_crypto_cnxk@sta/crypto_cnxk_cn9k_cryptodev_ops.c.o'. [611/3086] Compiling C object 'drivers/a715181@@tmp_rte_crypto_cnxk@sta/crypto_cnxk_cn10k_cryptodev_ops.c.o'. ninja: build stopped: subcommand failed. ==== End log output ==== Fedora Linux 40 Kernel: 5.4 Compiler: clang gcc (GCC) 14.2.1 20240912 (Red Hat 14.2.1-3) CentOS Stream 9 Kernel: 5.4 Compiler: gcc gcc (GCC) 11.5.0 20240719 (Red Hat 11.5.0-11) Fedora Linux 41 Kernel: 5.4 Compiler: clang gcc (GCC) 14.3.1 20250523 (Red Hat 14.3.1-1) Debian GNU/Linux 12 Kernel: 5.4 Compiler: gcc gcc (Debian 12.2.0-14+deb12u1) 12.2.0 Ubuntu 20.04 Kernel: 5.4 Compiler: gcc gcc (Ubuntu 9.4.0-1ubuntu1~20.04.2) 9.4.0 Fedora Linux 42 Kernel: 5.4 Compiler: clang gcc (GCC) 15.2.1 20250808 (Red Hat 15.2.1-1) Ubuntu 24.04 Kernel: 5.4 Compiler: gcc gcc (Ubuntu 13.3.0-6ubuntu2~24.04) 13.3.0 CentOS Stream 10 Kernel: 5.4 Compiler: gcc gcc (GCC) 14.2.1 20250110 (Red Hat 14.2.1-8) Red Hat Enterprise Linux 9.5 Kernel: 5.4 Compiler: gcc gcc (GCC) 11.5.0 20240719 (Red Hat 11.5.0-2) Ubuntu 22.04 Kernel: 5.4 Compiler: gcc gcc (Ubuntu 11.4.0-1ubuntu1~22.04) 11.4.0 Debian 12 (arm) Kernel: Depends on container host Compiler: gcc (Debian 12.2.0-14) 12.2.0 To view detailed results, visit: https://lab.dpdk.org/results/dashboard/tarballs/35564/ UNH-IOL DPDK Community Lab To manage your email subscriptions, visit: https://lab.dpdk.org/results/dashboard/preferences/subscriptions/