From mboxrd@z Thu Jan 1 00:00:00 1970 Return-Path: Received: from mails.dpdk.org (mails.dpdk.org [217.70.189.124]) by inbox.dpdk.org (Postfix) with ESMTP id 0331148AFE for ; Thu, 13 Nov 2025 23:26:28 +0100 (CET) Received: from mails.dpdk.org (localhost [127.0.0.1]) by mails.dpdk.org (Postfix) with ESMTP id F2C2140151; Thu, 13 Nov 2025 23:26:27 +0100 (CET) Received: from mail-pl1-f226.google.com (mail-pl1-f226.google.com [209.85.214.226]) by mails.dpdk.org (Postfix) with ESMTP id EC05540151 for ; Thu, 13 Nov 2025 23:26:26 +0100 (CET) Received: by mail-pl1-f226.google.com with SMTP id d9443c01a7336-29516a36affso13980305ad.3 for ; Thu, 13 Nov 2025 14:26:26 -0800 (PST) DKIM-Signature: v=1; a=rsa-sha256; c=relaxed/relaxed; d=iol.unh.edu; s=unh-iol; t=1763072786; x=1763677586; darn=dpdk.org; h=cc:to:from:subject:message-id:date:from:to:cc:subject:date :message-id:reply-to; bh=ypNFBzYZLcH1trFIV+99BnBos66JioZY+eeUFAnMsfE=; b=bNv8Dhx1SrVAvVRo1WdLdS6+u9HqmrH8zODo1aDDEcogboKHtF9YieSSuNW8UDqR4a tejgE/n6nFGqW4wHk7aoN/XKntSQfeP3wpSxDVyXLlRhrUi1nz+maKhQtOSN5nU87mCh PPqDXjDbiltnSSWO0Qaz8ai6bcY6iCERhZDP0= X-Google-DKIM-Signature: v=1; a=rsa-sha256; c=relaxed/relaxed; d=1e100.net; s=20230601; t=1763072786; x=1763677586; h=cc:to:from:subject:message-id:date:x-gm-gg:x-gm-message-state:from :to:cc:subject:date:message-id:reply-to; bh=ypNFBzYZLcH1trFIV+99BnBos66JioZY+eeUFAnMsfE=; b=revvEKJkKQgs5xuEAsr5jpC5p5hlj3Od+a42UQnKMpiDelVzIkbyuz49BcAx0iNgxy w42girOn2/naYRqjOzVFbvR5X/7MOPU4FZgEsRriRwYycRo807lITZBRm+ChU/hj8/84 zBBNKzFPF9Yb8TpsBKKsa+vfFxdaaLeQXrW1XcB8tk2k0z10U9WNBtn+6yAArCKM/fgl GJ2ftU/b23D+9XUrt+6YSX01PAlfWHdKY3bdp/s6SdE9aydA+Hqo/9TpQb16VSo6TSBa TF4smrgVVZ5FhOpaUEatRwCpSJwSgZNy+vQGHvhevNPjMwfgUtK9mWbqyR13K35+Dapl O4Pg== X-Gm-Message-State: AOJu0YztFvLjdTtIurh0+Khun2Ctpxf9CIgjlUCTtBIwah9Z1PpDZ2QO 4gyI0xxHH9gabrD8TDdZDMd8IvZFgfS+cOqCTxPchImj/P+GimeV0s9rCQ2Vu6EQ9lgT4uwyVdU vdn83wFn0mZkJbdjhLjnNvZp7dvjhsJ8dHMSP X-Gm-Gg: ASbGncvdLnmbCe71yd588xW1bCVj1mkUIkgBeKeHX63++mU9Ba8ut3iEF7sNQ1cOH/O WioOxa45oQgT2WmTfiiuXMeeGwC3Mys/rwYflRRO7Vdu+veMDJcwxKc2k7S4jMBCy9G3qw6zWOo MlSpBYwzKr6239jPmCtDyrEWYYd5UNqgMWrV5s/G+Yldj7J6+T+9LBJcmg0pi5u1U+6QxkOe61K qQkc5Qw8VeRWG1DlVDV9bkF9OYmKeEFx7K7cA79XsjG34t2zM6hYsrL/CjnUFyPd0PKG6PcNK2d ewDyTiL9pjVaHv45o50OMtiaFEK5CqhAppaDN9B3a4bZPMHYJkVLG3iOqZpv/BRi+7nLm4+/U0I 8H+9Y1/v0HPS6an6QSRemZvAmQ2AKf2U= X-Google-Smtp-Source: AGHT+IEthKyKP12rs/zIPiwVLsxpc0SS3+EClYfSJowed+L6KcLJSy0yXmDYn+A8rLu/P8kJ+uk9uTdmMhr+ X-Received: by 2002:a17:903:19c5:b0:295:5116:6a7d with SMTP id d9443c01a7336-2986a6ac789mr6225445ad.4.1763072786117; Thu, 13 Nov 2025 14:26:26 -0800 (PST) Received: from postal.iol.unh.edu (postal.iol.unh.edu. [132.177.123.84]) by smtp-relay.gmail.com with ESMTPS id d9443c01a7336-2985c2a8b69sm3371075ad.38.2025.11.13.14.26.26 (version=TLS1_2 cipher=ECDHE-ECDSA-AES128-GCM-SHA256 bits=128/128); Thu, 13 Nov 2025 14:26:26 -0800 (PST) X-Relaying-Domain: iol.unh.edu Date: Thu, 13 Nov 2025 14:26:26 -0800 (PST) Message-ID: <69165b12.170a0220.bef92.fe4dSMTPIN_ADDED_MISSING@mx.google.com> Received: from [172.21.0.4] (unknown [172.18.0.240]) by postal.iol.unh.edu (Postfix) with ESMTP id 931D16051830; Thu, 13 Nov 2025 17:26:25 -0500 (EST) Subject: |FAILURE| [GIT MASTER] 62f583c49bf67dd4d6733ece14e55fe6839e66d1 From: dpdklab@iol.unh.edu To: Test Report Cc: dpdk-test-reports@iol.unh.edu, Xueming Li , Christian Ehrhardt , Kevin Traynor , Luca Boccassi Content-Type: text/plain X-BeenThere: test-report@dpdk.org X-Mailman-Version: 2.1.29 Precedence: list List-Id: automatic DPDK test reports List-Unsubscribe: , List-Archive: List-Post: List-Help: List-Subscribe: , Errors-To: test-report-bounces@dpdk.org _Testing issues_ Branch: tags/v23.11 62f583c49bf67dd4d6733ece14e55fe6839e66d1 --> testing issues Upstream job id: Windows-Compile-DPDK-VS#7523 Test environment and result as below: +-------------------------------+--------------------+------------------+-------------------+ | Environment | dpdk_meson_compile | dpdk_compile_ovs | dpdk_msvc_compile | +===============================+====================+==================+===================+ | FreeBSD 14.2 | PASS | SKIPPED | SKIPPED | +-------------------------------+--------------------+------------------+-------------------+ | Ubuntu 20.04 | PASS | SKIPPED | SKIPPED | +-------------------------------+--------------------+------------------+-------------------+ | CentOS Stream 9 | PASS | SKIPPED | SKIPPED | +-------------------------------+--------------------+------------------+-------------------+ | CentOS Stream 10 | PASS | SKIPPED | SKIPPED | +-------------------------------+--------------------+------------------+-------------------+ | Debian GNU/Linux 12 | PASS | SKIPPED | SKIPPED | +-------------------------------+--------------------+------------------+-------------------+ | Fedora Linux 42 | FAIL | WARN | SKIPPED | +-------------------------------+--------------------+------------------+-------------------+ | openSUSE Leap 15.6 | PASS | SKIPPED | SKIPPED | +-------------------------------+--------------------+------------------+-------------------+ | Red Hat Enterprise Linux 8.10 | PASS | SKIPPED | SKIPPED | +-------------------------------+--------------------+------------------+-------------------+ | Red Hat Enterprise Linux 9.5 | PASS | SKIPPED | SKIPPED | +-------------------------------+--------------------+------------------+-------------------+ | Ubuntu 22.04 | PASS | SKIPPED | SKIPPED | +-------------------------------+--------------------+------------------+-------------------+ | Ubuntu 24.04 | PASS | PASS | SKIPPED | +-------------------------------+--------------------+------------------+-------------------+ | Alpine Linux 3.22.0 | PASS | SKIPPED | SKIPPED | +-------------------------------+--------------------+------------------+-------------------+ | Windows Server 2022 | SKIPPED | SKIPPED | PASS | +-------------------------------+--------------------+------------------+-------------------+ ==== 20 line log output for Fedora Linux 42 (dpdk_compile_ovs): ==== --- Failed to get log output --- ==== End log output ==== FreeBSD 14.2 Kernel: 14.2-RELEASE Compiler: clang 18.1.6 Ubuntu 20.04 Kernel: 4.19 Compiler: gcc gcc (Ubuntu 9.4.0-1ubuntu1~20.04.2) 9.4.0 CentOS Stream 9 Kernel: 5.15 Compiler: gcc gcc (GCC) 11.5.0 20240719 (Red Hat 11.5.0-11) CentOS Stream 10 Kernel: 5.15 Compiler: gcc gcc (GCC) 14.2.1 20250110 (Red Hat 14.2.1-8) Debian GNU/Linux 12 Kernel: 5.15 Compiler: gcc gcc (Debian 12.2.0-14+deb12u1) 12.2.0 Fedora Linux 42 Kernel: 5.15 Compiler: clang gcc (GCC) 15.2.1 20250808 (Red Hat 15.2.1-1) openSUSE Leap 15.6 Kernel: 5.15 Compiler: gcc gcc (SUSE Linux) 7.5.0 Red Hat Enterprise Linux 8.10 Kernel: 5.15 Compiler: gcc gcc (GCC) 8.5.0 20210514 (Red Hat 8.5.0-22) Red Hat Enterprise Linux 9.5 Kernel: 5.15 Compiler: gcc gcc (GCC) 11.5.0 20240719 (Red Hat 11.5.0-2) Ubuntu 22.04 Kernel: 5.15 Compiler: gcc gcc (Ubuntu 11.4.0-1ubuntu1~22.04) 11.4.0 Ubuntu 24.04 Kernel: 5.15 Compiler: gcc gcc (Ubuntu 13.3.0-6ubuntu2~24.04) 13.3.0 Alpine Linux 3.22.0 Kernel: 5.15 Compiler: gcc gcc (Alpine 14.2.0) 14.2.0 Windows Server 2022 Kernel: 10.0.20348.2031 Compiler: clang 15.0.7, gcc 14.1.0 (MinGW), and MSVC VS 19.39.33521 To view detailed results, visit: https://lab.dpdk.org/results/dashboard/tarballs/35564/ UNH-IOL DPDK Community Lab To manage your email subscriptions, visit: https://lab.dpdk.org/results/dashboard/preferences/subscriptions/