From mboxrd@z Thu Jan 1 00:00:00 1970 Return-Path: Received: from mails.dpdk.org (mails.dpdk.org [217.70.189.124]) by inbox.dpdk.org (Postfix) with ESMTP id 35DF948AFE for ; Fri, 14 Nov 2025 01:58:47 +0100 (CET) Received: from mails.dpdk.org (localhost [127.0.0.1]) by mails.dpdk.org (Postfix) with ESMTP id 15CB740151; Fri, 14 Nov 2025 01:58:47 +0100 (CET) Received: from mail-qv1-f97.google.com (mail-qv1-f97.google.com [209.85.219.97]) by mails.dpdk.org (Postfix) with ESMTP id 6B91040151 for ; Fri, 14 Nov 2025 01:58:45 +0100 (CET) Received: by mail-qv1-f97.google.com with SMTP id 6a1803df08f44-8824a756771so13946476d6.0 for ; Thu, 13 Nov 2025 16:58:45 -0800 (PST) DKIM-Signature: v=1; a=rsa-sha256; c=relaxed/relaxed; d=iol.unh.edu; s=unh-iol; t=1763081924; x=1763686724; darn=dpdk.org; h=references:in-reply-to:cc:to:from:subject:message-id:date:from:to :cc:subject:date:message-id:reply-to; bh=FQFmhtPHTfFHud13XboBt4nJhkqYnGDM44iJUQ2yRM0=; b=bXcubfon96IL9UDfp4j3Crd/9nPj8hpvDFQsr3uNXdmSG5v7d7FCt43P/jEw80Wy0x 3cQ6ytYru4FdOL2+/y2S6qwN3km9DBBInlG5bMSoFZIh//UQQmHajHMVNL9AlkPMEYrx +1pGp0Sc+53wWcW0z965t93Nyo5gfPM8mio18= X-Google-DKIM-Signature: v=1; a=rsa-sha256; c=relaxed/relaxed; d=1e100.net; s=20230601; t=1763081924; x=1763686724; h=references:in-reply-to:cc:to:from:subject:message-id:date:x-gm-gg :x-gm-message-state:from:to:cc:subject:date:message-id:reply-to; bh=FQFmhtPHTfFHud13XboBt4nJhkqYnGDM44iJUQ2yRM0=; b=LKey5K2OurkPnoh17CnhwMCF3RHKx0oG0oJYOlmJGJ8oWZEbZ4DkUCrtK2hp0wwTwf LR9AiFdLlRqCKl1aAaHY3Nu37ZtHIW+jo2VMbamrwf2MJbyhoJTX70TiPVfIhR0qmxaD i1ddMcIgNUmoxboM4bLwaUcCfjm1fPpUM4Ejz4nqf4gXTt3e47sHxC+Yb0ibglgcohwI 7fjvjLfqlZdzLZ5yMs8+UOX/VTa8SJBKnxPR39q/f11npKdLoC47hiH8e/sutzRuCPjH 3O+CjgG37zSlQ/0qoL4UYfv/O/zQnUskvkgLt000LoShLBDXAwBqRMf480q+6o86rh3i muGg== X-Gm-Message-State: AOJu0Yxk1Ioid1azqx5/EEAfnEmLnffREAc0Qs7/fjXB8ODsqU31KdNz F7AX9gmIWUxxSfhPtlXVxR0S1n1+HvZeYFv2vTblYlgH4HHO2/pyCAaWM11jGPGbqscw0uE8mIg PWDDaTRdTKXkQY19hHQQf5vhUVPl6eYd2LyEH0RgHgm2N X-Gm-Gg: ASbGncshBwnG1h6cegqOnzzGDBVOFjjybl4WPKW3vp8vEM8MM/QnEClEgVK6mldIcv9 PjFGnsTdhd2gbxAv1fEYiXUv/U7D6iGmkTdjuxuQwcqousTZ3hJme0FJOzmJdyXmUTOICDPT2Rg i6nvfQ9TyeUQTbTK3xJkZxhy9GN5R6GOR5JtI5ffYJjt52SIzi6s1Av3F5FpxwWAJEXy4zKn107 S840ZzMacozzwpSCY6OzmIbLVeAUbiIz4GJHgcqp+NXkSEJPcBwOi/iD9tgFkDspRy0fN5jnkY3 3xX46pJ1gWqiXlumm5+++wexFBXwWMpaFERrG3YAqAM2YYn/EFTJ6JcjLiYYdoseKvU9otJzTp1 D7tDmvEukvSndu75KoyFzTECEZURXbnM= X-Google-Smtp-Source: AGHT+IFOkXv/BcQZPas/IzsTIzJCOmU+Itm2IMZy6CCXMA1EhyVsIBGGqHyvTznZXhjnAkS41JgHlpJYcEdE X-Received: by 2002:a05:6214:230e:b0:882:4580:a86f with SMTP id 6a1803df08f44-8828179e95emr78947836d6.6.1763081924639; Thu, 13 Nov 2025 16:58:44 -0800 (PST) Received: from postal.iol.unh.edu (postal.iol.unh.edu. [132.177.123.84]) by smtp-relay.gmail.com with ESMTPS id 6a1803df08f44-88286572221sm3918166d6.28.2025.11.13.16.58.44 (version=TLS1_2 cipher=ECDHE-ECDSA-AES128-GCM-SHA256 bits=128/128); Thu, 13 Nov 2025 16:58:44 -0800 (PST) X-Relaying-Domain: iol.unh.edu Date: Thu, 13 Nov 2025 16:58:44 -0800 (PST) Message-ID: <69167ec4.050a0220.1c73a7.2750SMTPIN_ADDED_MISSING@mx.google.com> Received: from [172.21.0.2] (unknown [172.18.0.240]) by postal.iol.unh.edu (Postfix) with ESMTP id 654BC6051830; Thu, 13 Nov 2025 19:58:44 -0500 (EST) Subject: |FAILURE| pw158677-158683 [PATCH] [v2,7/7] test: re-enable format-tr From: dpdklab@iol.unh.edu To: Test Report Cc: dpdk-test-reports@iol.unh.edu, Stephen Hemminger In-Reply-To: <20251111221857.443752-8-stephen@networkplumber.org> References: <20251111221857.443752-8-stephen@networkplumber.org> Content-Type: text/plain X-BeenThere: test-report@dpdk.org X-Mailman-Version: 2.1.29 Precedence: list List-Id: automatic DPDK test reports List-Unsubscribe: , List-Archive: List-Post: List-Help: List-Subscribe: , Errors-To: test-report-bounces@dpdk.org Test-Label: iol-compile-amd64-testing Test-Status: FAILURE http://dpdk.org/patch/158683 _Testing issues_ Submitter: Stephen Hemminger Date: Tuesday, November 11 2025 22:17:24 DPDK git baseline: Repo:dpdk Branch: master CommitID:be0112878b4fc3a1b918370ed2fe615c52039d77 158677-158683 --> testing issues Upstream job id: Windows-Compile-DPDK-Native#32305 Test environment and result as below: +-------------------------------+--------------------+------------------+-------------------+-------------------------+----------------------+ | Environment | dpdk_meson_compile | dpdk_compile_ovs | dpdk_msvc_compile | dpdk_llvm_clang_compile | dpdk_mingw64_compile | +===============================+====================+==================+===================+=========================+======================+ | Ubuntu 20.04 | FAIL | SKIPPED | SKIPPED | SKIPPED | SKIPPED | +-------------------------------+--------------------+------------------+-------------------+-------------------------+----------------------+ | FreeBSD 14.2 | FAIL | SKIPPED | SKIPPED | SKIPPED | SKIPPED | +-------------------------------+--------------------+------------------+-------------------+-------------------------+----------------------+ | CentOS Stream 9 | PASS | SKIPPED | SKIPPED | SKIPPED | SKIPPED | +-------------------------------+--------------------+------------------+-------------------+-------------------------+----------------------+ | CentOS Stream 10 | PASS | SKIPPED | SKIPPED | SKIPPED | SKIPPED | +-------------------------------+--------------------+------------------+-------------------+-------------------------+----------------------+ | Fedora Linux 42 | PASS | PASS | SKIPPED | SKIPPED | SKIPPED | +-------------------------------+--------------------+------------------+-------------------+-------------------------+----------------------+ | Debian GNU/Linux 12 | PASS | SKIPPED | SKIPPED | SKIPPED | SKIPPED | +-------------------------------+--------------------+------------------+-------------------+-------------------------+----------------------+ | openSUSE Leap 15.6 | PASS | SKIPPED | SKIPPED | SKIPPED | SKIPPED | +-------------------------------+--------------------+------------------+-------------------+-------------------------+----------------------+ | Red Hat Enterprise Linux 8.10 | FAIL | SKIPPED | SKIPPED | SKIPPED | SKIPPED | +-------------------------------+--------------------+------------------+-------------------+-------------------------+----------------------+ | Red Hat Enterprise Linux 9.5 | PASS | SKIPPED | SKIPPED | SKIPPED | SKIPPED | +-------------------------------+--------------------+------------------+-------------------+-------------------------+----------------------+ | Ubuntu 22.04 | PASS | SKIPPED | SKIPPED | SKIPPED | SKIPPED | +-------------------------------+--------------------+------------------+-------------------+-------------------------+----------------------+ | Ubuntu 24.04 | FAIL | PASS | SKIPPED | SKIPPED | SKIPPED | +-------------------------------+--------------------+------------------+-------------------+-------------------------+----------------------+ | Alpine Linux 3.22.0 | PASS | SKIPPED | SKIPPED | SKIPPED | SKIPPED | +-------------------------------+--------------------+------------------+-------------------+-------------------------+----------------------+ | Windows Server 2022 | SKIPPED | SKIPPED | PASS | PASS | PASS | +-------------------------------+--------------------+------------------+-------------------+-------------------------+----------------------+ ==== 20 line log output for Ubuntu 24.04 (dpdk_meson_compile): ==== | ~~~~~~~~~~~~~~~~~~~~~~~~~~~~~ 56 | __va_arg_pack ()); | ~~~~~~~~~~~~~~~~~ In function 'rte_strlcpy', inlined from 'setup_acl_pipeline.isra' at ../app/test/test_table_acl.c:597:4: ../lib/eal/include/rte_string_fns.h:63:24: error: '%s' directive output may be truncated writing up to 639 bytes into a region of size 128 [-Werror=format-truncation=] 63 | return (size_t)snprintf(dst, size, "%s", src); | ^~~~~~~~~~~~~~~~~~~~~~~~~~~~~~ In function 'snprintf', inlined from 'rte_strlcpy' at ../lib/eal/include/rte_string_fns.h:63:17, inlined from 'setup_acl_pipeline.isra' at ../app/test/test_table_acl.c:597:4: /usr/i686-linux-gnu/include/bits/stdio2.h:54:10: note: '__builtin_snprintf' output between 1 and 640 bytes into a destination of size 128 54 | return __builtin___snprintf_chk (__s, __n, __USE_FORTIFY_LEVEL - 1, | ^~~~~~~~~~~~~~~~~~~~~~~~~~~~~~~~~~~~~~~~~~~~~~~~~~~~~~~~~~~~ 55 | __glibc_objsize (__s), __fmt, | ~~~~~~~~~~~~~~~~~~~~~~~~~~~~~ 56 | __va_arg_pack ()); | ~~~~~~~~~~~~~~~~~ cc1: all warnings being treated as errors ninja: build stopped: subcommand failed. ==== End log output ==== Ubuntu 20.04 Kernel: 4.19 Compiler: gcc gcc (Ubuntu 9.4.0-1ubuntu1~20.04.2) 9.4.0 FreeBSD 14.2 Kernel: 14.2-RELEASE Compiler: clang 18.1.6 CentOS Stream 9 Kernel: 5.15 Compiler: gcc gcc (GCC) 11.5.0 20240719 (Red Hat 11.5.0-11) CentOS Stream 10 Kernel: 5.15 Compiler: gcc gcc (GCC) 14.2.1 20250110 (Red Hat 14.2.1-8) Fedora Linux 42 Kernel: 5.15 Compiler: clang gcc (GCC) 15.2.1 20250808 (Red Hat 15.2.1-1) Debian GNU/Linux 12 Kernel: 5.15 Compiler: gcc gcc (Debian 12.2.0-14+deb12u1) 12.2.0 openSUSE Leap 15.6 Kernel: 5.15 Compiler: gcc gcc (SUSE Linux) 7.5.0 Red Hat Enterprise Linux 8.10 Kernel: 5.15 Compiler: gcc gcc (GCC) 8.5.0 20210514 (Red Hat 8.5.0-22) Red Hat Enterprise Linux 9.5 Kernel: 5.15 Compiler: gcc gcc (GCC) 11.5.0 20240719 (Red Hat 11.5.0-2) Ubuntu 22.04 Kernel: 5.15 Compiler: gcc gcc (Ubuntu 11.4.0-1ubuntu1~22.04) 11.4.0 Ubuntu 24.04 Kernel: 5.15 Compiler: gcc gcc (Ubuntu 13.3.0-6ubuntu2~24.04) 13.3.0 Alpine Linux 3.22.0 Kernel: 5.15 Compiler: gcc gcc (Alpine 14.2.0) 14.2.0 Windows Server 2022 Kernel: 10.0.20348.2031 Compiler: clang 15.0.7, gcc 14.1.0 (MinGW), and MSVC VS 19.39.33521 To view detailed results, visit: https://lab.dpdk.org/results/dashboard/patchsets/34541/ UNH-IOL DPDK Community Lab To manage your email subscriptions, visit: https://lab.dpdk.org/results/dashboard/preferences/subscriptions/