From mboxrd@z Thu Jan 1 00:00:00 1970 Return-Path: Received: from mails.dpdk.org (mails.dpdk.org [217.70.189.124]) by inbox.dpdk.org (Postfix) with ESMTP id 5A15548AFF for ; Fri, 14 Nov 2025 03:01:08 +0100 (CET) Received: from mails.dpdk.org (localhost [127.0.0.1]) by mails.dpdk.org (Postfix) with ESMTP id 32E3140151; Fri, 14 Nov 2025 03:01:08 +0100 (CET) Received: from mail-ot1-f99.google.com (mail-ot1-f99.google.com [209.85.210.99]) by mails.dpdk.org (Postfix) with ESMTP id 29F4F40151 for ; Fri, 14 Nov 2025 03:01:07 +0100 (CET) Received: by mail-ot1-f99.google.com with SMTP id 46e09a7af769-7c28ff7a42eso575038a34.3 for ; Thu, 13 Nov 2025 18:01:07 -0800 (PST) DKIM-Signature: v=1; a=rsa-sha256; c=relaxed/relaxed; d=iol.unh.edu; s=unh-iol; t=1763085666; x=1763690466; darn=dpdk.org; h=cc:to:from:subject:message-id:date:from:to:cc:subject:date :message-id:reply-to; bh=KFzY16s9A+CqTl2nyeWEK/qaDfBQ1/dKufPeAQbwD7I=; b=bf0MP5AzJ+Jbda/Dz5suH3mb084TmfYSSiDaEz7BYXSUQf3A0NcyYGYr5bmbhIWf5P Q0q441iQ0uav4i+jGzh/v9zzeqYibGzIeSU+m6Jqe9Giqr4Cgkh7l+JPSh+SQztriEOY +0GSx8AAsZLmWdyaosi11WZOdi3Ivnap1ZyA8= X-Google-DKIM-Signature: v=1; a=rsa-sha256; c=relaxed/relaxed; d=1e100.net; s=20230601; t=1763085666; x=1763690466; h=cc:to:from:subject:message-id:date:x-gm-gg:x-gm-message-state:from :to:cc:subject:date:message-id:reply-to; bh=KFzY16s9A+CqTl2nyeWEK/qaDfBQ1/dKufPeAQbwD7I=; b=OCnDATci5s2Md5rydIMJ1H1SVMsMI1j0O1VgHdvQMOzv1/orEAszhrZ7IaqPAmfVmU QdEld+oLNi0ZdfkdXZnvDiQMfpqRPTlXZ0/yyfEuIdONwVTNm0pq/Ly1iN7klwGjLcVD 283ZImPm2s7FJ99n361W5/sjPWeEO8xvarhw6s36K+8NyC9bN/AQKfpglV4TPvPhT7c3 Qldz+MaEcmT0Af4C3kcQKyWOyU/KEdw+mBYixJe+Mfdyw4Q2SwhMuB01fVBJ+EJgAosU iCGRII4NwX+rCmv5MluEdAoJdq5qeMClUmNySm1QmNUZ/mLmW6gSylUmAvZ0ENyOueUx 6EDw== X-Gm-Message-State: AOJu0Yzo9Qj/bBx1BLc9TkgroZWguOyXCh5KL7ey6F4oH5zibxafz4pu 2J/7PnyMiOpVhcmRVYHBz8qB8oTAEeLLUO364QX4uX1a1PN5jFKtACGmZ9hDcDdzs1Bjvu2O9qD 0g4MeO0gQtxK4FHRBHZ+9G21ZtCVEog4efk5/ X-Gm-Gg: ASbGncv5YCGVxeiKdevtFtzyyPNKIVnBOm9vavodUwERGt7YgTgEL8LCbPPnPHj1TBy jGwz1cI+BwJ542awtoHC0VH5ALPFPEuykb60UpVOJP5McVPOPoXB8DrstmTCYPHmGeLHVoCawKV Bxe3sHCklMV39naUSmYk0IELtkbcvkre7bps/cG1tj/bVpd0oBsGrCud+1fKttT9nmEFJwDIucm xUVWGm9JPrJFaidMO2DfPfkYSYfAT51K2C4rCdLlifP70xqLtTHvsY39KTihsuo4n83Ki0s91Kr B+kxkN6TE+YQzhIid3dUkbSz+JB/aqozN5GIadnPTiPEYF7E/E4y/Vpdgl9JXKKeCHSDK8aUyVh Vj+2upby1jDp+DU+EXbzefhRRwOruk/0= X-Google-Smtp-Source: AGHT+IEawrLkxk8z3cE9oCm/c1Pebze1TaZqmuhCnfEgU2k72iEMn0geg/dfYITdMzOjGXyuXhqAXQZFa6l9 X-Received: by 2002:a05:6808:6413:b0:44d:b72e:ec1a with SMTP id 5614622812f47-45097581427mr715340b6e.45.1763085666371; Thu, 13 Nov 2025 18:01:06 -0800 (PST) Received: from postal.iol.unh.edu (postal.iol.unh.edu. [132.177.123.84]) by smtp-relay.gmail.com with ESMTPS id 006d021491bc7-65724db5d6csm58452eaf.7.2025.11.13.18.01.06 (version=TLS1_2 cipher=ECDHE-ECDSA-AES128-GCM-SHA256 bits=128/128); Thu, 13 Nov 2025 18:01:06 -0800 (PST) X-Relaying-Domain: iol.unh.edu Date: Thu, 13 Nov 2025 18:01:06 -0800 (PST) Message-ID: <69168d62.050a0220.22ace3.28c0SMTPIN_ADDED_MISSING@mx.google.com> Received: from [172.21.0.4] (unknown [172.18.0.240]) by postal.iol.unh.edu (Postfix) with ESMTP id DF12D6051830; Thu, 13 Nov 2025 21:01:05 -0500 (EST) Subject: |FAILURE| [GIT MASTER] 62f583c49bf67dd4d6733ece14e55fe6839e66d1 From: dpdklab@iol.unh.edu To: Test Report Cc: dpdk-test-reports@iol.unh.edu, Xueming Li , Christian Ehrhardt , Kevin Traynor , Luca Boccassi Content-Type: text/plain X-BeenThere: test-report@dpdk.org X-Mailman-Version: 2.1.29 Precedence: list List-Id: automatic DPDK test reports List-Unsubscribe: , List-Archive: List-Post: List-Help: List-Subscribe: , Errors-To: test-report-bounces@dpdk.org _Testing issues_ Branch: tags/v23.11 62f583c49bf67dd4d6733ece14e55fe6839e66d1 --> testing issues Upstream job id: Generic-VM-Unit-Test-DPDK#32509 Test environment and result as below: +-------------------------------+----------------+ | Environment | dpdk_unit_test | +===============================+================+ | CentOS Stream 9 | PASS | +-------------------------------+----------------+ | Debian GNU/Linux 12 | PASS | +-------------------------------+----------------+ | CentOS Stream 10 | PASS | +-------------------------------+----------------+ | Fedora Linux 40 | PASS | +-------------------------------+----------------+ | Fedora Linux 41 | PASS | +-------------------------------+----------------+ | Fedora Linux 42 | PASS | +-------------------------------+----------------+ | Ubuntu 22.04 | PASS | +-------------------------------+----------------+ | Red Hat Enterprise Linux 8.10 | PASS | +-------------------------------+----------------+ | Ubuntu 20.04 | PASS | +-------------------------------+----------------+ | Ubuntu 24.04 | PASS | +-------------------------------+----------------+ | Red Hat Enterprise Linux 9.5 | PASS | +-------------------------------+----------------+ | Windows Server 2022 | FAIL | +-------------------------------+----------------+ ==== Unit test summary for Windows Server 2022 (dpdk_unit_test): ==== Failed to get the unit test results. Displaying the unit test results is not supported for some environments, such as our aarch32 testing, where meson is not used to run the tests. Download the logs available on our CI site. ==== End log output ==== CentOS Stream 9 Kernel: 5.15 Compiler: gcc gcc (GCC) 11.5.0 20240719 (Red Hat 11.5.0-11) Debian GNU/Linux 12 Kernel: 5.15 Compiler: gcc gcc (Debian 12.2.0-14+deb12u1) 12.2.0 CentOS Stream 10 Kernel: 5.15 Compiler: gcc gcc (GCC) 14.2.1 20250110 (Red Hat 14.2.1-8) Fedora Linux 40 Kernel: 5.15 Compiler: gcc gcc (GCC) 14.2.1 20240912 (Red Hat 14.2.1-3) Fedora Linux 41 Kernel: 5.15 Compiler: gcc gcc (GCC) 14.3.1 20250523 (Red Hat 14.3.1-1) Fedora Linux 42 Kernel: 5.15 Compiler: gcc gcc (GCC) 15.2.1 20250808 (Red Hat 15.2.1-1) Ubuntu 22.04 Kernel: 5.15 Compiler: gcc gcc (Ubuntu 11.4.0-1ubuntu1~22.04) 11.4.0 Red Hat Enterprise Linux 8.10 Kernel: 5.15 Compiler: gcc gcc (GCC) 8.5.0 20210514 (Red Hat 8.5.0-22) Ubuntu 20.04 Kernel: 5.15 Compiler: gcc gcc (Ubuntu 9.4.0-1ubuntu1~20.04.2) 9.4.0 Ubuntu 24.04 Kernel: 5.15 Compiler: gcc gcc (Ubuntu 13.3.0-6ubuntu2~24.04) 13.3.0 Red Hat Enterprise Linux 9.5 Kernel: 5.15 Compiler: gcc gcc (GCC) 11.5.0 20240719 (Red Hat 11.5.0-2) Windows Server 2022 Kernel: 10.0.20348.2031 Compiler: clang 15.0.7, gcc 14.1.0 (MinGW), and MSVC VS 19.39.33521 To view detailed results, visit: https://lab.dpdk.org/results/dashboard/tarballs/35564/ UNH-IOL DPDK Community Lab To manage your email subscriptions, visit: https://lab.dpdk.org/results/dashboard/preferences/subscriptions/