From mboxrd@z Thu Jan 1 00:00:00 1970 Return-Path: Received: from mails.dpdk.org (mails.dpdk.org [217.70.189.124]) by inbox.dpdk.org (Postfix) with ESMTP id E8F3148AFF for ; Fri, 14 Nov 2025 03:08:08 +0100 (CET) Received: from mails.dpdk.org (localhost [127.0.0.1]) by mails.dpdk.org (Postfix) with ESMTP id E3C2D40151; Fri, 14 Nov 2025 03:08:08 +0100 (CET) Received: from mail-il1-f227.google.com (mail-il1-f227.google.com [209.85.166.227]) by mails.dpdk.org (Postfix) with ESMTP id D882A40151 for ; Fri, 14 Nov 2025 03:08:07 +0100 (CET) Received: by mail-il1-f227.google.com with SMTP id e9e14a558f8ab-43380a6fe8cso13760825ab.0 for ; Thu, 13 Nov 2025 18:08:07 -0800 (PST) DKIM-Signature: v=1; a=rsa-sha256; c=relaxed/relaxed; d=iol.unh.edu; s=unh-iol; t=1763086087; x=1763690887; darn=dpdk.org; h=cc:to:from:subject:message-id:date:from:to:cc:subject:date :message-id:reply-to; bh=dDIOdkO1CqyAWg1Kykwi9mNlI8s4v7QdjdxAKEyvouQ=; b=NfxqajBa+SbwiZq2Yvl0yOUWv2k/YAcYxxN2rZvMHBKYGOx54GfOjqlQkkUXGS4s3C iHCx7WmEC1tbMBdI1Rayc45PuGy4Hc/oVK1PjiURP4EGnhTwyPisZiRLxYUyHoBjkOMN DqDOWfXnQhr2r9R3oEv/9wNUdoTHLXZjuiGyQ= X-Google-DKIM-Signature: v=1; a=rsa-sha256; c=relaxed/relaxed; d=1e100.net; s=20230601; t=1763086087; x=1763690887; h=cc:to:from:subject:message-id:date:x-gm-gg:x-gm-message-state:from :to:cc:subject:date:message-id:reply-to; bh=dDIOdkO1CqyAWg1Kykwi9mNlI8s4v7QdjdxAKEyvouQ=; b=twu/QpY1IjIURXjxZpUq6s8X+OdElwKPhTGNYKh94pqBG/srDooSfDUSyOl6r4UNMy ktodnkhfJ+e5zUHUdsjR5qa/mpShFLh+1RKLVnxPEot/+2qzLAKOvfKZQBms5PbCsZg6 vC16+uEjas0Bu2QBF2zKQ0w2pX/BrltTKRwu48CFSMaNZfHt0y+1RpqudRHuXUf3ZKg0 3MyvPeMUfLX4Vt+LJOhLdRXNz6HJK6Eh9G5tIJWJ9H/nXdwRcXskQT6C09FuqZRlFOCl ycSu+N1iB5subSJAB5ErWr0b4htL+EBOGAqvvr0CY8gx2f1yDN9hA07lkPoRx2e0rp1/ D//g== X-Gm-Message-State: AOJu0Ywt0ClZyQ8Fhh+cbrR9HbN9m/emxsn2cvaWy27njC9F0TYfpy70 L0h7Sh8VWQ0dVfnbFALdCr/cfhH6KaZ5MPMfzKfRUbRttd2oqXIbXzfFa54KD54X6a2O2XmOdLk okQk+MRpGy06Bp4C2N4v1CQujFEm3Ml4U5yJQa8bdVAAmL5HomTV4 X-Gm-Gg: ASbGncvPLeFrpT7sb2It7F2oLMBVd/9G6trvr6wKViRBTR1J76XebcxYQ+dfq3nF32G VnfFfrNFuoKOrNnRyyx696e0KscU77BaLQETLvHpbxp5DE1WrOpzdp4asM22hjS6eVasb0Vwx/j POkGhacc0LpX0OCDpevKsNmsrRd7AM34eyFJ1H/4DfxjU+CCIURL5TpRHhWql4dEEmrUsTMOlsR OjYlmBtEev2kzljp/VdJwxU03vbWLMkX/rELR0yXoIOaRyNt92ljB3R97OWMDiubyU6RVR776di PrtaalYMWc6Ne3w1gAYdR978lEIc47eXESm4LH3bSSpXusk58MYdLFvAVjXcu6lFbUp1BRKw2Cq Frgfwr9Vh X-Google-Smtp-Source: AGHT+IH91WYVYQj9K54bInaIB2tRW7AVrdxk5pEEywEXHJpjUdvKYxsvrUv3WBaBkY7hlrog8QvXc7nAXgy+ X-Received: by 2002:a05:6e02:12cb:b0:433:7d37:38ea with SMTP id e9e14a558f8ab-4348c94e16fmr22140765ab.24.1763086087177; Thu, 13 Nov 2025 18:08:07 -0800 (PST) Received: from postal.iol.unh.edu (postal.iol.unh.edu. [2606:4100:3880:1234::84]) by smtp-relay.gmail.com with ESMTPS id e9e14a558f8ab-434833ebfd3sm3004275ab.10.2025.11.13.18.08.07 (version=TLS1_2 cipher=ECDHE-ECDSA-AES128-GCM-SHA256 bits=128/128); Thu, 13 Nov 2025 18:08:07 -0800 (PST) X-Relaying-Domain: iol.unh.edu Date: Thu, 13 Nov 2025 18:08:07 -0800 (PST) Message-ID: <69168f07.920a0220.a3df1.df03SMTPIN_ADDED_MISSING@mx.google.com> Received: from [172.21.0.2] (unknown [172.18.0.240]) by postal.iol.unh.edu (Postfix) with ESMTP id AD83C6051830; Thu, 13 Nov 2025 21:08:06 -0500 (EST) Subject: |FAILURE| [GIT MASTER] 62f583c49bf67dd4d6733ece14e55fe6839e66d1 From: dpdklab@iol.unh.edu To: Test Report Cc: dpdk-test-reports@iol.unh.edu, Xueming Li , Christian Ehrhardt , Kevin Traynor , Luca Boccassi Content-Type: text/plain X-BeenThere: test-report@dpdk.org X-Mailman-Version: 2.1.29 Precedence: list List-Id: automatic DPDK test reports List-Unsubscribe: , List-Archive: List-Post: List-Help: List-Subscribe: , Errors-To: test-report-bounces@dpdk.org _Testing issues_ Branch: tags/v23.11 62f583c49bf67dd4d6733ece14e55fe6839e66d1 --> testing issues Upstream job id: Generic-VM-Unit-Test-DPDK#32510 Test environment and result as below: +-------------------------------+----------------+ | Environment | dpdk_unit_test | +===============================+================+ | CentOS Stream 9 | PASS | +-------------------------------+----------------+ | Debian GNU/Linux 12 | PASS | +-------------------------------+----------------+ | CentOS Stream 10 | PASS | +-------------------------------+----------------+ | Fedora Linux 40 | PASS | +-------------------------------+----------------+ | Fedora Linux 41 | PASS | +-------------------------------+----------------+ | Fedora Linux 42 | PASS | +-------------------------------+----------------+ | Ubuntu 22.04 | PASS | +-------------------------------+----------------+ | Red Hat Enterprise Linux 8.10 | PASS | +-------------------------------+----------------+ | Ubuntu 20.04 | PASS | +-------------------------------+----------------+ | Ubuntu 24.04 | PASS | +-------------------------------+----------------+ | Red Hat Enterprise Linux 9.5 | PASS | +-------------------------------+----------------+ | Windows Server 2022 | FAIL | +-------------------------------+----------------+ ==== Unit test summary for Windows Server 2022 (dpdk_unit_test): ==== Failed to get the unit test results. Displaying the unit test results is not supported for some environments, such as our aarch32 testing, where meson is not used to run the tests. Download the logs available on our CI site. ==== End log output ==== CentOS Stream 9 Kernel: 5.15 Compiler: gcc gcc (GCC) 11.5.0 20240719 (Red Hat 11.5.0-11) Debian GNU/Linux 12 Kernel: 5.15 Compiler: gcc gcc (Debian 12.2.0-14+deb12u1) 12.2.0 CentOS Stream 10 Kernel: 5.15 Compiler: gcc gcc (GCC) 14.2.1 20250110 (Red Hat 14.2.1-8) Fedora Linux 40 Kernel: 5.15 Compiler: gcc gcc (GCC) 14.2.1 20240912 (Red Hat 14.2.1-3) Fedora Linux 41 Kernel: 5.15 Compiler: gcc gcc (GCC) 14.3.1 20250523 (Red Hat 14.3.1-1) Fedora Linux 42 Kernel: 5.15 Compiler: gcc gcc (GCC) 15.2.1 20250808 (Red Hat 15.2.1-1) Ubuntu 22.04 Kernel: 5.15 Compiler: gcc gcc (Ubuntu 11.4.0-1ubuntu1~22.04) 11.4.0 Red Hat Enterprise Linux 8.10 Kernel: 5.15 Compiler: gcc gcc (GCC) 8.5.0 20210514 (Red Hat 8.5.0-22) Ubuntu 20.04 Kernel: 5.15 Compiler: gcc gcc (Ubuntu 9.4.0-1ubuntu1~20.04.2) 9.4.0 Ubuntu 24.04 Kernel: 5.15 Compiler: gcc gcc (Ubuntu 13.3.0-6ubuntu2~24.04) 13.3.0 Red Hat Enterprise Linux 9.5 Kernel: 5.15 Compiler: gcc gcc (GCC) 11.5.0 20240719 (Red Hat 11.5.0-2) Windows Server 2022 Kernel: 10.0.20348.2031 Compiler: clang 15.0.7, gcc 14.1.0 (MinGW), and MSVC VS 19.39.33521 To view detailed results, visit: https://lab.dpdk.org/results/dashboard/tarballs/35564/ UNH-IOL DPDK Community Lab To manage your email subscriptions, visit: https://lab.dpdk.org/results/dashboard/preferences/subscriptions/