automatic DPDK test reports
 help / color / mirror / Atom feed
From: dpdklab@iol.unh.edu
To: Test Report <test-report@dpdk.org>
Cc: dpdk-test-reports@iol.unh.edu,
	Anatoly Burakov <anatoly.burakov@intel.com>
Subject: |FAILURE| pw158794-158812 [PATCH] [v2,19/19] vfio: introduce cdev mo
Date: Fri, 14 Nov 2025 10:15:50 -0800 (PST)	[thread overview]
Message-ID: <691771d6.050a0220.249538.eac6SMTPIN_ADDED_MISSING@mx.google.com> (raw)
In-Reply-To: <45db9c5e1589c56ed0e31a0e15390da5366ca5c2.1763142008.git.anatoly.burakov@intel.com>

Test-Label: iol-compile-amd64-testing
Test-Status: FAILURE
http://dpdk.org/patch/158812

_Testing issues_

Submitter: Anatoly Burakov <anatoly.burakov@intel.com>
Date: Friday, November 14 2025 17:40:29 
DPDK git baseline: Repo:dpdk
  Branch: master
  CommitID:be0112878b4fc3a1b918370ed2fe615c52039d77

158794-158812 --> testing issues

Upstream job id: Generic-VM-DPDK-Compile-Meson#39772

Test environment and result as below:

+--------------+--------------------+
| Environment  | dpdk_meson_compile |
+==============+====================+
| Ubuntu 20.04 | PASS               |
+--------------+--------------------+
| FreeBSD 14.2 | FAIL               |
+--------------+--------------------+

==== 20 line log output for FreeBSD 14.2 (dpdk_meson_compile): ====
FAILED: lib/eal.sym_chk
/usr/local/bin/meson --internal exe --capture lib/eal.sym_chk -- /root/workspace/Generic-VM-DPDK-Compile-Meson/dpdk/buildtools/check-symbols.sh /root/workspace/Generic-VM-DPDK-Compile-Meson/dpdk/build/lib/eal_exports.map lib/librte_eal.a
--- stderr ---
rte_vfio_get_device_info is not flagged as experimental but is exported as an experimental symbol
Please add __rte_experimental to the definition of rte_vfio_get_device_info
rte_vfio_get_device_num is not flagged as experimental but is exported as an experimental symbol
Please add __rte_experimental to the definition of rte_vfio_get_device_num
rte_vfio_get_device_info is flagged as internal but is not exported as an internal symbol
Please add RTE_EXPORT_INTERNAL_SYMBOL to the definition of rte_vfio_get_device_info
rte_vfio_get_mode is flagged as internal but is not exported as an internal symbol
Please add RTE_EXPORT_INTERNAL_SYMBOL to the definition of rte_vfio_get_mode
rte_vfio_get_device_num is flagged as internal but is not exported as an internal symbol
Please add RTE_EXPORT_INTERNAL_SYMBOL to the definition of rte_vfio_get_device_num

[179/2125] Compiling C object lib/librte_metrics.a.p/metrics_rte_metrics_telemetry.c.o
[180/2125] Compiling C object lib/librte_hash.a.p/hash_rte_hash_crc.c.o
[181/2125] Compiling C object lib/librte_hash.a.p/hash_rte_fbk_hash.c.o
[182/2125] Compiling C object lib/librte_hash.a.p/hash_rte_cuckoo_hash.c.o
[183/2125] Generating ethdev.sym_chk with a custom command (wrapped by meson to capture output)
ninja: build stopped: subcommand failed.
==== End log output ====

Ubuntu 20.04
	Kernel: 4.19
	Compiler: gcc gcc (Ubuntu 9.4.0-1ubuntu1~20.04.2) 9.4.0

FreeBSD 14.2
	Kernel: 14.2-RELEASE
	Compiler: clang 18.1.6

To view detailed results, visit:
https://lab.dpdk.org/results/dashboard/patchsets/34593/

UNH-IOL DPDK Community Lab

To manage your email subscriptions, visit: 
https://lab.dpdk.org/results/dashboard/preferences/subscriptions/

  parent reply	other threads:[~2025-11-14 18:15 UTC|newest]

Thread overview: 17+ messages / expand[flat|nested]  mbox.gz  Atom feed  top
     [not found] <45db9c5e1589c56ed0e31a0e15390da5366ca5c2.1763142008.git.anatoly.burakov@intel.com>
2025-11-14 17:10 ` |SUCCESS| pw158794-158812 [PATCH v2 19/19] vfio: introduce cdev mode qemudev
2025-11-14 17:15 ` qemudev
2025-11-14 17:44 ` |SUCCESS| pw158812 " checkpatch
2025-11-14 18:12 ` |FAILURE| pw158794-158812 [PATCH] [v2,19/19] vfio: introduce cdev mo dpdklab
2025-11-14 18:15 ` dpdklab [this message]
2025-11-14 18:16 ` |SUCCESS| " dpdklab
2025-11-14 18:22 ` |FAILURE| " dpdklab
2025-11-14 18:24 ` |PENDING| " dpdklab
2025-11-14 18:27 ` |SUCCESS| " dpdklab
2025-11-14 18:36 ` dpdklab
2025-11-14 18:40 ` |PENDING| " dpdklab
2025-11-14 18:48 ` |FAILURE| pw158812 [PATCH v2 19/19] vfio: introduce cdev mode 0-day Robot
2025-11-14 18:52 ` |SUCCESS| pw158794-158812 [PATCH] [v2,19/19] vfio: introduce cdev mo dpdklab
2025-11-14 19:04 ` dpdklab
2025-11-14 19:11 ` |FAILURE| " dpdklab
2025-11-14 19:14 ` dpdklab
2025-11-14 19:46 ` |SUCCESS| " dpdklab

Reply instructions:

You may reply publicly to this message via plain-text email
using any one of the following methods:

* Save the following mbox file, import it into your mail client,
  and reply-to-all from there: mbox

  Avoid top-posting and favor interleaved quoting:
  https://en.wikipedia.org/wiki/Posting_style#Interleaved_style

* Reply using the --to, --cc, and --in-reply-to
  switches of git-send-email(1):

  git send-email \
    --in-reply-to=691771d6.050a0220.249538.eac6SMTPIN_ADDED_MISSING@mx.google.com \
    --to=dpdklab@iol.unh.edu \
    --cc=anatoly.burakov@intel.com \
    --cc=dpdk-test-reports@iol.unh.edu \
    --cc=test-report@dpdk.org \
    /path/to/YOUR_REPLY

  https://kernel.org/pub/software/scm/git/docs/git-send-email.html

* If your mail client supports setting the In-Reply-To header
  via mailto: links, try the mailto: link
Be sure your reply has a Subject: header at the top and a blank line before the message body.
This is a public inbox, see mirroring instructions
for how to clone and mirror all data and code used for this inbox;
as well as URLs for NNTP newsgroup(s).