* |SUCCESS| pw158794-158812 [PATCH v2 19/19] vfio: introduce cdev mode
[not found] <45db9c5e1589c56ed0e31a0e15390da5366ca5c2.1763142008.git.anatoly.burakov@intel.com>
@ 2025-11-14 17:10 ` qemudev
2025-11-14 17:15 ` qemudev
` (14 subsequent siblings)
15 siblings, 0 replies; 16+ messages in thread
From: qemudev @ 2025-11-14 17:10 UTC (permalink / raw)
To: test-report
Test-Label: loongarch-compilation
Test-Status: SUCCESS
http://dpdk.org/patch/158812
_Compilation OK_
Submitter: Anatoly Burakov <anatoly.burakov@intel.com>
Date: Fri, 14 Nov 2025 17:40:11 +0000
DPDK git baseline: Repo:dpdk
Branch: main
CommitID: be0112878b4fc3a1b918370ed2fe615c52039d77
158794-158812 --> meson & ninja build successfully
Test environment and result as below:
+---------------------+----------------+
| Environment | compilation |
+---------------------+----------------+
| Loongnix-Server 8.3 | PASS |
+---------------------+----------------+
Loongnix-Server 8.3
Kernel: 4.19.190+
Compiler: gcc 8.3
^ permalink raw reply [flat|nested] 16+ messages in thread
* |SUCCESS| pw158794-158812 [PATCH v2 19/19] vfio: introduce cdev mode
[not found] <45db9c5e1589c56ed0e31a0e15390da5366ca5c2.1763142008.git.anatoly.burakov@intel.com>
2025-11-14 17:10 ` |SUCCESS| pw158794-158812 [PATCH v2 19/19] vfio: introduce cdev mode qemudev
@ 2025-11-14 17:15 ` qemudev
2025-11-14 17:44 ` |SUCCESS| pw158812 " checkpatch
` (13 subsequent siblings)
15 siblings, 0 replies; 16+ messages in thread
From: qemudev @ 2025-11-14 17:15 UTC (permalink / raw)
To: test-report
Test-Label: loongarch-unit-testing
Test-Status: SUCCESS
http://dpdk.org/patch/158812
_Unit Testing PASS_
Submitter: Anatoly Burakov <anatoly.burakov@intel.com>
Date: Fri, 14 Nov 2025 17:40:11 +0000
DPDK git baseline: Repo:dpdk
Branch: main
CommitID: be0112878b4fc3a1b918370ed2fe615c52039d77
158794-158812 --> testing pass
Test environment and result as below:
+---------------------+----------------+
| Environment | dpdk_unit_test |
+---------------------+----------------+
| Loongnix-Server 8.3 | PASS |
+---------------------+----------------+
Loongnix-Server 8.3
Kernel: 4.19.190+
Compiler: gcc 8.3
Test result details:
1/120 DPDK:fast-tests / acl_autotest OK 3.20s
2/120 DPDK:fast-tests / alarm_autotest OK 1.40s
3/120 DPDK:fast-tests / argparse_autotest OK 0.40s
4/120 DPDK:fast-tests / atomic_autotest OK 6.90s
5/120 DPDK:fast-tests / bitcount_autotest OK 0.40s
6/120 DPDK:fast-tests / bitmap_autotest OK 0.40s
7/120 DPDK:fast-tests / bitops_autotest OK 1.90s
8/120 DPDK:fast-tests / bitratestats_autotest OK 0.40s
9/120 DPDK:fast-tests / bitset_autotest OK 3.10s
10/120 DPDK:fast-tests / bpf_autotest OK 0.40s
11/120 DPDK:fast-tests / bpf_convert_autotest OK 0.40s
12/120 DPDK:fast-tests / byteorder_autotest OK 0.40s
13/120 DPDK:fast-tests / cfgfile_autotest OK 0.40s
14/120 DPDK:fast-tests / cksum_autotest OK 0.40s
15/120 DPDK:fast-tests / cmdline_autotest OK 0.40s
16/120 DPDK:fast-tests / common_autotest OK 1.28s
17/120 DPDK:fast-tests / compressdev_autotest SKIP 0.07s exit status 77
18/120 DPDK:fast-tests / cpuflags_autotest OK 0.39s
19/120 DPDK:fast-tests / crc_autotest OK 0.40s
20/120 DPDK:fast-tests / user_delay_us OK 0.40s
21/120 DPDK:fast-tests / debug_autotest OK 17.47s
22/120 DPDK:fast-tests / devargs_autotest OK 0.40s
23/120 DPDK:fast-tests / dispatcher_autotest OK 2.52s
24/120 DPDK:fast-tests / distributor_autotest OK 1.20s
25/120 DPDK:fast-tests / eal_flags_c_opt_autotest OK 1.06s
26/120 DPDK:fast-tests / eal_flags_main_opt_autotest OK 0.27s
27/120 DPDK:fast-tests / eal_flags_n_opt_autotest OK 0.24s
28/120 DPDK:fast-tests / eal_flags_hpet_autotest OK 0.15s
29/120 DPDK:fast-tests / eal_flags_no_huge_autotest OK 0.24s
30/120 DPDK:fast-tests / eal_flags_a_opt_autotest OK 0.39s
31/120 DPDK:fast-tests / eal_flags_b_opt_autotest OK 0.31s
32/120 DPDK:fast-tests / eal_flags_vdev_opt_autotest OK 0.23s
33/120 DPDK:fast-tests / eal_flags_r_opt_autotest OK 0.23s
34/120 DPDK:fast-tests / eal_flags_mem_autotest OK 0.68s
35/120 DPDK:fast-tests / eal_flags_file_prefix_autotest OK 22.30s
36/120 DPDK:fast-tests / eal_flags_misc_autotest OK 1.27s
37/120 DPDK:fast-tests / eal_fs_autotest OK 0.39s
38/120 DPDK:fast-tests / errno_autotest OK 0.40s
39/120 DPDK:fast-tests / ethdev_link_status OK 0.40s
40/120 DPDK:fast-tests / event_eth_tx_adapter_autotest OK 1.70s
41/120 DPDK:fast-tests / event_ring_autotest OK 0.40s
42/120 DPDK:fast-tests / eventdev_common_autotest OK 0.40s
43/120 DPDK:fast-tests / eventdev_selftest_sw OK 7.38s
44/120 DPDK:fast-tests / fbarray_autotest OK 0.40s
45/120 DPDK:fast-tests / fib_autotest OK 1.25s
46/120 DPDK:fast-tests / fib6_autotest OK 1.25s
47/120 DPDK:fast-tests / func_reentrancy_autotest OK 2.30s
48/120 DPDK:fast-tests / graph_autotest OK 0.40s
49/120 DPDK:fast-tests / node_list_dump OK 0.40s
50/120 DPDK:fast-tests / graph_feature_arc_autotest OK 0.41s
51/120 DPDK:fast-tests / hash_autotest OK 1.02s
52/120 DPDK:fast-tests / hash_readwrite_func_autotest OK 0.11s
53/120 DPDK:fast-tests / interrupt_autotest OK 1.60s
54/120 DPDK:fast-tests / ipfrag_autotest OK 0.08s
55/120 DPDK:fast-tests / ipsec_autotest SKIP 0.40s exit status 77
56/120 DPDK:fast-tests / kvargs_autotest OK 0.40s
57/120 DPDK:fast-tests / latencystats_autotest OK 0.41s
58/120 DPDK:fast-tests / lcore_var_autotest OK 0.54s
59/120 DPDK:fast-tests / lcores_autotest OK 5.21s
60/120 DPDK:fast-tests / logs_autotest OK 0.40s
61/120 DPDK:fast-tests / lpm_autotest OK 2.46s
62/120 DPDK:fast-tests / lpm6_autotest OK 5.57s
63/120 DPDK:fast-tests / malloc_autotest OK 59.65s
64/120 DPDK:fast-tests / mbuf_autotest OK 5.47s
65/120 DPDK:fast-tests / mcslock_autotest OK 4.49s
66/120 DPDK:fast-tests / member_autotest OK 1.57s
67/120 DPDK:fast-tests / memcpy_autotest OK 6.84s
68/120 DPDK:fast-tests / memory_autotest OK 0.10s
69/120 DPDK:fast-tests / mempool_autotest OK 0.44s
70/120 DPDK:fast-tests / memzone_autotest OK 0.14s
71/120 DPDK:fast-tests / meter_autotest OK 0.40s
72/120 DPDK:fast-tests / metrics_autotest OK 0.40s
73/120 DPDK:fast-tests / multiprocess_autotest OK 0.22s
74/120 DPDK:fast-tests / net_ether_autotest OK 1.06s
75/120 DPDK:fast-tests / net_ipv6_autotest OK 0.40s
76/120 DPDK:fast-tests / pcapng_autotest OK 6.99s
77/120 DPDK:fast-tests / pdcp_autotest SKIP 0.07s exit status 77
78/120 DPDK:fast-tests / pdump_autotest OK 0.53s
79/120 DPDK:fast-tests / per_lcore_autotest OK 0.50s
80/120 DPDK:fast-tests / pflock_autotest OK 1.21s
81/120 DPDK:fast-tests / pie_autotest OK 0.40s
82/120 DPDK:fast-tests / ring_pmd_autotest OK 0.40s
83/120 DPDK:fast-tests / power_autotest OK 0.40s
84/120 DPDK:fast-tests / power_cpufreq_autotest SKIP 0.07s exit status 77
85/120 DPDK:fast-tests / power_intel_uncore_autotest SKIP 0.39s exit status 77
86/120 DPDK:fast-tests / power_kvm_vm_autotest SKIP 0.07s exit status 77
87/120 DPDK:fast-tests / prefetch_autotest OK 0.39s
88/120 DPDK:fast-tests / ptr_compress_autotest OK 0.40s
89/120 DPDK:fast-tests / rawdev_autotest OK 0.40s
90/120 DPDK:fast-tests / rcu_qsbr_autotest OK 0.92s
91/120 DPDK:fast-tests / reorder_autotest OK 0.46s
92/120 DPDK:fast-tests / rib_autotest OK 9.05s
93/120 DPDK:fast-tests / rib6_autotest OK 9.05s
94/120 DPDK:fast-tests / ring_autotest OK 0.43s
95/120 DPDK:fast-tests / rwlock_test1_autotest OK 1.15s
96/120 DPDK:fast-tests / rwlock_rda_autotest OK 5.40s
97/120 DPDK:fast-tests / rwlock_rds_wrm_autotest OK 5.40s
98/120 DPDK:fast-tests / rwlock_rde_wro_autotest OK 5.40s
99/120 DPDK:fast-tests / sched_autotest OK 0.40s
100/120 DPDK:fast-tests / security_autotest OK 0.07s
101/120 DPDK:fast-tests / seqlock_autotest OK 2.40s
102/120 DPDK:fast-tests / service_autotest OK 3.10s
103/120 DPDK:fast-tests / soring_autotest OK 0.40s
104/120 DPDK:fast-tests / spinlock_autotest OK 0.48s
105/120 DPDK:fast-tests / stack_autotest OK 0.87s
106/120 DPDK:fast-tests / stack_lf_autotest SKIP 0.07s exit status 77
107/120 DPDK:fast-tests / string_autotest OK 0.54s
108/120 DPDK:fast-tests / table_autotest OK 7.97s
109/120 DPDK:fast-tests / tailq_autotest OK 0.54s
110/120 DPDK:fast-tests / telemetry_data_autotest OK 0.54s
111/120 DPDK:fast-tests / telemetry_json_autotest OK 0.54s
112/120 DPDK:fast-tests / thash_autotest OK 0.54s
113/120 DPDK:fast-tests / threads_autotest OK 0.71s
114/120 DPDK:fast-tests / ticketlock_autotest OK 0.69s
115/120 DPDK:fast-tests / timer_autotest OK 3.97s
116/120 DPDK:fast-tests / trace_autotest OK 0.54s
117/120 DPDK:fast-tests / trace_autotest_with_traces OK 0.54s
118/120 DPDK:fast-tests / vdev_autotest OK 0.53s
119/120 DPDK:fast-tests / version_autotest OK 0.53s
120/120 DPDK:fast-tests / telemetry_all OK 19.56s
Ok: 113
Expected Fail: 0
Fail: 0
Unexpected Pass: 0
Skipped: 7
Timeout: 0
^ permalink raw reply [flat|nested] 16+ messages in thread
* |SUCCESS| pw158812 [PATCH v2 19/19] vfio: introduce cdev mode
[not found] <45db9c5e1589c56ed0e31a0e15390da5366ca5c2.1763142008.git.anatoly.burakov@intel.com>
2025-11-14 17:10 ` |SUCCESS| pw158794-158812 [PATCH v2 19/19] vfio: introduce cdev mode qemudev
2025-11-14 17:15 ` qemudev
@ 2025-11-14 17:44 ` checkpatch
2025-11-14 18:12 ` |FAILURE| pw158794-158812 [PATCH] [v2,19/19] vfio: introduce cdev mo dpdklab
` (12 subsequent siblings)
15 siblings, 0 replies; 16+ messages in thread
From: checkpatch @ 2025-11-14 17:44 UTC (permalink / raw)
To: test-report
Test-Label: checkpatch
Test-Status: SUCCESS
http://dpdk.org/patch/158812
_coding style OK_
^ permalink raw reply [flat|nested] 16+ messages in thread
* |FAILURE| pw158794-158812 [PATCH] [v2,19/19] vfio: introduce cdev mo
[not found] <45db9c5e1589c56ed0e31a0e15390da5366ca5c2.1763142008.git.anatoly.burakov@intel.com>
` (2 preceding siblings ...)
2025-11-14 17:44 ` |SUCCESS| pw158812 " checkpatch
@ 2025-11-14 18:12 ` dpdklab
2025-11-14 18:15 ` dpdklab
` (11 subsequent siblings)
15 siblings, 0 replies; 16+ messages in thread
From: dpdklab @ 2025-11-14 18:12 UTC (permalink / raw)
To: Test Report; +Cc: dpdk-test-reports, Anatoly Burakov
Test-Label: iol-compile-amd64-testing
Test-Status: FAILURE
http://dpdk.org/patch/158812
_Testing issues_
Submitter: Anatoly Burakov <anatoly.burakov@intel.com>
Date: Friday, November 14 2025 17:40:29
DPDK git baseline: Repo:dpdk
Branch: master
CommitID:be0112878b4fc3a1b918370ed2fe615c52039d77
158794-158812 --> testing issues
Upstream job id: Generic-VM-DPDK-Compile-Meson#39773
Test environment and result as below:
+--------------+--------------------+
| Environment | dpdk_meson_compile |
+==============+====================+
| Ubuntu 20.04 | PEND |
+--------------+--------------------+
| FreeBSD 14.2 | FAIL |
+--------------+--------------------+
==== 20 line log output for FreeBSD 14.2 (dpdk_meson_compile): ====
FAILED: lib/eal.sym_chk
/usr/local/bin/meson --internal exe --capture lib/eal.sym_chk -- /root/workspace/Generic-VM-DPDK-Compile-Meson/dpdk/buildtools/check-symbols.sh /root/workspace/Generic-VM-DPDK-Compile-Meson/dpdk/build/lib/eal_exports.map lib/librte_eal.a
--- stderr ---
rte_vfio_get_device_info is not flagged as experimental but is exported as an experimental symbol
Please add __rte_experimental to the definition of rte_vfio_get_device_info
rte_vfio_get_device_num is not flagged as experimental but is exported as an experimental symbol
Please add __rte_experimental to the definition of rte_vfio_get_device_num
rte_vfio_get_device_info is flagged as internal but is not exported as an internal symbol
Please add RTE_EXPORT_INTERNAL_SYMBOL to the definition of rte_vfio_get_device_info
rte_vfio_get_mode is flagged as internal but is not exported as an internal symbol
Please add RTE_EXPORT_INTERNAL_SYMBOL to the definition of rte_vfio_get_mode
rte_vfio_get_device_num is flagged as internal but is not exported as an internal symbol
Please add RTE_EXPORT_INTERNAL_SYMBOL to the definition of rte_vfio_get_device_num
[179/2125] Compiling C object lib/librte_metrics.a.p/metrics_rte_metrics_telemetry.c.o
[180/2125] Compiling C object lib/librte_hash.a.p/hash_rte_hash_crc.c.o
[181/2125] Compiling C object lib/librte_hash.a.p/hash_rte_fbk_hash.c.o
[182/2125] Compiling C object lib/librte_hash.a.p/hash_rte_cuckoo_hash.c.o
[183/2125] Generating ethdev.sym_chk with a custom command (wrapped by meson to capture output)
ninja: build stopped: subcommand failed.
==== End log output ====
Ubuntu 20.04
Kernel: 4.19
Compiler: gcc gcc (Ubuntu 9.4.0-1ubuntu1~20.04.2) 9.4.0
FreeBSD 14.2
Kernel: 14.2-RELEASE
Compiler: clang 18.1.6
To view detailed results, visit:
https://lab.dpdk.org/results/dashboard/patchsets/34593/
UNH-IOL DPDK Community Lab
To manage your email subscriptions, visit:
https://lab.dpdk.org/results/dashboard/preferences/subscriptions/
^ permalink raw reply [flat|nested] 16+ messages in thread
* |FAILURE| pw158794-158812 [PATCH] [v2,19/19] vfio: introduce cdev mo
[not found] <45db9c5e1589c56ed0e31a0e15390da5366ca5c2.1763142008.git.anatoly.burakov@intel.com>
` (3 preceding siblings ...)
2025-11-14 18:12 ` |FAILURE| pw158794-158812 [PATCH] [v2,19/19] vfio: introduce cdev mo dpdklab
@ 2025-11-14 18:15 ` dpdklab
2025-11-14 18:16 ` |SUCCESS| " dpdklab
` (10 subsequent siblings)
15 siblings, 0 replies; 16+ messages in thread
From: dpdklab @ 2025-11-14 18:15 UTC (permalink / raw)
To: Test Report; +Cc: dpdk-test-reports, Anatoly Burakov
Test-Label: iol-compile-amd64-testing
Test-Status: FAILURE
http://dpdk.org/patch/158812
_Testing issues_
Submitter: Anatoly Burakov <anatoly.burakov@intel.com>
Date: Friday, November 14 2025 17:40:29
DPDK git baseline: Repo:dpdk
Branch: master
CommitID:be0112878b4fc3a1b918370ed2fe615c52039d77
158794-158812 --> testing issues
Upstream job id: Generic-VM-DPDK-Compile-Meson#39772
Test environment and result as below:
+--------------+--------------------+
| Environment | dpdk_meson_compile |
+==============+====================+
| Ubuntu 20.04 | PASS |
+--------------+--------------------+
| FreeBSD 14.2 | FAIL |
+--------------+--------------------+
==== 20 line log output for FreeBSD 14.2 (dpdk_meson_compile): ====
FAILED: lib/eal.sym_chk
/usr/local/bin/meson --internal exe --capture lib/eal.sym_chk -- /root/workspace/Generic-VM-DPDK-Compile-Meson/dpdk/buildtools/check-symbols.sh /root/workspace/Generic-VM-DPDK-Compile-Meson/dpdk/build/lib/eal_exports.map lib/librte_eal.a
--- stderr ---
rte_vfio_get_device_info is not flagged as experimental but is exported as an experimental symbol
Please add __rte_experimental to the definition of rte_vfio_get_device_info
rte_vfio_get_device_num is not flagged as experimental but is exported as an experimental symbol
Please add __rte_experimental to the definition of rte_vfio_get_device_num
rte_vfio_get_device_info is flagged as internal but is not exported as an internal symbol
Please add RTE_EXPORT_INTERNAL_SYMBOL to the definition of rte_vfio_get_device_info
rte_vfio_get_mode is flagged as internal but is not exported as an internal symbol
Please add RTE_EXPORT_INTERNAL_SYMBOL to the definition of rte_vfio_get_mode
rte_vfio_get_device_num is flagged as internal but is not exported as an internal symbol
Please add RTE_EXPORT_INTERNAL_SYMBOL to the definition of rte_vfio_get_device_num
[179/2125] Compiling C object lib/librte_metrics.a.p/metrics_rte_metrics_telemetry.c.o
[180/2125] Compiling C object lib/librte_hash.a.p/hash_rte_hash_crc.c.o
[181/2125] Compiling C object lib/librte_hash.a.p/hash_rte_fbk_hash.c.o
[182/2125] Compiling C object lib/librte_hash.a.p/hash_rte_cuckoo_hash.c.o
[183/2125] Generating ethdev.sym_chk with a custom command (wrapped by meson to capture output)
ninja: build stopped: subcommand failed.
==== End log output ====
Ubuntu 20.04
Kernel: 4.19
Compiler: gcc gcc (Ubuntu 9.4.0-1ubuntu1~20.04.2) 9.4.0
FreeBSD 14.2
Kernel: 14.2-RELEASE
Compiler: clang 18.1.6
To view detailed results, visit:
https://lab.dpdk.org/results/dashboard/patchsets/34593/
UNH-IOL DPDK Community Lab
To manage your email subscriptions, visit:
https://lab.dpdk.org/results/dashboard/preferences/subscriptions/
^ permalink raw reply [flat|nested] 16+ messages in thread
* |SUCCESS| pw158794-158812 [PATCH] [v2,19/19] vfio: introduce cdev mo
[not found] <45db9c5e1589c56ed0e31a0e15390da5366ca5c2.1763142008.git.anatoly.burakov@intel.com>
` (4 preceding siblings ...)
2025-11-14 18:15 ` dpdklab
@ 2025-11-14 18:16 ` dpdklab
2025-11-14 18:22 ` |FAILURE| " dpdklab
` (9 subsequent siblings)
15 siblings, 0 replies; 16+ messages in thread
From: dpdklab @ 2025-11-14 18:16 UTC (permalink / raw)
To: Test Report; +Cc: dpdk-test-reports
Test-Label: iol-mellanox-Functional
Test-Status: SUCCESS
http://dpdk.org/patch/158812
_Functional Testing PASS_
Submitter: Anatoly Burakov <anatoly.burakov@intel.com>
Date: Friday, November 14 2025 17:40:29
DPDK git baseline: Repo:dpdk
Branch: master
CommitID:be0112878b4fc3a1b918370ed2fe615c52039d77
158794-158812 --> functional testing pass
Upstream job id: Template-DPDK-DTS-Pipeline#3303
Test environment and result as below:
Ubuntu 24.04
Kernel: 6.8.0-55-generic
Compiler: gcc 13.3.0
NIC: Mellanox ConnectX-5 100000 Mbps
Aggregate Results by Test Suite
+---------------------------------+--------+
| Test Suite | Result |
+=================================+========+
| blocklist | PASS |
+---------------------------------+--------+
| promisc_support | PASS |
+---------------------------------+--------+
| uni_pkt | PASS |
+---------------------------------+--------+
| dynamic_config | PASS |
+---------------------------------+--------+
| hello_world | PASS |
+---------------------------------+--------+
| l2fwd | PASS |
+---------------------------------+--------+
| port_restart_config_persistency | PASS |
+---------------------------------+--------+
| softnic | PASS |
+---------------------------------+--------+
| vlan | PASS |
+---------------------------------+--------+
To view detailed results, visit:
https://lab.dpdk.org/results/dashboard/patchsets/34593/
UNH-IOL DPDK Community Lab
To manage your email subscriptions, visit:
https://lab.dpdk.org/results/dashboard/preferences/subscriptions/
^ permalink raw reply [flat|nested] 16+ messages in thread
* |FAILURE| pw158794-158812 [PATCH] [v2,19/19] vfio: introduce cdev mo
[not found] <45db9c5e1589c56ed0e31a0e15390da5366ca5c2.1763142008.git.anatoly.burakov@intel.com>
` (5 preceding siblings ...)
2025-11-14 18:16 ` |SUCCESS| " dpdklab
@ 2025-11-14 18:22 ` dpdklab
2025-11-14 18:24 ` |PENDING| " dpdklab
` (8 subsequent siblings)
15 siblings, 0 replies; 16+ messages in thread
From: dpdklab @ 2025-11-14 18:22 UTC (permalink / raw)
To: Test Report; +Cc: dpdk-test-reports, Anatoly Burakov
Test-Label: iol-marvell-Functional
Test-Status: FAILURE
http://dpdk.org/patch/158812
_Functional Testing issues_
Submitter: Anatoly Burakov <anatoly.burakov@intel.com>
Date: Friday, November 14 2025 17:40:29
DPDK git baseline: Repo:dpdk
Branch: master
CommitID:be0112878b4fc3a1b918370ed2fe615c52039d77
158794-158812 --> functional testing issues
Upstream job id: Template-DTS-Pipeline#254934
Test environment and result as below:
Ubuntu 20.04.6
Kernel: 5.4.105
Compiler: gcc 9.4
NIC: Marvell CN106XX 50000 Mbps
Target: arm64-native-linuxapp-gcc
Aggregate Results by Test Suite
+----------------+--------+
| Test Suite | Result |
+================+========+
| cmdline | PASS |
+----------------+--------+
| rxtx_callbacks | FAIL |
+----------------+--------+
To view detailed results, visit:
https://lab.dpdk.org/results/dashboard/patchsets/34593/
UNH-IOL DPDK Community Lab
To manage your email subscriptions, visit:
https://lab.dpdk.org/results/dashboard/preferences/subscriptions/
^ permalink raw reply [flat|nested] 16+ messages in thread
* |PENDING| pw158794-158812 [PATCH] [v2,19/19] vfio: introduce cdev mo
[not found] <45db9c5e1589c56ed0e31a0e15390da5366ca5c2.1763142008.git.anatoly.burakov@intel.com>
` (6 preceding siblings ...)
2025-11-14 18:22 ` |FAILURE| " dpdklab
@ 2025-11-14 18:24 ` dpdklab
2025-11-14 18:27 ` |SUCCESS| " dpdklab
` (7 subsequent siblings)
15 siblings, 0 replies; 16+ messages in thread
From: dpdklab @ 2025-11-14 18:24 UTC (permalink / raw)
To: Test Report; +Cc: dpdk-test-reports
Test-Label: iol-unit-amd64-testing
Test-Status: PENDING
http://dpdk.org/patch/158812
_Testing pending_
Submitter: Anatoly Burakov <anatoly.burakov@intel.com>
Date: Friday, November 14 2025 17:40:29
DPDK git baseline: Repo:dpdk
Branch: master
CommitID:be0112878b4fc3a1b918370ed2fe615c52039d77
158794-158812 --> testing pending
Upstream job id: Generic-Unit-Test-DPDK#392826
Test environment and result as below:
+-------------------------------+----------------+
| Environment | dpdk_unit_test |
+===============================+================+
| Fedora Linux 41 | PEND |
+-------------------------------+----------------+
| Fedora Linux 40 | PEND |
+-------------------------------+----------------+
| Red Hat Enterprise Linux 8.10 | PASS |
+-------------------------------+----------------+
| Fedora Linux 42 | PEND |
+-------------------------------+----------------+
| Debian GNU/Linux 12 | PEND |
+-------------------------------+----------------+
| CentOS Stream 9 | PEND |
+-------------------------------+----------------+
| Ubuntu 24.04 | PEND |
+-------------------------------+----------------+
| CentOS Stream 10 | PEND |
+-------------------------------+----------------+
| Red Hat Enterprise Linux 9.5 | PEND |
+-------------------------------+----------------+
| Ubuntu 20.04 | PEND |
+-------------------------------+----------------+
| Ubuntu 22.04 | PEND |
+-------------------------------+----------------+
Fedora Linux 41
Kernel: 5.15
Compiler: clang gcc (GCC) 14.3.1 20250523 (Red Hat 14.3.1-1)
Fedora Linux 40
Kernel: 5.15
Compiler: gcc gcc (GCC) 14.2.1 20240912 (Red Hat 14.2.1-3)
Red Hat Enterprise Linux 8.10
Kernel: 5.15
Compiler: gcc gcc (GCC) 8.5.0 20210514 (Red Hat 8.5.0-22)
Fedora Linux 42
Kernel: 5.15
Compiler: clang gcc (GCC) 15.2.1 20250808 (Red Hat 15.2.1-1)
Debian GNU/Linux 12
Kernel: 5.15
Compiler: gcc gcc (Debian 12.2.0-14+deb12u1) 12.2.0
CentOS Stream 9
Kernel: 5.15
Compiler: gcc gcc (GCC) 11.5.0 20240719 (Red Hat 11.5.0-11)
Ubuntu 24.04
Kernel: 5.15
Compiler: gcc gcc (Ubuntu 13.3.0-6ubuntu2~24.04) 13.3.0
CentOS Stream 10
Kernel: 5.15
Compiler: gcc gcc (GCC) 14.2.1 20250110 (Red Hat 14.2.1-8)
Red Hat Enterprise Linux 9.5
Kernel: 5.15
Compiler: gcc gcc (GCC) 11.5.0 20240719 (Red Hat 11.5.0-2)
Ubuntu 20.04
Kernel: 5.15
Compiler: gcc gcc (Ubuntu 9.4.0-1ubuntu1~20.04.2) 9.4.0
Ubuntu 22.04
Kernel: 5.15
Compiler: gcc gcc (Ubuntu 11.4.0-1ubuntu1~22.04) 11.4.0
To view detailed results, visit:
https://lab.dpdk.org/results/dashboard/patchsets/34593/
UNH-IOL DPDK Community Lab
To manage your email subscriptions, visit:
https://lab.dpdk.org/results/dashboard/preferences/subscriptions/
^ permalink raw reply [flat|nested] 16+ messages in thread
* |SUCCESS| pw158794-158812 [PATCH] [v2,19/19] vfio: introduce cdev mo
[not found] <45db9c5e1589c56ed0e31a0e15390da5366ca5c2.1763142008.git.anatoly.burakov@intel.com>
` (7 preceding siblings ...)
2025-11-14 18:24 ` |PENDING| " dpdklab
@ 2025-11-14 18:27 ` dpdklab
2025-11-14 18:36 ` dpdklab
` (6 subsequent siblings)
15 siblings, 0 replies; 16+ messages in thread
From: dpdklab @ 2025-11-14 18:27 UTC (permalink / raw)
To: Test Report; +Cc: dpdk-test-reports
Test-Label: iol-sample-apps-testing
Test-Status: SUCCESS
http://dpdk.org/patch/158812
_Testing PASS_
Submitter: Anatoly Burakov <anatoly.burakov@intel.com>
Date: Friday, November 14 2025 17:40:29
DPDK git baseline: Repo:dpdk
Branch: master
CommitID:be0112878b4fc3a1b918370ed2fe615c52039d77
158794-158812 --> testing pass
Upstream job id: Template-DTS-Pipeline#254936
Test environment and result as below:
+--------------+----------------------+
| Environment | compressdev_zlib_pmd |
+==============+======================+
| Ubuntu 22.04 | PASS |
+--------------+----------------------+
Ubuntu 22.04
Kernel: 5.15
Compiler: gcc gcc (Ubuntu 11.4.0-1ubuntu1~22.04.2) 11.4.0
To view detailed results, visit:
https://lab.dpdk.org/results/dashboard/patchsets/34593/
UNH-IOL DPDK Community Lab
To manage your email subscriptions, visit:
https://lab.dpdk.org/results/dashboard/preferences/subscriptions/
^ permalink raw reply [flat|nested] 16+ messages in thread
* |SUCCESS| pw158794-158812 [PATCH] [v2,19/19] vfio: introduce cdev mo
[not found] <45db9c5e1589c56ed0e31a0e15390da5366ca5c2.1763142008.git.anatoly.burakov@intel.com>
` (8 preceding siblings ...)
2025-11-14 18:27 ` |SUCCESS| " dpdklab
@ 2025-11-14 18:36 ` dpdklab
2025-11-14 18:40 ` |PENDING| " dpdklab
` (5 subsequent siblings)
15 siblings, 0 replies; 16+ messages in thread
From: dpdklab @ 2025-11-14 18:36 UTC (permalink / raw)
To: Test Report, Ali Alnubani; +Cc: dpdk-test-reports
Test-Label: iol-mellanox-Performance
Test-Status: SUCCESS
http://dpdk.org/patch/158812
_Performance Testing PASS_
Submitter: Anatoly Burakov <anatoly.burakov@intel.com>
Date: Friday, November 14 2025 17:40:29
DPDK git baseline: Repo:dpdk
Branch: master
CommitID:be0112878b4fc3a1b918370ed2fe615c52039d77
158794-158812 --> performance testing pass
Upstream job id: Template-DTS-Pipeline#254924
Test environment and result as below:
Ubuntu 24.04
Kernel: 6.8
Compiler: gcc gcc (Ubuntu 13.3.0-6ubuntu2~24.04) 13.3.0
NIC: Mellanox ConnectX-6 Lx 25000 Mbps
Fail/Total: 0/6
Detail performance results:
+------------+---------+----------+-------------+------------------------------+
| frame_size | txd/rxd | num_cpus | num_threads | throughput difference from |
| | | | | expected |
+============+=========+==========+=============+==============================+
| 64 | 1024 | 1 | 1 | 0.1% |
+------------+---------+----------+-------------+------------------------------+
| 128 | 1024 | 1 | 1 | 0.3% |
+------------+---------+----------+-------------+------------------------------+
| 256 | 1024 | 1 | 1 | -0.2% |
+------------+---------+----------+-------------+------------------------------+
| 512 | 1024 | 1 | 1 | -0.1% |
+------------+---------+----------+-------------+------------------------------+
| 1024 | 1024 | 1 | 1 | 0.0% |
+------------+---------+----------+-------------+------------------------------+
| 1518 | 1024 | 1 | 1 | -0.1% |
+------------+---------+----------+-------------+------------------------------+
Ubuntu 24.04
Kernel: 6.8
Compiler: gcc gcc (Ubuntu 13.3.0-6ubuntu2~24.04) 13.3.0
NIC: NVIDIA Mellanox ConnectX-7 100000 Mbps
Fail/Total: 0/6
Detail performance results:
+------------+---------+----------+-------------+------------------------------+
| frame_size | txd/rxd | num_cpus | num_threads | throughput difference from |
| | | | | expected |
+============+=========+==========+=============+==============================+
| 64 | 1024 | 1 | 1 | 0.4% |
+------------+---------+----------+-------------+------------------------------+
| 128 | 1024 | 1 | 1 | -0.5% |
+------------+---------+----------+-------------+------------------------------+
| 256 | 1024 | 1 | 1 | -0.3% |
+------------+---------+----------+-------------+------------------------------+
| 512 | 1024 | 1 | 1 | -0.0% |
+------------+---------+----------+-------------+------------------------------+
| 1024 | 1024 | 1 | 1 | -0.0% |
+------------+---------+----------+-------------+------------------------------+
| 1518 | 1024 | 1 | 1 | 0.0% |
+------------+---------+----------+-------------+------------------------------+
To view detailed results, visit:
https://lab.dpdk.org/results/dashboard/patchsets/34593/
UNH-IOL DPDK Community Lab
To manage your email subscriptions, visit:
https://lab.dpdk.org/results/dashboard/preferences/subscriptions/
^ permalink raw reply [flat|nested] 16+ messages in thread
* |PENDING| pw158794-158812 [PATCH] [v2,19/19] vfio: introduce cdev mo
[not found] <45db9c5e1589c56ed0e31a0e15390da5366ca5c2.1763142008.git.anatoly.burakov@intel.com>
` (9 preceding siblings ...)
2025-11-14 18:36 ` dpdklab
@ 2025-11-14 18:40 ` dpdklab
2025-11-14 18:48 ` |FAILURE| pw158812 [PATCH v2 19/19] vfio: introduce cdev mode 0-day Robot
` (4 subsequent siblings)
15 siblings, 0 replies; 16+ messages in thread
From: dpdklab @ 2025-11-14 18:40 UTC (permalink / raw)
To: Test Report; +Cc: dpdk-test-reports
Test-Label: iol-unit-arm64-testing
Test-Status: PENDING
http://dpdk.org/patch/158812
_Testing pending_
Submitter: Anatoly Burakov <anatoly.burakov@intel.com>
Date: Friday, November 14 2025 17:40:29
DPDK git baseline: Repo:dpdk
Branch: master
CommitID:be0112878b4fc3a1b918370ed2fe615c52039d77
158794-158812 --> testing pending
Upstream job id: Aarch32-Unit-Test#8233
Test environment and result as below:
+------------------------------+----------------+------------------------------+--------------+---------------------------+
| Environment | dpdk_unit_test | cryptodev_sw_snow3g_autotest | lpm_autotest | cryptodev_sw_zuc_autotest |
+==============================+================+==============================+==============+===========================+
| Debian GNU/Linux 12 | PEND | SKIPPED | SKIPPED | SKIPPED |
+------------------------------+----------------+------------------------------+--------------+---------------------------+
| Fedora Linux 40 | PEND | SKIPPED | SKIPPED | SKIPPED |
+------------------------------+----------------+------------------------------+--------------+---------------------------+
| CentOS Stream 9 | PEND | SKIPPED | SKIPPED | SKIPPED |
+------------------------------+----------------+------------------------------+--------------+---------------------------+
| Fedora Linux 41 | PEND | SKIPPED | SKIPPED | SKIPPED |
+------------------------------+----------------+------------------------------+--------------+---------------------------+
| Ubuntu 22.04 | PEND | SKIPPED | SKIPPED | SKIPPED |
+------------------------------+----------------+------------------------------+--------------+---------------------------+
| CentOS Stream 10 | PEND | SKIPPED | SKIPPED | SKIPPED |
+------------------------------+----------------+------------------------------+--------------+---------------------------+
| Fedora Linux 42 | PEND | SKIPPED | SKIPPED | SKIPPED |
+------------------------------+----------------+------------------------------+--------------+---------------------------+
| Red Hat Enterprise Linux 9.5 | PEND | SKIPPED | SKIPPED | SKIPPED |
+------------------------------+----------------+------------------------------+--------------+---------------------------+
| Ubuntu 24.04 | PEND | SKIPPED | SKIPPED | SKIPPED |
+------------------------------+----------------+------------------------------+--------------+---------------------------+
| Ubuntu 20.04 | PEND | SKIPPED | PEND | SKIPPED |
+------------------------------+----------------+------------------------------+--------------+---------------------------+
| Debian 12 (arm) | SKIPPED | PEND | SKIPPED | PEND |
+------------------------------+----------------+------------------------------+--------------+---------------------------+
Debian GNU/Linux 12
Kernel: 5.4
Compiler: gcc gcc (Debian 12.2.0-14+deb12u1) 12.2.0
Fedora Linux 40
Kernel: 5.4
Compiler: gcc gcc (GCC) 14.2.1 20240912 (Red Hat 14.2.1-3)
CentOS Stream 9
Kernel: 5.4
Compiler: gcc gcc (GCC) 11.5.0 20240719 (Red Hat 11.5.0-11)
Fedora Linux 41
Kernel: 5.4
Compiler: gcc gcc (GCC) 14.3.1 20250523 (Red Hat 14.3.1-1)
Ubuntu 22.04
Kernel: 5.15
Compiler: gcc gcc (Ubuntu 11.4.0-1ubuntu1~22.04.2) 11.4.0
CentOS Stream 10
Kernel: 5.4
Compiler: gcc gcc (GCC) 14.2.1 20250110 (Red Hat 14.2.1-8)
Fedora Linux 42
Kernel: 5.4
Compiler: gcc gcc (GCC) 15.2.1 20250808 (Red Hat 15.2.1-1)
Red Hat Enterprise Linux 9.5
Kernel: 5.4
Compiler: gcc gcc (GCC) 11.5.0 20240719 (Red Hat 11.5.0-2)
Ubuntu 24.04
Kernel: 5.4
Compiler: gcc gcc (Ubuntu 13.3.0-6ubuntu2~24.04) 13.3.0
Ubuntu 20.04
Kernel: 5.4
Compiler: gcc gcc (Ubuntu 9.4.0-1ubuntu1~20.04.2) 9.4.0
Debian 12 (arm)
Kernel: Depends on container host
Compiler: gcc (Debian 12.2.0-14) 12.2.0
To view detailed results, visit:
https://lab.dpdk.org/results/dashboard/patchsets/34593/
UNH-IOL DPDK Community Lab
To manage your email subscriptions, visit:
https://lab.dpdk.org/results/dashboard/preferences/subscriptions/
^ permalink raw reply [flat|nested] 16+ messages in thread
* |FAILURE| pw158812 [PATCH v2 19/19] vfio: introduce cdev mode
[not found] <45db9c5e1589c56ed0e31a0e15390da5366ca5c2.1763142008.git.anatoly.burakov@intel.com>
` (10 preceding siblings ...)
2025-11-14 18:40 ` |PENDING| " dpdklab
@ 2025-11-14 18:48 ` 0-day Robot
2025-11-14 18:52 ` |SUCCESS| pw158794-158812 [PATCH] [v2,19/19] vfio: introduce cdev mo dpdklab
` (3 subsequent siblings)
15 siblings, 0 replies; 16+ messages in thread
From: 0-day Robot @ 2025-11-14 18:48 UTC (permalink / raw)
To: test-report; +Cc: anatoly.burakov, robot
From: robot@bytheb.org
Test-Label: github-robot: build
Test-Status: FAILURE
http://patchwork.dpdk.org/patch/158812/
_github build: failed_
Build URL: https://github.com/ovsrobot/dpdk/actions/runs/19373286088
^ permalink raw reply [flat|nested] 16+ messages in thread
* |SUCCESS| pw158794-158812 [PATCH] [v2,19/19] vfio: introduce cdev mo
[not found] <45db9c5e1589c56ed0e31a0e15390da5366ca5c2.1763142008.git.anatoly.burakov@intel.com>
` (11 preceding siblings ...)
2025-11-14 18:48 ` |FAILURE| pw158812 [PATCH v2 19/19] vfio: introduce cdev mode 0-day Robot
@ 2025-11-14 18:52 ` dpdklab
2025-11-14 19:04 ` dpdklab
` (2 subsequent siblings)
15 siblings, 0 replies; 16+ messages in thread
From: dpdklab @ 2025-11-14 18:52 UTC (permalink / raw)
To: Test Report; +Cc: dpdk-test-reports
Test-Label: iol-intel-Functional
Test-Status: SUCCESS
http://dpdk.org/patch/158812
_Functional Testing PASS_
Submitter: Anatoly Burakov <anatoly.burakov@intel.com>
Date: Friday, November 14 2025 17:40:29
DPDK git baseline: Repo:dpdk
Branch: master
CommitID:be0112878b4fc3a1b918370ed2fe615c52039d77
158794-158812 --> functional testing pass
Upstream job id: Template-DTS-Pipeline#254931
Test environment and result as below:
Ubuntu 24.04
Kernel: 6.8
Compiler: gcc gcc (Ubuntu 13.3.0-6ubuntu2~24.04) 13.3.0
NIC: Intel E810 (Arm Grace Server) 100000 Mbps
Aggregate Results by Test Suite
+------------+--------+
| Test Suite | Result |
+============+========+
| blocklist | PASS |
+------------+--------+
| uni_pkt | PASS |
+------------+--------+
Ubuntu 20.04
Kernel: 5.4
Compiler: gcc gcc (Ubuntu 9.4.0-1ubuntu1~20.04.1) 9.4.0
NIC: Intel Corporation Ethernet Converged Network Adapter XL710-QDA2 40000 Mbps
Aggregate Results by Test Suite
+-----------------------------+--------+
| Test Suite | Result |
+=============================+========+
| unit_tests_mbuf | PASS |
+-----------------------------+--------+
| vhost_virtio_user_interrupt | PASS |
+-----------------------------+--------+
| virtio_smoke | PASS |
+-----------------------------+--------+
To view detailed results, visit:
https://lab.dpdk.org/results/dashboard/patchsets/34593/
UNH-IOL DPDK Community Lab
To manage your email subscriptions, visit:
https://lab.dpdk.org/results/dashboard/preferences/subscriptions/
^ permalink raw reply [flat|nested] 16+ messages in thread
* |SUCCESS| pw158794-158812 [PATCH] [v2,19/19] vfio: introduce cdev mo
[not found] <45db9c5e1589c56ed0e31a0e15390da5366ca5c2.1763142008.git.anatoly.burakov@intel.com>
` (12 preceding siblings ...)
2025-11-14 18:52 ` |SUCCESS| pw158794-158812 [PATCH] [v2,19/19] vfio: introduce cdev mo dpdklab
@ 2025-11-14 19:04 ` dpdklab
2025-11-14 19:11 ` |FAILURE| " dpdklab
2025-11-14 19:14 ` dpdklab
15 siblings, 0 replies; 16+ messages in thread
From: dpdklab @ 2025-11-14 19:04 UTC (permalink / raw)
To: Test Report; +Cc: dpdk-test-reports
Test-Label: iol-sample-apps-testing
Test-Status: SUCCESS
http://dpdk.org/patch/158812
_Testing PASS_
Submitter: Anatoly Burakov <anatoly.burakov@intel.com>
Date: Friday, November 14 2025 17:40:29
DPDK git baseline: Repo:dpdk
Branch: master
CommitID:be0112878b4fc3a1b918370ed2fe615c52039d77
158794-158812 --> testing pass
Upstream job id: Template-DTS-Pipeline#254935
Test environment and result as below:
+--------------+----------------------+
| Environment | compressdev_zlib_pmd |
+==============+======================+
| Ubuntu 22.04 | PASS |
+--------------+----------------------+
Ubuntu 22.04
Kernel: 5.15
Compiler: gcc gcc (Ubuntu 11.4.0-1ubuntu1~22.04.2) 11.4.0
To view detailed results, visit:
https://lab.dpdk.org/results/dashboard/patchsets/34593/
UNH-IOL DPDK Community Lab
To manage your email subscriptions, visit:
https://lab.dpdk.org/results/dashboard/preferences/subscriptions/
^ permalink raw reply [flat|nested] 16+ messages in thread
* |FAILURE| pw158794-158812 [PATCH] [v2,19/19] vfio: introduce cdev mo
[not found] <45db9c5e1589c56ed0e31a0e15390da5366ca5c2.1763142008.git.anatoly.burakov@intel.com>
` (13 preceding siblings ...)
2025-11-14 19:04 ` dpdklab
@ 2025-11-14 19:11 ` dpdklab
2025-11-14 19:14 ` dpdklab
15 siblings, 0 replies; 16+ messages in thread
From: dpdklab @ 2025-11-14 19:11 UTC (permalink / raw)
To: Georgii Tkachuk, Qian Xu, Lijuan Tu, Test Report, Ferruh Yigit
Cc: dpdk-test-reports, Anatoly Burakov
Test-Label: iol-intel-Functional
Test-Status: FAILURE
http://dpdk.org/patch/158812
_Functional Testing issues_
Submitter: Anatoly Burakov <anatoly.burakov@intel.com>
Date: Friday, November 14 2025 17:40:29
DPDK git baseline: Repo:dpdk
Branch: master
CommitID:be0112878b4fc3a1b918370ed2fe615c52039d77
158794-158812 --> functional testing issues
Upstream job id: Template-DTS-Pipeline#254933
Test environment and result as below:
Ubuntu 24.04
Kernel: 6.8
Compiler: gcc gcc (Ubuntu 13.3.0-6ubuntu2~24.04) 13.3.0
NIC: Intel E810 (Arm Grace Server) 100000 Mbps
Aggregate Results by Test Suite
+------------+--------+
| Test Suite | Result |
+============+========+
| blocklist | PASS |
+------------+--------+
| uni_pkt | PASS |
+------------+--------+
Ubuntu 20.04
Kernel: 5.4
Compiler: gcc gcc (Ubuntu 9.4.0-1ubuntu1~20.04.1) 9.4.0
NIC: Intel Corporation Ethernet Converged Network Adapter XL710-QDA2 40000 Mbps
Aggregate Results by Test Suite
+-----------------------------+--------+
| Test Suite | Result |
+=============================+========+
| unit_tests_mbuf | PASS |
+-----------------------------+--------+
| vhost_virtio_user_interrupt | PASS |
+-----------------------------+--------+
| virtio_smoke | PASS |
+-----------------------------+--------+
Ubuntu 22.04
Kernel: 5.15
Compiler: gcc gcc (Ubuntu 11.4.0-1ubuntu1~22.04.2) 11.4.0
NIC: Intel Corporation QAT 8970 0 Mbps
Aggregate Results by Test Suite
+----------------------------+--------+
| Test Suite | Result |
+============================+========+
| crypto_perf_cryptodev_perf | FAIL |
+----------------------------+--------+
To view detailed results, visit:
https://lab.dpdk.org/results/dashboard/patchsets/34593/
UNH-IOL DPDK Community Lab
To manage your email subscriptions, visit:
https://lab.dpdk.org/results/dashboard/preferences/subscriptions/
^ permalink raw reply [flat|nested] 16+ messages in thread
* |FAILURE| pw158794-158812 [PATCH] [v2,19/19] vfio: introduce cdev mo
[not found] <45db9c5e1589c56ed0e31a0e15390da5366ca5c2.1763142008.git.anatoly.burakov@intel.com>
` (14 preceding siblings ...)
2025-11-14 19:11 ` |FAILURE| " dpdklab
@ 2025-11-14 19:14 ` dpdklab
15 siblings, 0 replies; 16+ messages in thread
From: dpdklab @ 2025-11-14 19:14 UTC (permalink / raw)
To: Test Report; +Cc: dpdk-test-reports, Anatoly Burakov
Test-Label: iol-unit-arm64-testing
Test-Status: FAILURE
http://dpdk.org/patch/158812
_Testing issues_
Submitter: Anatoly Burakov <anatoly.burakov@intel.com>
Date: Friday, November 14 2025 17:40:29
DPDK git baseline: Repo:dpdk
Branch: master
CommitID:be0112878b4fc3a1b918370ed2fe615c52039d77
158794-158812 --> testing issues
Upstream job id: Generic-Unit-Test-DPDK#392835
Test environment and result as below:
+------------------------------+----------------+------------------------------+--------------+---------------------------+
| Environment | dpdk_unit_test | cryptodev_sw_snow3g_autotest | lpm_autotest | cryptodev_sw_zuc_autotest |
+==============================+================+==============================+==============+===========================+
| Debian GNU/Linux 12 | PEND | SKIPPED | SKIPPED | SKIPPED |
+------------------------------+----------------+------------------------------+--------------+---------------------------+
| Fedora Linux 40 | PEND | SKIPPED | SKIPPED | SKIPPED |
+------------------------------+----------------+------------------------------+--------------+---------------------------+
| CentOS Stream 9 | PEND | SKIPPED | SKIPPED | SKIPPED |
+------------------------------+----------------+------------------------------+--------------+---------------------------+
| Fedora Linux 41 | PEND | SKIPPED | SKIPPED | SKIPPED |
+------------------------------+----------------+------------------------------+--------------+---------------------------+
| Ubuntu 22.04 | PEND | SKIPPED | SKIPPED | SKIPPED |
+------------------------------+----------------+------------------------------+--------------+---------------------------+
| CentOS Stream 10 | PEND | SKIPPED | SKIPPED | SKIPPED |
+------------------------------+----------------+------------------------------+--------------+---------------------------+
| Fedora Linux 42 | PEND | SKIPPED | SKIPPED | SKIPPED |
+------------------------------+----------------+------------------------------+--------------+---------------------------+
| Red Hat Enterprise Linux 9.5 | PEND | SKIPPED | SKIPPED | SKIPPED |
+------------------------------+----------------+------------------------------+--------------+---------------------------+
| Ubuntu 24.04 | PEND | SKIPPED | SKIPPED | SKIPPED |
+------------------------------+----------------+------------------------------+--------------+---------------------------+
| Ubuntu 20.04 | PEND | SKIPPED | WARN | SKIPPED |
+------------------------------+----------------+------------------------------+--------------+---------------------------+
| Debian 12 (arm) | SKIPPED | PEND | SKIPPED | PEND |
+------------------------------+----------------+------------------------------+--------------+---------------------------+
==== 20 line log output for Ubuntu 20.04 (lpm_autotest): ====
+++ |+#include <stdlib.h>
25 |
../lib/eal/linux/eal_vfio_group.c: In function 'vfio_group_request_fd':
../lib/eal/linux/eal_vfio_group.c:617:2: error: incompatible implicit declaration of built-in function 'free' [-Werror]
617 | free(mp_reply.msgs);
| ^~~~
../lib/eal/linux/eal_vfio_group.c:617:2: note: include '<stdlib.h>' or provide a declaration of 'free'
../lib/eal/linux/eal_vfio_group.c: In function 'vfio_group_sync_iommu_ops':
../lib/eal/linux/eal_vfio_group.c:667:2: error: incompatible implicit declaration of built-in function 'free' [-Werror]
667 | free(mp_reply.msgs);
| ^~~~
../lib/eal/linux/eal_vfio_group.c:667:2: note: include '<stdlib.h>' or provide a declaration of 'free'
../lib/eal/linux/eal_vfio_group.c: In function 'vfio_group_get_num':
../lib/eal/linux/eal_vfio_group.c:975:14: error: implicit declaration of function 'strtol'; did you mean 'strtok'? [-Werror=implicit-function-declaration]
975 | group_num = strtol(group_tok, &end, 10);
| ^~~~~~
| strtok
../lib/eal/linux/eal_vfio_group.c:975:14: error: nested extern declaration of 'strtol' [-Werror=nested-externs]
cc1: all warnings being treated as errors
ninja: build stopped: subcommand failed.
==== End log output ====
Debian GNU/Linux 12
Kernel: 5.4
Compiler: gcc gcc (Debian 12.2.0-14+deb12u1) 12.2.0
Fedora Linux 40
Kernel: 5.4
Compiler: gcc gcc (GCC) 14.2.1 20240912 (Red Hat 14.2.1-3)
CentOS Stream 9
Kernel: 5.4
Compiler: gcc gcc (GCC) 11.5.0 20240719 (Red Hat 11.5.0-11)
Fedora Linux 41
Kernel: 5.4
Compiler: gcc gcc (GCC) 14.3.1 20250523 (Red Hat 14.3.1-1)
Ubuntu 22.04
Kernel: 5.15
Compiler: gcc gcc (Ubuntu 11.4.0-1ubuntu1~22.04.2) 11.4.0
CentOS Stream 10
Kernel: 5.4
Compiler: gcc gcc (GCC) 14.2.1 20250110 (Red Hat 14.2.1-8)
Fedora Linux 42
Kernel: 5.4
Compiler: gcc gcc (GCC) 15.2.1 20250808 (Red Hat 15.2.1-1)
Red Hat Enterprise Linux 9.5
Kernel: 5.4
Compiler: gcc gcc (GCC) 11.5.0 20240719 (Red Hat 11.5.0-2)
Ubuntu 24.04
Kernel: 5.4
Compiler: gcc gcc (Ubuntu 13.3.0-6ubuntu2~24.04) 13.3.0
Ubuntu 20.04
Kernel: 5.4
Compiler: gcc gcc (Ubuntu 9.4.0-1ubuntu1~20.04.2) 9.4.0
Debian 12 (arm)
Kernel: Depends on container host
Compiler: gcc (Debian 12.2.0-14) 12.2.0
To view detailed results, visit:
https://lab.dpdk.org/results/dashboard/patchsets/34593/
UNH-IOL DPDK Community Lab
To manage your email subscriptions, visit:
https://lab.dpdk.org/results/dashboard/preferences/subscriptions/
^ permalink raw reply [flat|nested] 16+ messages in thread
end of thread, other threads:[~2025-11-14 19:15 UTC | newest]
Thread overview: 16+ messages (download: mbox.gz / follow: Atom feed)
-- links below jump to the message on this page --
[not found] <45db9c5e1589c56ed0e31a0e15390da5366ca5c2.1763142008.git.anatoly.burakov@intel.com>
2025-11-14 17:10 ` |SUCCESS| pw158794-158812 [PATCH v2 19/19] vfio: introduce cdev mode qemudev
2025-11-14 17:15 ` qemudev
2025-11-14 17:44 ` |SUCCESS| pw158812 " checkpatch
2025-11-14 18:12 ` |FAILURE| pw158794-158812 [PATCH] [v2,19/19] vfio: introduce cdev mo dpdklab
2025-11-14 18:15 ` dpdklab
2025-11-14 18:16 ` |SUCCESS| " dpdklab
2025-11-14 18:22 ` |FAILURE| " dpdklab
2025-11-14 18:24 ` |PENDING| " dpdklab
2025-11-14 18:27 ` |SUCCESS| " dpdklab
2025-11-14 18:36 ` dpdklab
2025-11-14 18:40 ` |PENDING| " dpdklab
2025-11-14 18:48 ` |FAILURE| pw158812 [PATCH v2 19/19] vfio: introduce cdev mode 0-day Robot
2025-11-14 18:52 ` |SUCCESS| pw158794-158812 [PATCH] [v2,19/19] vfio: introduce cdev mo dpdklab
2025-11-14 19:04 ` dpdklab
2025-11-14 19:11 ` |FAILURE| " dpdklab
2025-11-14 19:14 ` dpdklab
This is a public inbox, see mirroring instructions
for how to clone and mirror all data and code used for this inbox;
as well as URLs for NNTP newsgroup(s).