From mboxrd@z Thu Jan 1 00:00:00 1970 Return-Path: Received: from mails.dpdk.org (mails.dpdk.org [217.70.189.124]) by inbox.dpdk.org (Postfix) with ESMTP id 6D2DC48B0D for ; Fri, 14 Nov 2025 20:54:12 +0100 (CET) Received: from mails.dpdk.org (localhost [127.0.0.1]) by mails.dpdk.org (Postfix) with ESMTP id 69B9640E34; Fri, 14 Nov 2025 20:54:12 +0100 (CET) Received: from mail-io1-f100.google.com (mail-io1-f100.google.com [209.85.166.100]) by mails.dpdk.org (Postfix) with ESMTP id B115240E34 for ; Fri, 14 Nov 2025 20:54:10 +0100 (CET) Received: by mail-io1-f100.google.com with SMTP id ca18e2360f4ac-948733e7810so92422439f.0 for ; Fri, 14 Nov 2025 11:54:10 -0800 (PST) DKIM-Signature: v=1; a=rsa-sha256; c=relaxed/relaxed; d=iol.unh.edu; s=unh-iol; t=1763150050; x=1763754850; darn=dpdk.org; h=references:in-reply-to:cc:to:from:subject:message-id:date:from:to :cc:subject:date:message-id:reply-to; bh=dXxUrJtfQ3YI3CeFyf6GT9Ha1vgOf9+lxDPq/0qhmxM=; b=jXCnRqTU3QgDZC63W/scZCT2FmX9OyiEGU9FpAcZzgnEUS8Rh6b3pTjtay4Of2/6p4 8aT3xojM/+DGYd73IKHP1jJsiQRw8T/6Wp81E1wySjrc12NODh4Z40kJylnYbPwPr6JJ sN3PQcZUv0mVvHxZvLT+iQ3A1n8+dUXu0gR6c= X-Google-DKIM-Signature: v=1; a=rsa-sha256; c=relaxed/relaxed; d=1e100.net; s=20230601; t=1763150050; x=1763754850; h=references:in-reply-to:cc:to:from:subject:message-id:date:x-gm-gg :x-gm-message-state:from:to:cc:subject:date:message-id:reply-to; bh=dXxUrJtfQ3YI3CeFyf6GT9Ha1vgOf9+lxDPq/0qhmxM=; b=ZuQdxmmpU4q4b2XADyDgYfBSC9Q6ppfdzKgx6MK5996RqfHQ/RLUfslmxLLSp9prxL IeS1X8Yl4eTzEOFFzKn7F6rk9Ik8P77A2lNE95NrBDYT1pcesNetjHQRXdyrLqo/hSax 1pKO/jXyB5b7/gsqLvTT/poQCaZoEk7Uo5S96gF2Nz+fPRLtlWfI6/QQtKGusiRg5kvx IbSNW0QYymPZGdzxNn4sc6Qr0rhQwSHlbnuZdGceD7aLUEvSZYJCHqJEoLMo2oBqYTdI ULU0YGs2kOPfNH697VH1hVBDIUFKJc57MAv8F6c3s9jdderzURYgGWNcTSGsfs3hSgVB mjJg== X-Gm-Message-State: AOJu0YyrMDGAwr8nJm28vfDsP/oWCOAssFoDyZvWyZcQ8oGPKg3pLO8x XFx2RBi2jjH5xqtSnWStMCMyRQaok0kmM1xIRkX7SfWVkIIBND7X8+5OjZC+BtWk2uyJPVdShMr uQ4kPJVLTCyxsonIiONpmh8ku3v93I1e/zS0juRe1JQmv X-Gm-Gg: ASbGncvVTuntntqf7cQNENgjndEILwTzB2YyCMtETOogk9xy3LWGUp84/lvOZPs1Y+X YRdGbd6vUUx0OuG5SuRT/UBRdbACx6wVnCnqDyoh4HFv2uK3G+cPw5+5krV8gTDVvo7YXr6nt61 YSSTjdqFSIRhpbn6LcrzhNWlCL9z1/vKXHgQXYuDxw+6Ilf0H1jgSNfDFndSmM/g2DXrqRyGV59 I8nkrSEZyc+Aa4Uw4F2Z+KfWkuiOFSW5/L7ryMKd8fihRY0Iw/5E4PGWYWDtHMYkoJttEfCoxu2 DHO4ZT3jsjdN2kd8HUBWRzUmUQwGyNxsuvsGeH+7JfIX7zDw7DCCkHMd4lF9WRlE3VYEwYF72vW 2al2Y7TtAGZQIHqPg3GxxXzJm+EodpIA= X-Google-Smtp-Source: AGHT+IFhD6ZiBFhjcdVRjdnFLFZCumJvSrJFG9lMynE2Lre2OIXIRZGSfICoEEWnFCep0O6roEtiCdh2fpKz X-Received: by 2002:a05:6e02:19c5:b0:434:6ef2:a433 with SMTP id e9e14a558f8ab-4348c8963b5mr58199725ab.5.1763150050012; Fri, 14 Nov 2025 11:54:10 -0800 (PST) Received: from postal.iol.unh.edu (postal.iol.unh.edu. [132.177.123.84]) by smtp-relay.gmail.com with ESMTPS id e9e14a558f8ab-434833ebe8fsm5197195ab.14.2025.11.14.11.54.09 (version=TLS1_2 cipher=ECDHE-ECDSA-AES128-GCM-SHA256 bits=128/128); Fri, 14 Nov 2025 11:54:10 -0800 (PST) X-Relaying-Domain: iol.unh.edu Date: Fri, 14 Nov 2025 11:54:10 -0800 (PST) Message-ID: <691788e2.050a0220.288fac.8e17SMTPIN_ADDED_MISSING@mx.google.com> Received: from [172.21.0.2] (unknown [172.18.0.240]) by postal.iol.unh.edu (Postfix) with ESMTP id 8F1276051830; Fri, 14 Nov 2025 14:54:09 -0500 (EST) Subject: |FAILURE| pw158770 [PATCH] net/idpf: fix missing offload from conver From: dpdklab@iol.unh.edu To: Test Report Cc: dpdk-test-reports@iol.unh.edu, Bruce Richardson , Ciara Loftus In-Reply-To: <20251113145021.3793930-1-ciara.loftus@intel.com> References: <20251113145021.3793930-1-ciara.loftus@intel.com> Content-Type: text/plain X-BeenThere: test-report@dpdk.org X-Mailman-Version: 2.1.29 Precedence: list List-Id: automatic DPDK test reports List-Unsubscribe: , List-Archive: List-Post: List-Help: List-Subscribe: , Errors-To: test-report-bounces@dpdk.org Test-Label: iol-unit-amd64-testing Test-Status: FAILURE http://dpdk.org/patch/158770 _Testing issues_ Submitter: Ciara Loftus Date: Thursday, November 13 2025 14:50:21 DPDK git baseline: Repo:dpdk-next-net-intel Branch: master CommitID:e5357d609907d504f4705e4899f3dad43cb4b70f 158770 --> testing issues Upstream job id: Generic-VM-Unit-Test-DPDK#32550 Test environment and result as below: +-------------------------------+----------------+ | Environment | dpdk_unit_test | +===============================+================+ | CentOS Stream 10 | PASS | +-------------------------------+----------------+ | CentOS Stream 9 | PASS | +-------------------------------+----------------+ | Debian GNU/Linux 12 | PASS | +-------------------------------+----------------+ | Fedora Linux 41 | FAIL | +-------------------------------+----------------+ | Ubuntu 20.04 | PASS | +-------------------------------+----------------+ | Fedora Linux 40 | PASS | +-------------------------------+----------------+ | Fedora Linux 42 | PASS | +-------------------------------+----------------+ | Red Hat Enterprise Linux 9.5 | PASS | +-------------------------------+----------------+ | Red Hat Enterprise Linux 8.10 | PASS | +-------------------------------+----------------+ | Ubuntu 24.04 | PASS | +-------------------------------+----------------+ | Ubuntu 22.04 | PASS | +-------------------------------+----------------+ | Windows Server 2022 | PASS | +-------------------------------+----------------+ ==== Unit test summary for Fedora Linux 41 (dpdk_unit_test): ==== ninja: Entering directory `/root/workspace/Generic-Unit-Test-DPDK/dpdk/build' ninja: no work to do. 1/120 DPDK:fast-tests / acl_autotest OK 8.44s 2/120 DPDK:fast-tests / alarm_autotest OK 1.52s 3/120 DPDK:fast-tests / argparse_autotest OK 0.32s 4/120 DPDK:fast-tests / atomic_autotest OK 1.30s 5/120 DPDK:fast-tests / bitcount_autotest OK 0.50s 6/120 DPDK:fast-tests / bitmap_autotest OK 0.37s 7/120 DPDK:fast-tests / bitops_autotest OK 2.15s 8/120 DPDK:fast-tests / bitratestats_autotest OK 0.38s 9/120 DPDK:fast-tests / bitset_autotest OK 3.50s 10/120 DPDK:fast-tests / bpf_autotest OK 0.36s 11/120 DPDK:fast-tests / bpf_convert_autotest OK 0.44s 12/120 DPDK:fast-tests / byteorder_autotest OK 0.31s 13/120 DPDK:fast-tests / cfgfile_autotest OK 0.33s 14/120 DPDK:fast-tests / cksum_autotest OK 0.39s 15/120 DPDK:fast-tests / cmdline_autotest OK 0.33s 16/120 DPDK:fast-tests / common_autotest OK 1.20s 17/120 DPDK:fast-tests / compressdev_autotest SKIP 0.33s exit status 77 18/120 DPDK:fast-tests / cpuflags_autotest OK 0.34s 19/120 DPDK:fast-tests / crc_autotest OK 0.38s 20/120 DPDK:fast-tests / user_delay_us OK 0.29s 21/120 DPDK:fast-tests / debug_autotest OK 2.70s 22/120 DPDK:fast-tests / devargs_autotest OK 0.50s 23/120 DPDK:fast-tests / dispatcher_autotest SKIP 0.27s exit status 77 24/120 DPDK:fast-tests / distributor_autotest OK 2.61s 25/120 DPDK:fast-tests / eal_flags_c_opt_autotest OK 3.06s 26/120 DPDK:fast-tests / eal_flags_main_opt_autotest OK 0.82s 27/120 DPDK:fast-tests / eal_flags_n_opt_autotest OK 0.88s 28/120 DPDK:fast-tests / eal_flags_hpet_autotest OK 0.59s 29/120 DPDK:fast-tests / eal_flags_no_huge_autotest OK 0.82s 30/120 DPDK:fast-tests / eal_flags_a_opt_autotest OK 1.58s 31/120 DPDK:fast-tests / eal_flags_b_opt_autotest OK 1.10s 32/120 DPDK:fast-tests / eal_flags_vdev_opt_autotest OK 1.26s 33/120 DPDK:fast-tests / eal_flags_r_opt_autotest OK 0.52s 34/120 DPDK:fast-tests / eal_flags_mem_autotest OK 1.86s 35/120 DPDK:fast-tests / eal_flags_file_prefix_autotest OK 5.57s 36/120 DPDK:fast-tests / eal_flags_misc_autotest OK 5.62s 37/120 DPDK:fast-tests / eal_fs_autotest OK 0.60s 38/120 DPDK:fast-tests / errno_autotest OK 0.62s 39/120 DPDK:fast-tests / ethdev_link_status OK 0.39s 40/120 DPDK:fast-tests / event_eth_tx_adapter_autotest OK 1.62s 41/120 DPDK:fast-tests / event_ring_autotest OK 0.44s 42/120 DPDK:fast-tests / eventdev_common_autotest OK 0.42s 43/120 DPDK:fast-tests / eventdev_selftest_sw OK 0.67s 44/120 DPDK:fast-tests / fbarray_autotest OK 0.33s 45/120 DPDK:fast-tests / fib_autotest OK 2.62s 46/120 DPDK:fast-tests / fib6_autotest OK 2.66s 47/120 DPDK:fast-tests / func_reentrancy_autotest OK 1.94s 48/120 DPDK:fast-tests / graph_autotest OK 0.49s 49/120 DPDK:fast-tests / node_list_dump OK 0.41s 50/120 DPDK:fast-tests / graph_feature_arc_autotest OK 0.34s 51/120 DPDK:fast-tests / hash_autotest OK 0.83s 52/120 DPDK:fast-tests / hash_readwrite_func_autotest SKIP 0.42s exit status 77 53/120 DPDK:fast-tests / interrupt_autotest OK 1.82s 54/120 DPDK:fast-tests / ipfrag_autotest OK 0.41s 55/120 DPDK:fast-tests / ipsec_autotest SKIP 0.38s exit status 77 56/120 DPDK:fast-tests / kvargs_autotest OK 0.52s 57/120 DPDK:fast-tests / latencystats_autotest FAIL 0.51s (exit status 255 or signal 127 SIGinvalid) >>> DPDK_TEST=latencystats_autotest MALLOC_PERTURB_=119 /root/workspace/Generic-Unit-Test-DPDK/dpdk/build/app/dpdk-test --no-huge -m 2048 58/120 DPDK:fast-tests / lcore_var_autotest OK 0.87s 59/120 DPDK:fast-tests / lcores_autotest OK 3.28s 60/120 DPDK:fast-tests / logs_autotest OK 0.30s 61/120 DPDK:fast-tests / lpm_autotest OK 5.24s 62/120 DPDK:fast-tests / lpm6_autotest OK 5.19s 63/120 DPDK:fast-tests / malloc_autotest OK 0.86s 64/120 DPDK:fast-tests / mbuf_autotest OK 0.38s 65/120 DPDK:fast-tests / mcslock_autotest OK 0.82s 66/120 DPDK:fast-tests / member_autotest OK 1.55s 67/120 DPDK:fast-tests / memcpy_autotest OK 4.65s 68/120 DPDK:fast-tests / memory_autotest OK 0.32s 69/120 DPDK:fast-tests / mempool_autotest OK 0.91s 70/120 DPDK:fast-tests / memzone_autotest OK 0.29s 71/120 DPDK:fast-tests / meter_autotest OK 0.41s 72/120 DPDK:fast-tests / metrics_autotest OK 0.48s 73/120 DPDK:fast-tests / multiprocess_autotest OK 0.92s 74/120 DPDK:fast-tests / net_ether_autotest OK 1.62s 75/120 DPDK:fast-tests / net_ipv6_autotest OK 0.36s 76/120 DPDK:fast-tests / pcapng_autotest OK 8.37s 77/120 DPDK:fast-tests / pdcp_autotest SKIP 0.16s exit status 77 78/120 DPDK:fast-tests / pdump_autotest OK 0.63s 79/120 DPDK:fast-tests / per_lcore_autotest OK 0.43s 80/120 DPDK:fast-tests / pflock_autotest OK 0.34s 81/120 DPDK:fast-tests / pie_autotest OK 0.24s 82/120 DPDK:fast-tests / ring_pmd_autotest OK 0.26s 83/120 DPDK:fast-tests / power_autotest OK 0.24s 84/120 DPDK:fast-tests / power_cpufreq_autotest SKIP 0.26s exit status 77 85/120 DPDK:fast-tests / power_intel_uncore_autotest SKIP 0.32s exit status 77 86/120 DPDK:fast-tests / power_kvm_vm_autotest SKIP 0.16s exit status 77 87/120 DPDK:fast-tests / prefetch_autotest OK 0.29s 88/120 DPDK:fast-tests / ptr_compress_autotest OK 0.25s 89/120 DPDK:fast-tests / rawdev_autotest OK 0.26s 90/120 DPDK:fast-tests / rcu_qsbr_autotest OK 0.40s 91/120 DPDK:fast-tests / reorder_autotest OK 0.49s 92/120 DPDK:fast-tests / rib_autotest OK 6.77s 93/120 DPDK:fast-tests / rib6_autotest OK 9.76s 94/120 DPDK:fast-tests / ring_autotest OK 0.43s 95/120 DPDK:fast-tests / rwlock_test1_autotest OK 0.63s 96/120 DPDK:fast-tests / rwlock_rda_autotest OK 5.50s 97/120 DPDK:fast-tests / rwlock_rds_wrm_autotest OK 5.40s 98/120 DPDK:fast-tests / rwlock_rde_wro_autotest OK 5.37s 99/120 DPDK:fast-tests / sched_autotest OK 0.35s 100/120 DPDK:fast-tests / security_autotest OK 0.19s 101/120 DPDK:fast-tests / seqlock_autotest SKIP 0.26s exit status 77 102/120 DPDK:fast-tests / service_autotest OK 0.32s 103/120 DPDK:fast-tests / soring_autotest OK 0.22s 104/120 DPDK:fast-tests / spinlock_autotest OK 0.20s 105/120 DPDK:fast-tests / stack_autotest OK 0.28s 106/120 DPDK:fast-tests / stack_lf_autotest OK 0.34s 107/120 DPDK:fast-tests / string_autotest OK 0.30s 108/120 DPDK:fast-tests / table_autotest OK 11.26s 109/120 DPDK:fast-tests / tailq_autotest OK 0.28s 110/120 DPDK:fast-tests / telemetry_data_autotest OK 0.28s 111/120 DPDK:fast-tests / telemetry_json_autotest OK 0.36s 112/120 DPDK:fast-tests / thash_autotest OK 0.38s 113/120 DPDK:fast-tests / threads_autotest OK 0.62s 114/120 DPDK:fast-tests / ticketlock_autotest OK 0.33s 115/120 DPDK:fast-tests / timer_autotest OK 2.88s 116/120 DPDK:fast-tests / trace_autotest OK 0.27s 117/120 DPDK:fast-tests / trace_autotest_with_traces OK 0.33s 118/120 DPDK:fast-tests / vdev_autotest OK 0.24s 119/120 DPDK:fast-tests / version_autotest OK 0.28s 120/120 DPDK:fast-tests / telemetry_all SKIP 0.01s exit status 77 Ok: 109 Expected Fail: 0 Fail: 1 Unexpected Pass: 0 Skipped: 10 Timeout: 0 Full log written to /root/workspace/Generic-Unit-Test-DPDK/dpdk/build/meson-logs/testlog.txt Test log output from the failed test latencystats_autotest: Sorry, we were not able to find the logs for this test. Download the log output from the CI site for this test run. ==== End log output ==== CentOS Stream 10 Kernel: 5.15 Compiler: gcc gcc (GCC) 14.2.1 20250110 (Red Hat 14.2.1-8) CentOS Stream 9 Kernel: 5.15 Compiler: gcc gcc (GCC) 11.5.0 20240719 (Red Hat 11.5.0-11) Debian GNU/Linux 12 Kernel: 5.15 Compiler: gcc gcc (Debian 12.2.0-14+deb12u1) 12.2.0 Fedora Linux 41 Kernel: 5.15 Compiler: gcc gcc (GCC) 14.3.1 20250523 (Red Hat 14.3.1-1) Ubuntu 20.04 Kernel: 5.15 Compiler: gcc gcc (Ubuntu 9.4.0-1ubuntu1~20.04.2) 9.4.0 Fedora Linux 40 Kernel: 5.15 Compiler: clang gcc (GCC) 14.2.1 20240912 (Red Hat 14.2.1-3) Fedora Linux 42 Kernel: 5.15 Compiler: clang gcc (GCC) 15.2.1 20250808 (Red Hat 15.2.1-1) Red Hat Enterprise Linux 9.5 Kernel: 5.15 Compiler: gcc gcc (GCC) 11.5.0 20240719 (Red Hat 11.5.0-2) Red Hat Enterprise Linux 8.10 Kernel: 5.15 Compiler: gcc gcc (GCC) 8.5.0 20210514 (Red Hat 8.5.0-22) Ubuntu 24.04 Kernel: 5.15 Compiler: gcc gcc (Ubuntu 13.3.0-6ubuntu2~24.04) 13.3.0 Ubuntu 22.04 Kernel: 5.15 Compiler: gcc gcc (Ubuntu 11.4.0-1ubuntu1~22.04) 11.4.0 Windows Server 2022 Kernel: 10.0.20348.2031 Compiler: clang 15.0.7, gcc 14.1.0 (MinGW), and MSVC VS 19.39.33521 To view detailed results, visit: https://lab.dpdk.org/results/dashboard/patchsets/34578/ UNH-IOL DPDK Community Lab To manage your email subscriptions, visit: https://lab.dpdk.org/results/dashboard/preferences/subscriptions/