From mboxrd@z Thu Jan 1 00:00:00 1970 Return-Path: Received: from mails.dpdk.org (mails.dpdk.org [217.70.189.124]) by inbox.dpdk.org (Postfix) with ESMTP id 9C90148B0E for ; Fri, 14 Nov 2025 22:47:10 +0100 (CET) Received: from mails.dpdk.org (localhost [127.0.0.1]) by mails.dpdk.org (Postfix) with ESMTP id 9599A400D6; Fri, 14 Nov 2025 22:47:10 +0100 (CET) Received: from mail-pl1-f226.google.com (mail-pl1-f226.google.com [209.85.214.226]) by mails.dpdk.org (Postfix) with ESMTP id 1A8BD400D6 for ; Fri, 14 Nov 2025 22:47:09 +0100 (CET) Received: by mail-pl1-f226.google.com with SMTP id d9443c01a7336-2980d9b7df5so23698895ad.3 for ; Fri, 14 Nov 2025 13:47:09 -0800 (PST) DKIM-Signature: v=1; a=rsa-sha256; c=relaxed/relaxed; d=iol.unh.edu; s=unh-iol; t=1763156828; x=1763761628; darn=dpdk.org; h=cc:to:from:subject:message-id:date:from:to:cc:subject:date :message-id:reply-to; bh=RF/F34b/+y5EXoeZA4MMpyhAzr5z01BYfaXk9yG2tEY=; b=V3iY5CYGcIaWOZL/vrdsLyo41dXSa9z+tf1jSvWMgQ8ff9bbPuVS5ffJPD0JU8T0rd gggW6df/8hrPpPJ5kcCKpJcXuOpTXRVEo3bT1bi6cqcNJ/8i9Hot4HL8NAgJ9IU1Ahsz G2dUdlP16geyCHRyPPM3c3Nnk6ZvLoJ9eV0O8= X-Google-DKIM-Signature: v=1; a=rsa-sha256; c=relaxed/relaxed; d=1e100.net; s=20230601; t=1763156828; x=1763761628; h=cc:to:from:subject:message-id:date:x-gm-gg:x-gm-message-state:from :to:cc:subject:date:message-id:reply-to; bh=RF/F34b/+y5EXoeZA4MMpyhAzr5z01BYfaXk9yG2tEY=; b=XbBZgaZIcdl9ZEMa0sBvxMH+FEo5o9ZHn2/xhXx155w9meXhNTUxovLactT9TwNYs3 C5ne6mMtavRsrUxIR8m5R0kp4CrC4xF+9oBjspol4Pfe+kZJUcGQ4gwk4JZme0QZq+M0 0b1JVN0HZjxJD/TNN3U00L2Nr0XYQrkfL9wVVNOdphVZXNLAFogo/fHN85YCxgAvXeYp OzjymGt7Ih3UL+IwhGTJ+ac5cUDaXcz1vMotiPdNPYmSWalQZFHZ9i0o9KaYiv4i1EBR Mu1cv5n4tCj+ZewInG68OnaGsndQP6k5V/kWUoiRPVAieRuiSaaCE4Q3bzRS2qqhCN91 wfbQ== X-Gm-Message-State: AOJu0Yyv52MZz8jOnlepLY1LWgbRYtRGXwEqEtOZ0y6GjhFZQKbK9ZHO bUabU11P8rTXEnbNCG77DsQ8V8R4pS+TVe7Q7P59jrDNUsSrjgy255T2Pckp8LEzSK+GBidqkCg PcY9hi0K9JKwxQNqlHG42wPRwcYg5koN6bcVjT3G+NVqvo5NNW+jD X-Gm-Gg: ASbGnct39YiN9N3QqT4/1YvX0fKmMXpO2P7nLX7S1utBfgE2f5Ps/wUFrJ6R8dBIaF+ on647acmODcj8lFLx1rK3kB26Zs1d9TnXmfLtTbQu7iWSYxOB2OAQDPdt5a6/e+IGIJDZvZ8tsk WE4iIZ6hsxQPm4EinWit4sdXGHTos4IzxRGN/4q93TVArNkxhOnATTvKEvBdiHQypnuPCgEBT/M PxsFxDtq7Np78hGQPj7dcXptx3j0YbCdGAXLzhV0mHDkCgp4q4oI/J7An07ybyPC2S/SRoQVU0+ Rdfst+LTcoFJAUTpa90axR+EFPONC6r+RbccEWLBh2v64owylAYW4Ace8xJDiwAxVedTetp2LY7 Yzne3rm4f X-Google-Smtp-Source: AGHT+IGadTWT3DU/YGZ1mcliYT3lkJIkF9hYaLCgEJSmfV8TnECgyn1px9wIsBYYkuY1TPNT1OtH45+QbNU+ X-Received: by 2002:a17:902:cf0e:b0:27e:ef96:c153 with SMTP id d9443c01a7336-2986a6d5195mr48724615ad.19.1763156828217; Fri, 14 Nov 2025 13:47:08 -0800 (PST) Received: from postal.iol.unh.edu (postal.iol.unh.edu. [2606:4100:3880:1234::84]) by smtp-relay.gmail.com with ESMTPS id d9443c01a7336-2985c2a8b52sm6605335ad.42.2025.11.14.13.47.08 (version=TLS1_2 cipher=ECDHE-ECDSA-AES128-GCM-SHA256 bits=128/128); Fri, 14 Nov 2025 13:47:08 -0800 (PST) X-Relaying-Domain: iol.unh.edu Date: Fri, 14 Nov 2025 13:47:08 -0800 (PST) Message-ID: <6917a35c.170a0220.2d12a4.07d1SMTPIN_ADDED_MISSING@mx.google.com> Received: from [172.21.0.2] (unknown [172.18.0.240]) by postal.iol.unh.edu (Postfix) with ESMTP id A814F6051830; Fri, 14 Nov 2025 16:47:07 -0500 (EST) Subject: |FAILURE| [GIT MASTER] 62f583c49bf67dd4d6733ece14e55fe6839e66d1 From: dpdklab@iol.unh.edu To: Test Report Cc: dpdk-test-reports@iol.unh.edu, Xueming Li , Christian Ehrhardt , Kevin Traynor , Luca Boccassi Content-Type: text/plain X-BeenThere: test-report@dpdk.org X-Mailman-Version: 2.1.29 Precedence: list List-Id: automatic DPDK test reports List-Unsubscribe: , List-Archive: List-Post: List-Help: List-Subscribe: , Errors-To: test-report-bounces@dpdk.org _Testing issues_ Branch: tags/v23.11 62f583c49bf67dd4d6733ece14e55fe6839e66d1 --> testing issues Upstream job id: Generic-DPDK-Compile-Meson#444433 Test environment and result as below: +-------------------------------+--------------------+------------------+-------------------+ | Environment | dpdk_meson_compile | dpdk_compile_ovs | dpdk_msvc_compile | +===============================+====================+==================+===================+ | Ubuntu 20.04 | PASS | SKIPPED | SKIPPED | +-------------------------------+--------------------+------------------+-------------------+ | FreeBSD 14.2 | PASS | SKIPPED | SKIPPED | +-------------------------------+--------------------+------------------+-------------------+ | CentOS Stream 9 | PASS | SKIPPED | SKIPPED | +-------------------------------+--------------------+------------------+-------------------+ | CentOS Stream 10 | PASS | SKIPPED | SKIPPED | +-------------------------------+--------------------+------------------+-------------------+ | Debian GNU/Linux 12 | PASS | SKIPPED | SKIPPED | +-------------------------------+--------------------+------------------+-------------------+ | Fedora Linux 42 | PASS | PASS | SKIPPED | +-------------------------------+--------------------+------------------+-------------------+ | openSUSE Leap 15.6 | PASS | SKIPPED | SKIPPED | +-------------------------------+--------------------+------------------+-------------------+ | Red Hat Enterprise Linux 8.10 | PASS | SKIPPED | SKIPPED | +-------------------------------+--------------------+------------------+-------------------+ | Red Hat Enterprise Linux 9.5 | PASS | SKIPPED | SKIPPED | +-------------------------------+--------------------+------------------+-------------------+ | Ubuntu 22.04 | PASS | SKIPPED | SKIPPED | +-------------------------------+--------------------+------------------+-------------------+ | Ubuntu 24.04 | PASS | PASS | SKIPPED | +-------------------------------+--------------------+------------------+-------------------+ | Alpine Linux 3.22.0 | PASS | SKIPPED | SKIPPED | +-------------------------------+--------------------+------------------+-------------------+ | Windows Server 2022 | SKIPPED | SKIPPED | PASS | +-------------------------------+--------------------+------------------+-------------------+ Ubuntu 20.04 Kernel: 4.19 Compiler: gcc gcc (Ubuntu 9.4.0-1ubuntu1~20.04.2) 9.4.0 FreeBSD 14.2 Kernel: 14.2-RELEASE Compiler: clang 18.1.6 CentOS Stream 9 Kernel: 5.15 Compiler: gcc gcc (GCC) 11.5.0 20240719 (Red Hat 11.5.0-11) CentOS Stream 10 Kernel: 5.15 Compiler: gcc gcc (GCC) 14.2.1 20250110 (Red Hat 14.2.1-8) Debian GNU/Linux 12 Kernel: 5.15 Compiler: gcc gcc (Debian 12.2.0-14+deb12u1) 12.2.0 Fedora Linux 42 Kernel: 5.15 Compiler: gcc gcc (GCC) 15.2.1 20250808 (Red Hat 15.2.1-1) openSUSE Leap 15.6 Kernel: 5.15 Compiler: gcc gcc (SUSE Linux) 7.5.0 Red Hat Enterprise Linux 8.10 Kernel: 5.15 Compiler: gcc gcc (GCC) 8.5.0 20210514 (Red Hat 8.5.0-22) Red Hat Enterprise Linux 9.5 Kernel: 5.15 Compiler: gcc gcc (GCC) 11.5.0 20240719 (Red Hat 11.5.0-2) Ubuntu 22.04 Kernel: 5.15 Compiler: gcc gcc (Ubuntu 11.4.0-1ubuntu1~22.04) 11.4.0 Ubuntu 24.04 Kernel: 5.15 Compiler: gcc gcc (Ubuntu 13.3.0-6ubuntu2~24.04) 13.3.0 Alpine Linux 3.22.0 Kernel: 5.15 Compiler: gcc gcc (Alpine 14.2.0) 14.2.0 Windows Server 2022 Kernel: 10.0.20348.2031 Compiler: clang 15.0.7, gcc 14.1.0 (MinGW), and MSVC VS 19.39.33521 To view detailed results, visit: https://lab.dpdk.org/results/dashboard/tarballs/35593/ UNH-IOL DPDK Community Lab To manage your email subscriptions, visit: https://lab.dpdk.org/results/dashboard/preferences/subscriptions/