From mboxrd@z Thu Jan 1 00:00:00 1970 Return-Path: Received: from mails.dpdk.org (mails.dpdk.org [217.70.189.124]) by inbox.dpdk.org (Postfix) with ESMTP id BC5F148B0E for ; Sat, 15 Nov 2025 01:27:47 +0100 (CET) Received: from mails.dpdk.org (localhost [127.0.0.1]) by mails.dpdk.org (Postfix) with ESMTP id B35FF400D6; Sat, 15 Nov 2025 01:27:47 +0100 (CET) Received: from mail-io1-f99.google.com (mail-io1-f99.google.com [209.85.166.99]) by mails.dpdk.org (Postfix) with ESMTP id CD5E2400D6 for ; Sat, 15 Nov 2025 01:27:46 +0100 (CET) Received: by mail-io1-f99.google.com with SMTP id ca18e2360f4ac-9489dc9845dso100962939f.0 for ; Fri, 14 Nov 2025 16:27:46 -0800 (PST) DKIM-Signature: v=1; a=rsa-sha256; c=relaxed/relaxed; d=iol.unh.edu; s=unh-iol; t=1763166466; x=1763771266; darn=dpdk.org; h=cc:to:from:subject:message-id:date:from:to:cc:subject:date :message-id:reply-to; bh=IPqj+a7EUQZnTm5ry1UYrVxajH0BGAOvKmVnSEFYJ3s=; b=NgYCXj8IvSRVVK4FjdP/RGKJrLrWIacg6lSoKY7lCU7327ywbHqQ3W5z5Qa6/EPN9w 9f2Ge38WTsIIiQdbCBq7uECo39hyLLq2zHES39domKEN3++WFDQbn92Y8r1ippH45lxR IBP9cM1KbO/Od2DwnYQqvqtwWwdUZ5tJw7NBg= X-Google-DKIM-Signature: v=1; a=rsa-sha256; c=relaxed/relaxed; d=1e100.net; s=20230601; t=1763166466; x=1763771266; h=cc:to:from:subject:message-id:date:x-gm-gg:x-gm-message-state:from :to:cc:subject:date:message-id:reply-to; bh=IPqj+a7EUQZnTm5ry1UYrVxajH0BGAOvKmVnSEFYJ3s=; b=Wqz4fkCT1th8obbAdFl1YypN0q6DJN/Fy35OM+xtuPK/C/apKOFItlebFZM4lTFsUG cM4YW+nIEybX3GY9fWjaq6BwtoYbsPPTLiRn9jv70Pl4jnCri0yUSP/3QixoLtTpnskX RaTBvaRIOrJBhlJ9aCkd/sTKgTP41BC82tCy9Rc9PyjPW9lVwtYChMKoblNR0XPZHnqR VZksn9by0jcT54KorIWHb8/2SCaOYgOHgPWyrLmolgAPLTQ0TKcnxefzSErC1HpwagoX EdTUmpC6T8Dyu3WogFKTbsSrGVcwAicZQ2AE6K4XHV4hgX/c9podREGjcIK/FqcCmgYh R4WA== X-Gm-Message-State: AOJu0YwAid2fItrLA8Pq67EqZQKm/Vn4hG8GyjCpnCkmPl120zktLj9N mGIU9Tur7+5rsYrV8UhkHlOOJsXLLA4xFmt/csHOzZDu8j/F4PHZ8FOBcJm5CPoCzhpfS4u+KcW w9J/e8Jz9eTuunNMkrRhTX2ksAjnXHo2diHnvxmEeJw6Pt9Qarp+E X-Gm-Gg: ASbGncuC585leJwrwouEu4b739/AZa1evcI6rfKHw0+mtKE1SFfJW2B11s8Ry98eTHA NxDMsw84uKZd2RbJsckk9xZpGQQXwsrVdMbOHAmqSqn6BRqIDs391zlYKguMGRIXp3cUq0O5Yx3 Edwr+NfaEgZBI0WFkg/PfcZOfLyhUdp/x1JZOLgwegN3yNQvxuxz0wSN5n03RLCwvHG9BdX9HBg yz6G7VwF9Qmg8+mud9BDjghv9yXikwzlp3bXl1GpTJf6wKAXuSJqDJMz2Gx2nmRfzxHEMg4k3ws GHORAL3UyJgBLLZwkquftkYy1er1kc68CMVPaiwmjsfrvauFUyuNBtXMmhBjVpl1hOPJJQdplgd 0koHy9W1q X-Google-Smtp-Source: AGHT+IG2sopnN8byykLEbjQVSiy3YpetoOG600MprxFkHku5LDt1CbWVOpYDVAOliYfU/5XAzifOhtgJaxt8 X-Received: by 2002:a02:a605:0:b0:5b7:d710:6622 with SMTP id 8926c6da1cb9f-5b7d71067admr481494173.21.1763166466154; Fri, 14 Nov 2025 16:27:46 -0800 (PST) Received: from postal.iol.unh.edu (postal.iol.unh.edu. [2606:4100:3880:1234::84]) by smtp-relay.gmail.com with ESMTPS id ca18e2360f4ac-948d2b63ff7sm28382739f.3.2025.11.14.16.27.46 (version=TLS1_2 cipher=ECDHE-ECDSA-AES128-GCM-SHA256 bits=128/128); Fri, 14 Nov 2025 16:27:46 -0800 (PST) X-Relaying-Domain: iol.unh.edu Date: Fri, 14 Nov 2025 16:27:46 -0800 (PST) Message-ID: <6917c902.050a0220.209e41.f3c0SMTPIN_ADDED_MISSING@mx.google.com> Received: from [172.21.0.9] (unknown [172.18.0.240]) by postal.iol.unh.edu (Postfix) with ESMTP id 9C9C16051830; Fri, 14 Nov 2025 19:27:45 -0500 (EST) Subject: |FAILURE| [GIT MASTER] 62f583c49bf67dd4d6733ece14e55fe6839e66d1 From: dpdklab@iol.unh.edu To: Test Report Cc: dpdk-test-reports@iol.unh.edu, Xueming Li , Christian Ehrhardt , Kevin Traynor , Luca Boccassi Content-Type: text/plain X-BeenThere: test-report@dpdk.org X-Mailman-Version: 2.1.29 Precedence: list List-Id: automatic DPDK test reports List-Unsubscribe: , List-Archive: List-Post: List-Help: List-Subscribe: , Errors-To: test-report-bounces@dpdk.org _Testing issues_ Branch: tags/v23.11 62f583c49bf67dd4d6733ece14e55fe6839e66d1 --> testing issues Upstream job id: Generic-DPDK-Compile-Meson#444434 Test environment and result as below: +------------------------------+--------------------+ | Environment | dpdk_meson_compile | +==============================+====================+ | Red Hat Enterprise Linux 9.5 | PASS | +------------------------------+--------------------+ | Ubuntu 20.04 | PASS | +------------------------------+--------------------+ | Debian GNU/Linux 12 | PASS | +------------------------------+--------------------+ | Fedora Linux 42 | PASS | +------------------------------+--------------------+ | Ubuntu 22.04 | PASS | +------------------------------+--------------------+ | Ubuntu 24.04 | PASS | +------------------------------+--------------------+ | CentOS Stream 9 | PASS | +------------------------------+--------------------+ | CentOS Stream 10 | PASS | +------------------------------+--------------------+ Red Hat Enterprise Linux 9.5 Kernel: 5.4 Compiler: gcc gcc (GCC) 11.5.0 20240719 (Red Hat 11.5.0-2) Ubuntu 20.04 Kernel: 5.15 Compiler: aarch64-linux-gnu-gcc gcc (Ubuntu 9.4.0-1ubuntu1~20.04.2) 9.4.0 Debian GNU/Linux 12 Kernel: 5.4 Compiler: gcc gcc (Debian 12.2.0-14+deb12u1) 12.2.0 Fedora Linux 42 Kernel: 5.4 Compiler: gcc gcc (GCC) 15.2.1 20250808 (Red Hat 15.2.1-1) Ubuntu 22.04 Kernel: 5.4 Compiler: gcc gcc (Ubuntu 11.4.0-1ubuntu1~22.04) 11.4.0 Ubuntu 24.04 Kernel: 5.4 Compiler: gcc gcc (Ubuntu 13.3.0-6ubuntu2~24.04) 13.3.0 CentOS Stream 9 Kernel: 5.4 Compiler: gcc gcc (GCC) 11.5.0 20240719 (Red Hat 11.5.0-11) CentOS Stream 10 Kernel: 5.4 Compiler: gcc gcc (GCC) 14.2.1 20250110 (Red Hat 14.2.1-8) To view detailed results, visit: https://lab.dpdk.org/results/dashboard/tarballs/35593/ UNH-IOL DPDK Community Lab To manage your email subscriptions, visit: https://lab.dpdk.org/results/dashboard/preferences/subscriptions/