From mboxrd@z Thu Jan 1 00:00:00 1970 Return-Path: Received: from mails.dpdk.org (mails.dpdk.org [217.70.189.124]) by inbox.dpdk.org (Postfix) with ESMTP id CA98448B0E for ; Sat, 15 Nov 2025 01:28:01 +0100 (CET) Received: from mails.dpdk.org (localhost [127.0.0.1]) by mails.dpdk.org (Postfix) with ESMTP id C196A400D6; Sat, 15 Nov 2025 01:28:01 +0100 (CET) Received: from mail-qt1-f225.google.com (mail-qt1-f225.google.com [209.85.160.225]) by mails.dpdk.org (Postfix) with ESMTP id A5FEF400D6 for ; Sat, 15 Nov 2025 01:28:00 +0100 (CET) Received: by mail-qt1-f225.google.com with SMTP id d75a77b69052e-4ede6b5cad7so12142901cf.2 for ; Fri, 14 Nov 2025 16:28:00 -0800 (PST) DKIM-Signature: v=1; a=rsa-sha256; c=relaxed/relaxed; d=iol.unh.edu; s=unh-iol; t=1763166480; x=1763771280; darn=dpdk.org; h=cc:to:from:subject:message-id:date:from:to:cc:subject:date :message-id:reply-to; bh=F0XBCORrJkfp7TDWn2hUjAdJzBF1Glwd4KlA9OBdCjQ=; b=Tna5lWvKl6f19m1E+IIIlYA0VvdJW7XZ1BR+NpQxmUi6iaOUBpe5eYaRfebCbAp3vJ DXDGPjQHMH8rkYR+d1cJU5VWAt+y2xNA3B4Kx2h3r+7k4didW67d2eLHoBAZYOEvcczk FQT4mlh0pVtWk+YOz23vZl6sl5GjOK3VnDpfk= X-Google-DKIM-Signature: v=1; a=rsa-sha256; c=relaxed/relaxed; d=1e100.net; s=20230601; t=1763166480; x=1763771280; h=cc:to:from:subject:message-id:date:x-gm-gg:x-gm-message-state:from :to:cc:subject:date:message-id:reply-to; bh=F0XBCORrJkfp7TDWn2hUjAdJzBF1Glwd4KlA9OBdCjQ=; b=FiH+3mUWHkVomdKH1BjSJs99CeTC7iWJQErBAruMDzGwD2vGOVQjr2Yg8ZaGn+pKD6 gW9Wbikry1T13jJ98VpGoUHLcXdtPKfxow4jGVn/RZUCzyzr2OOBueRi2kjUkT1Cku1L 3vbef3/i/rmRYUzqno6o0EilEkqsnf/4ITdb+AxaXUIDujQm0YcOflSWFjJepURRf5Ui IPPQBmp5MujSZNh81iQSVs3HOJFQ2W3s9CqbRXNo5WS6wGNw7SFbm2CQbzj8N01DMMv/ 35vA9jnc8B4HVI60AaRaxkJaVXloVbag62oD2wLUT90KwzkgG4YZzOJxoO9eu+gzs3HM sU+Q== X-Gm-Message-State: AOJu0YxI42TVRaDXgzw77a74sIwAXR+AQplU/11BEQ4837QIQzQ1Zdkq GaCWmwcX/UyxoXKZLkHlb9lNq6QAjhOh2VKfMuUKiM6EkL+QV7Y09HdMxf9jLFl6gz8akMWZVHD fiMWSPOrOuTCwZzNTUbzzMOHDwrZZ2akJlSQU X-Gm-Gg: ASbGnctUq0NjikiV6wxhTotFS1kLz5VoQ+Dv514LvKL21AgSU44zfanoybveR5EShYd ntUsPYCQks2QQlDvxOZLQKyp4ih8hMG4VZbPaUA6tViEyhmSb7a69ut4amYrA2kNmPnDP//8A61 VEvGVibi5nxnyLhHVnC0mfjN9Z2Rus8/3T7WD96y4ffKLuq6w0yv7ewo5exzDN0CPcfrS9Ve35Z nSNfMw/Egt2Xc2/DgbIG8R0RgtyfB70KyD11a6avOQOot/rQYKtIkDvnWK4cyXaj1PZQUWgVloM pS/lLpFzYmayCrVm9dkoGYK99IVERnF7dsPbsakUbrS4L4vhVFJzhCVuOtl+BxxAkQzj9HnFxO3 YxwLCaDI09wwK3xV7J87O6lC7m5Prxhw= X-Google-Smtp-Source: AGHT+IFJrm30o6STkhuCBwkV/HLKjUQsoGYANK7FhoYsJ2DXc81XpnRG2WE6m3FWWNboP4rh9HiOyEbO7Wq9 X-Received: by 2002:a05:622a:4:b0:4ed:8264:919c with SMTP id d75a77b69052e-4edf2115cc0mr75712101cf.56.1763166480028; Fri, 14 Nov 2025 16:28:00 -0800 (PST) Received: from postal.iol.unh.edu (postal.iol.unh.edu. [132.177.123.84]) by smtp-relay.gmail.com with ESMTPS id d75a77b69052e-4ede87dcb38sm3072411cf.7.2025.11.14.16.27.59 (version=TLS1_2 cipher=ECDHE-ECDSA-AES128-GCM-SHA256 bits=128/128); Fri, 14 Nov 2025 16:28:00 -0800 (PST) X-Relaying-Domain: iol.unh.edu Date: Fri, 14 Nov 2025 16:28:00 -0800 (PST) Message-ID: <6917c910.c80a0220.1a1a56.f8c7SMTPIN_ADDED_MISSING@mx.google.com> Received: from [172.21.0.4] (unknown [172.18.0.240]) by postal.iol.unh.edu (Postfix) with ESMTP id BE7DF6051830; Fri, 14 Nov 2025 19:27:59 -0500 (EST) Subject: |FAILURE| [GIT MASTER] 62f583c49bf67dd4d6733ece14e55fe6839e66d1 From: dpdklab@iol.unh.edu To: Test Report Cc: dpdk-test-reports@iol.unh.edu, Xueming Li , Christian Ehrhardt , Kevin Traynor , Luca Boccassi Content-Type: text/plain X-BeenThere: test-report@dpdk.org X-Mailman-Version: 2.1.29 Precedence: list List-Id: automatic DPDK test reports List-Unsubscribe: , List-Archive: List-Post: List-Help: List-Subscribe: , Errors-To: test-report-bounces@dpdk.org _Testing issues_ Branch: tags/v23.11 62f583c49bf67dd4d6733ece14e55fe6839e66d1 --> testing issues Upstream job id: Generic-DPDK-Compile-Meson#444437 Test environment and result as below: +------------------------------+--------------------+ | Environment | dpdk_meson_compile | +==============================+====================+ | Red Hat Enterprise Linux 9.5 | PASS | +------------------------------+--------------------+ | Ubuntu 20.04 | PASS | +------------------------------+--------------------+ | Debian GNU/Linux 12 | PASS | +------------------------------+--------------------+ | Fedora Linux 42 | PASS | +------------------------------+--------------------+ | Ubuntu 22.04 | PASS | +------------------------------+--------------------+ | Ubuntu 24.04 | PASS | +------------------------------+--------------------+ | CentOS Stream 9 | PASS | +------------------------------+--------------------+ | CentOS Stream 10 | PASS | +------------------------------+--------------------+ Red Hat Enterprise Linux 9.5 Kernel: 5.4 Compiler: gcc gcc (GCC) 11.5.0 20240719 (Red Hat 11.5.0-2) Ubuntu 20.04 Kernel: 5.15 Compiler: aarch64-linux-gnu-gcc gcc (Ubuntu 9.4.0-1ubuntu1~20.04.2) 9.4.0 Debian GNU/Linux 12 Kernel: 5.4 Compiler: gcc gcc (Debian 12.2.0-14+deb12u1) 12.2.0 Fedora Linux 42 Kernel: 5.4 Compiler: gcc gcc (GCC) 15.2.1 20250808 (Red Hat 15.2.1-1) Ubuntu 22.04 Kernel: 5.4 Compiler: gcc gcc (Ubuntu 11.4.0-1ubuntu1~22.04) 11.4.0 Ubuntu 24.04 Kernel: 5.4 Compiler: gcc gcc (Ubuntu 13.3.0-6ubuntu2~24.04) 13.3.0 CentOS Stream 9 Kernel: 5.4 Compiler: gcc gcc (GCC) 11.5.0 20240719 (Red Hat 11.5.0-11) CentOS Stream 10 Kernel: 5.4 Compiler: gcc gcc (GCC) 14.2.1 20250110 (Red Hat 14.2.1-8) To view detailed results, visit: https://lab.dpdk.org/results/dashboard/tarballs/35593/ UNH-IOL DPDK Community Lab To manage your email subscriptions, visit: https://lab.dpdk.org/results/dashboard/preferences/subscriptions/