From mboxrd@z Thu Jan 1 00:00:00 1970 Return-Path: Received: from mails.dpdk.org (mails.dpdk.org [217.70.189.124]) by inbox.dpdk.org (Postfix) with ESMTP id D58DE48B0E for ; Sat, 15 Nov 2025 01:58:09 +0100 (CET) Received: from mails.dpdk.org (localhost [127.0.0.1]) by mails.dpdk.org (Postfix) with ESMTP id D0433400D6; Sat, 15 Nov 2025 01:58:09 +0100 (CET) Received: from mail-pj1-f97.google.com (mail-pj1-f97.google.com [209.85.216.97]) by mails.dpdk.org (Postfix) with ESMTP id 607C0400D6 for ; Sat, 15 Nov 2025 01:58:08 +0100 (CET) Received: by mail-pj1-f97.google.com with SMTP id 98e67ed59e1d1-34182b1c64bso1760867a91.3 for ; Fri, 14 Nov 2025 16:58:08 -0800 (PST) DKIM-Signature: v=1; a=rsa-sha256; c=relaxed/relaxed; d=iol.unh.edu; s=unh-iol; t=1763168287; x=1763773087; darn=dpdk.org; h=references:in-reply-to:cc:to:from:subject:message-id:date:from:to :cc:subject:date:message-id:reply-to; bh=yfzCztjsNPIPdkM92wClwAGcICxuu9oWBO9FNDJVlyY=; b=KdCf/HnXGelLa9HrDLyv197jAz4IRfpisEzpJbFNu1V63Zd0WAHJLkWkj0wCAIm27P SX9lnASYX9TIOY86cc7s7mW8uguLcDEzgGESBzWlZjP/gF0ibLzqqs/fe/EI163IpxfM x2WaPDGNGVOfCj/HOdVeXBOvS8M9IrPjsS2LM= X-Google-DKIM-Signature: v=1; a=rsa-sha256; c=relaxed/relaxed; d=1e100.net; s=20230601; t=1763168287; x=1763773087; h=references:in-reply-to:cc:to:from:subject:message-id:date:x-gm-gg :x-gm-message-state:from:to:cc:subject:date:message-id:reply-to; bh=yfzCztjsNPIPdkM92wClwAGcICxuu9oWBO9FNDJVlyY=; b=Xu55aS61ekC7+tBxjcQm6IEKLel7XMINImIFI57YQuxhQHLYrP57uYpCGNQ72zJUeY drc58UY9uFSgyG/eZQ+aVKY5YnaPBAN8fShafvkrDkIeVTy6dxAdLf/Rp503dS04KwoW LeraZKAldAE7EMZeq4oHGnZOBTM5pDbtjvPYGL4znuNUKp9L8Xkk+Dkzg+PQy/KoRASa lJf8PgZtzPBGam331PsAm93D1J9hm/Q7F+ll48Ex62ZRjGepcAsVEF8vi0J5mMgLJtxy 3uBpyFnvYBN69/VwANalIm8lepG9KZaEq1ewhv9wO9+srExFYH/HOZ3am8ANbH4gUZ4s cWQw== X-Gm-Message-State: AOJu0YwI/E4RKA4CxnL2RSmxw7ovRhJVWS1BzCFZA3OwReyObLrmG5BQ x7X6St1XR3HgZZEyKbZg/W5aHhyKgXkSsC5TSu7qrFde6Rj7q1ebyqk/Cu8rRciTumkCNsXgT4d kOyfYIL9zrD61a14RpQVrgSVzAIPro/gkFiTE3PsOimkcFVq1H/yqab5t+AFE X-Gm-Gg: ASbGncuFQ0Gn7xASRbBm3BAWptCJXP2wXQatiQZDLdtNKPqhYtMLrS5hyg67vRuPlIN 2DU6KKO93MZTDu4y//0l33DhFNcOOPvzr+awadCoukhDTvI8HpAJKbT2aXSoT6ZmqDe9xbPHgut kCKkgCToO18ZTfbSwMpS5QH6UgnWxoDyGmPZpETvgqR9YxM3Cqd6i7OPEKOsKteHRtYLwb2TZ0A V5rfAzwytV5bjyHakb8bUxrilrhStyN32vzRcq6E7xcvbWl2K8P7QEmCEYhC7nqt4YNcWkcQAef CASwI+PNPrIUvt1D5NwExfI0E/6bzUbm6mDaG46BelgfQ7q900Fu4q4cWZfQiecgitN0imaPk0N LunPJp+az X-Google-Smtp-Source: AGHT+IHWxPsAwyCInLayl4ycRVFRtbZGoXI1ohK69VRLwOaUJIKfJ9UxXmDiwQrd6xVk1tc/ptJbAZxHSS32 X-Received: by 2002:a17:90a:c2c6:b0:32e:d600:4fdb with SMTP id 98e67ed59e1d1-343fa62cd0dmr4795983a91.18.1763168287543; Fri, 14 Nov 2025 16:58:07 -0800 (PST) Received: from postal.iol.unh.edu (postal.iol.unh.edu. [2606:4100:3880:1234::84]) by smtp-relay.gmail.com with ESMTPS id 41be03b00d2f7-bc36de0a080sm481639a12.3.2025.11.14.16.58.07 (version=TLS1_2 cipher=ECDHE-ECDSA-AES128-GCM-SHA256 bits=128/128); Fri, 14 Nov 2025 16:58:07 -0800 (PST) X-Relaying-Domain: iol.unh.edu Date: Fri, 14 Nov 2025 16:58:07 -0800 (PST) Message-ID: <6917d01f.050a0220.17018.80d1SMTPIN_ADDED_MISSING@mx.google.com> Received: from [172.21.0.2] (unknown [172.18.0.240]) by postal.iol.unh.edu (Postfix) with ESMTP id 5B97C6051830; Fri, 14 Nov 2025 19:58:06 -0500 (EST) Subject: |FAILURE| pw158794-158812 [PATCH] [v2,19/19] vfio: introduce cdev mo From: dpdklab@iol.unh.edu To: Test Report Cc: dpdk-test-reports@iol.unh.edu, Anatoly Burakov In-Reply-To: <45db9c5e1589c56ed0e31a0e15390da5366ca5c2.1763142008.git.anatoly.burakov@intel.com> References: <45db9c5e1589c56ed0e31a0e15390da5366ca5c2.1763142008.git.anatoly.burakov@intel.com> Content-Type: text/plain X-BeenThere: test-report@dpdk.org X-Mailman-Version: 2.1.29 Precedence: list List-Id: automatic DPDK test reports List-Unsubscribe: , List-Archive: List-Post: List-Help: List-Subscribe: , Errors-To: test-report-bounces@dpdk.org Test-Label: iol-compile-amd64-testing Test-Status: FAILURE http://dpdk.org/patch/158812 _Testing issues_ Submitter: Anatoly Burakov Date: Friday, November 14 2025 17:40:29 DPDK git baseline: Repo:dpdk Branch: master CommitID:be0112878b4fc3a1b918370ed2fe615c52039d77 158794-158812 --> testing issues Upstream job id: Windows-Compile-DPDK-VS#7557 Test environment and result as below: +---------------------+--------------------+-------------------+ | Environment | dpdk_meson_compile | dpdk_msvc_compile | +=====================+====================+===================+ | Ubuntu 20.04 | PASS | SKIPPED | +---------------------+--------------------+-------------------+ | FreeBSD 14.2 | FAIL | SKIPPED | +---------------------+--------------------+-------------------+ | Windows Server 2022 | SKIPPED | PASS | +---------------------+--------------------+-------------------+ ==== 20 line log output for FreeBSD 14.2 (dpdk_meson_compile): ==== FAILED: lib/eal.sym_chk /usr/local/bin/meson --internal exe --capture lib/eal.sym_chk -- /root/workspace/Generic-VM-DPDK-Compile-Meson/dpdk/buildtools/check-symbols.sh /root/workspace/Generic-VM-DPDK-Compile-Meson/dpdk/build/lib/eal_exports.map lib/librte_eal.a --- stderr --- rte_vfio_get_device_info is not flagged as experimental but is exported as an experimental symbol Please add __rte_experimental to the definition of rte_vfio_get_device_info rte_vfio_get_device_num is not flagged as experimental but is exported as an experimental symbol Please add __rte_experimental to the definition of rte_vfio_get_device_num rte_vfio_get_device_info is flagged as internal but is not exported as an internal symbol Please add RTE_EXPORT_INTERNAL_SYMBOL to the definition of rte_vfio_get_device_info rte_vfio_get_mode is flagged as internal but is not exported as an internal symbol Please add RTE_EXPORT_INTERNAL_SYMBOL to the definition of rte_vfio_get_mode rte_vfio_get_device_num is flagged as internal but is not exported as an internal symbol Please add RTE_EXPORT_INTERNAL_SYMBOL to the definition of rte_vfio_get_device_num [179/2125] Compiling C object lib/librte_metrics.a.p/metrics_rte_metrics_telemetry.c.o [180/2125] Compiling C object lib/librte_hash.a.p/hash_rte_hash_crc.c.o [181/2125] Compiling C object lib/librte_hash.a.p/hash_rte_fbk_hash.c.o [182/2125] Compiling C object lib/librte_hash.a.p/hash_rte_cuckoo_hash.c.o [183/2125] Generating ethdev.sym_chk with a custom command (wrapped by meson to capture output) ninja: build stopped: subcommand failed. ==== End log output ==== Ubuntu 20.04 Kernel: 4.19 Compiler: gcc gcc (Ubuntu 9.4.0-1ubuntu1~20.04.2) 9.4.0 FreeBSD 14.2 Kernel: 14.2-RELEASE Compiler: clang 18.1.6 Windows Server 2022 Kernel: 10.0.20348.2031 Compiler: clang 15.0.7, gcc 14.1.0 (MinGW), and MSVC VS 19.39.33521 To view detailed results, visit: https://lab.dpdk.org/results/dashboard/patchsets/34593/ UNH-IOL DPDK Community Lab To manage your email subscriptions, visit: https://lab.dpdk.org/results/dashboard/preferences/subscriptions/