From mboxrd@z Thu Jan 1 00:00:00 1970 Return-Path: Received: from mails.dpdk.org (mails.dpdk.org [217.70.189.124]) by inbox.dpdk.org (Postfix) with ESMTP id DE6E748B10 for ; Sat, 15 Nov 2025 04:31:42 +0100 (CET) Received: from mails.dpdk.org (localhost [127.0.0.1]) by mails.dpdk.org (Postfix) with ESMTP id BD094400D6; Sat, 15 Nov 2025 04:31:42 +0100 (CET) Received: from mail-pl1-f225.google.com (mail-pl1-f225.google.com [209.85.214.225]) by mails.dpdk.org (Postfix) with ESMTP id 996F1400D6 for ; Sat, 15 Nov 2025 04:31:41 +0100 (CET) Received: by mail-pl1-f225.google.com with SMTP id d9443c01a7336-298287a26c3so32031275ad.0 for ; Fri, 14 Nov 2025 19:31:41 -0800 (PST) DKIM-Signature: v=1; a=rsa-sha256; c=relaxed/relaxed; d=iol.unh.edu; s=unh-iol; t=1763177500; x=1763782300; darn=dpdk.org; h=cc:to:from:subject:message-id:date:from:to:cc:subject:date :message-id:reply-to; bh=QciAZTmIt3ZkZD0WsmCgCuDPopLZNqUNfRS7CCWW9yE=; b=Q7OEfEjVOzCdtkM8kEcXpGxN2KEiLnF1EvMZDeS9FGteRt4Pd+T5KVIPYNRK9RG061 miAeeN1qgy59+wDGOMRA0RWbCBgek+iR+vlBvqhpKxJ8zdO0rsIfQ9t7L+lWURrdhcCu UPzNK9qJhMw7PIx8M0bJMEKJBEO+VT90zKc/s= X-Google-DKIM-Signature: v=1; a=rsa-sha256; c=relaxed/relaxed; d=1e100.net; s=20230601; t=1763177500; x=1763782300; h=cc:to:from:subject:message-id:date:x-gm-gg:x-gm-message-state:from :to:cc:subject:date:message-id:reply-to; bh=QciAZTmIt3ZkZD0WsmCgCuDPopLZNqUNfRS7CCWW9yE=; b=QESRHEdgEfPmbXydTF5W1peID8gqun02pExyRw2h27t0QAb0szH4otuSwIlGlib6cy 44W0G8nzs5zcWk8MNCOoTW72WheoT3BNzHIwhhowJpQaB1vK3f2cHuWfvrodt6sBOR8q xc1mPKNrXdhkUnrH0EySKQm9ffA6bFuqfIB7h+W1SScryHGWh/bd0Xmg3OI4q/3WM0mX xNCWEYXOJss8PwBDR+odEyc5eCC46L4XyuyNl3a1P/BOWsemo4gTvuP8DcZsL5rE9MHJ oTMHSSyq9dd8jXRN1qFMf0LYoBM5L2++oZMFf5Qdacj/cJMqj5j8TAvu2XCye3jyt+Md B9jQ== X-Gm-Message-State: AOJu0YyXC8idVhUIo9R1ZJ9VPIy5g8/FY/4uWPCtHYXrx9SkgrFZtn/1 5O+SODw/AOVAedqFooNgbPThe2u5QYEyyPBxzyf6OuI6yYaMXCXDRNvs/OXC+TlQ+Sv4jSiUd1f DLS78IHRZOJkLsP8xrZIquqdAN7MBNuTftRXejOaGFzlx531x+K1o X-Gm-Gg: ASbGncuEIkSEbVc8luvHEEKv/GiAnHXknQQY2ROX1+1/oSfB/LuQL2QTegPsmhUfyG8 WR2I6PW6PnbACMyKlhmwiwyaLcGdhgXW/BFXN4c3vn5mFFMLIVGni7ua9vO91PZfgZWYz1wCMi3 4OtOKmSS19gFL/zME+v4Ad/xWOVfRshIzJgc6ClhLrvSI59XUWdynas+4lJcj5bLcHLPnaFClHE 8LEAEuGNirgIsUmJ9dXZzDZOdRMoMXg17dzc1SjyOtq/SWfn6Pw8ss6Q+9KwDm5lFOM5dM03y5F z+IFOlSAGBlwIi6KkWEGQE/x28mrrI5fTr4MePfyunNG3PjCDNGz4FzVGhKH9DQe4G4Dv7J3sBa Jauo/Ux8w X-Google-Smtp-Source: AGHT+IGUvW9oyx5w0yofCRgBN8gs7kpBXx+FGP2Xy6NMnakGkRenG5iGzEEi8sVVf1PrOjVPWWmJkLom8xoK X-Received: by 2002:a17:902:cf08:b0:265:47:a7bd with SMTP id d9443c01a7336-2986a6bcff3mr61923125ad.4.1763177500613; Fri, 14 Nov 2025 19:31:40 -0800 (PST) Received: from postal.iol.unh.edu (postal.iol.unh.edu. [2606:4100:3880:1234::84]) by smtp-relay.gmail.com with ESMTPS id d9443c01a7336-2985c2c3f5dsm7770735ad.59.2025.11.14.19.31.40 (version=TLS1_2 cipher=ECDHE-ECDSA-AES128-GCM-SHA256 bits=128/128); Fri, 14 Nov 2025 19:31:40 -0800 (PST) X-Relaying-Domain: iol.unh.edu Date: Fri, 14 Nov 2025 19:31:40 -0800 (PST) Message-ID: <6917f41c.170a0220.2ea11d.737bSMTPIN_ADDED_MISSING@mx.google.com> Received: from [172.21.0.3] (unknown [172.18.0.240]) by postal.iol.unh.edu (Postfix) with ESMTP id 226096051830; Fri, 14 Nov 2025 22:31:40 -0500 (EST) Subject: |FAILURE| [GIT MASTER] 62f583c49bf67dd4d6733ece14e55fe6839e66d1 From: dpdklab@iol.unh.edu To: Test Report Cc: dpdk-test-reports@iol.unh.edu, Xueming Li , Christian Ehrhardt , Kevin Traynor , Luca Boccassi Content-Type: text/plain X-BeenThere: test-report@dpdk.org X-Mailman-Version: 2.1.29 Precedence: list List-Id: automatic DPDK test reports List-Unsubscribe: , List-Archive: List-Post: List-Help: List-Subscribe: , Errors-To: test-report-bounces@dpdk.org _Testing issues_ Branch: tags/v23.11 62f583c49bf67dd4d6733ece14e55fe6839e66d1 --> testing issues Upstream job id: Generic-VM-Unit-Test-DPDK#32569 Test environment and result as below: +-------------------------------+----------------+ | Environment | dpdk_unit_test | +===============================+================+ | CentOS Stream 10 | PASS | +-------------------------------+----------------+ | Fedora Linux 40 | PASS | +-------------------------------+----------------+ | CentOS Stream 9 | PASS | +-------------------------------+----------------+ | Debian GNU/Linux 12 | PASS | +-------------------------------+----------------+ | Fedora Linux 41 | PASS | +-------------------------------+----------------+ | Ubuntu 20.04 | PASS | +-------------------------------+----------------+ | Fedora Linux 42 | PASS | +-------------------------------+----------------+ | Red Hat Enterprise Linux 9.5 | PASS | +-------------------------------+----------------+ | Ubuntu 22.04 | PASS | +-------------------------------+----------------+ | Red Hat Enterprise Linux 8.10 | PASS | +-------------------------------+----------------+ | Ubuntu 24.04 | PASS | +-------------------------------+----------------+ | Windows Server 2022 | FAIL | +-------------------------------+----------------+ ==== Unit test summary for Windows Server 2022 (dpdk_unit_test): ==== Failed to get the unit test results. Displaying the unit test results is not supported for some environments, such as our aarch32 testing, where meson is not used to run the tests. Download the logs available on our CI site. ==== End log output ==== CentOS Stream 10 Kernel: 5.15 Compiler: gcc gcc (GCC) 14.2.1 20250110 (Red Hat 14.2.1-8) Fedora Linux 40 Kernel: 5.15 Compiler: clang gcc (GCC) 14.2.1 20240912 (Red Hat 14.2.1-3) CentOS Stream 9 Kernel: 5.15 Compiler: gcc gcc (GCC) 11.5.0 20240719 (Red Hat 11.5.0-11) Debian GNU/Linux 12 Kernel: 5.15 Compiler: gcc gcc (Debian 12.2.0-14+deb12u1) 12.2.0 Fedora Linux 41 Kernel: 5.15 Compiler: gcc gcc (GCC) 14.3.1 20250523 (Red Hat 14.3.1-1) Ubuntu 20.04 Kernel: 5.15 Compiler: gcc gcc (Ubuntu 9.4.0-1ubuntu1~20.04.2) 9.4.0 Fedora Linux 42 Kernel: 5.15 Compiler: gcc gcc (GCC) 15.2.1 20250808 (Red Hat 15.2.1-1) Red Hat Enterprise Linux 9.5 Kernel: 5.15 Compiler: gcc gcc (GCC) 11.5.0 20240719 (Red Hat 11.5.0-2) Ubuntu 22.04 Kernel: 5.15 Compiler: gcc gcc (Ubuntu 11.4.0-1ubuntu1~22.04) 11.4.0 Red Hat Enterprise Linux 8.10 Kernel: 5.15 Compiler: gcc gcc (GCC) 8.5.0 20210514 (Red Hat 8.5.0-22) Ubuntu 24.04 Kernel: 5.15 Compiler: gcc gcc (Ubuntu 13.3.0-6ubuntu2~24.04) 13.3.0 Windows Server 2022 Kernel: 10.0.20348.2031 Compiler: clang 15.0.7, gcc 14.1.0 (MinGW), and MSVC VS 19.39.33521 To view detailed results, visit: https://lab.dpdk.org/results/dashboard/tarballs/35593/ UNH-IOL DPDK Community Lab To manage your email subscriptions, visit: https://lab.dpdk.org/results/dashboard/preferences/subscriptions/