From mboxrd@z Thu Jan 1 00:00:00 1970 Return-Path: Received: from mails.dpdk.org (mails.dpdk.org [217.70.189.124]) by inbox.dpdk.org (Postfix) with ESMTP id 1033948B13 for ; Sat, 15 Nov 2025 04:51:00 +0100 (CET) Received: from mails.dpdk.org (localhost [127.0.0.1]) by mails.dpdk.org (Postfix) with ESMTP id E04B3400D6; Sat, 15 Nov 2025 04:50:59 +0100 (CET) Received: from mail-ot1-f99.google.com (mail-ot1-f99.google.com [209.85.210.99]) by mails.dpdk.org (Postfix) with ESMTP id EED98400D6 for ; Sat, 15 Nov 2025 04:50:58 +0100 (CET) Received: by mail-ot1-f99.google.com with SMTP id 46e09a7af769-7c6da5e3353so2099283a34.3 for ; Fri, 14 Nov 2025 19:50:58 -0800 (PST) DKIM-Signature: v=1; a=rsa-sha256; c=relaxed/relaxed; d=iol.unh.edu; s=unh-iol; t=1763178658; x=1763783458; darn=dpdk.org; h=cc:to:from:subject:message-id:date:from:to:cc:subject:date :message-id:reply-to; bh=SZJrC9FnHxy/Ax+t0swhTBxIAgjpy9t6Wzm6s6R9SJc=; b=Vq+jEe70BF9+DjcfPicq+ItA7PEdylGqJvrqFczmm6jqYv45k7a0SDY94Q097vNUMh khrCnBuX9kRK6pVDsPjkeLKzTjt7bhVJD/MYhUteOjZJXSIDp4ASBuMIkuskC5HiA3ZL 8fe3ZAlHcSDkBkNj2DesMN2NkBVLonw5V1+x0= X-Google-DKIM-Signature: v=1; a=rsa-sha256; c=relaxed/relaxed; d=1e100.net; s=20230601; t=1763178658; x=1763783458; h=cc:to:from:subject:message-id:date:x-gm-gg:x-gm-message-state:from :to:cc:subject:date:message-id:reply-to; bh=SZJrC9FnHxy/Ax+t0swhTBxIAgjpy9t6Wzm6s6R9SJc=; b=iDw3ywoECMv08rJdwsrNvuHBTr7i4CKSV5uCrJXgyAS/XuvNUXU/VEk/SgJIoBS30f WbMUTzFVpFOTlvSEZSMKCfZLzJWuctjQh1YwCHohoSlLDtGdfLSfAyqR+KNnQEAAI7Wz cQZvJAy5NJRPOmEVMYZ2/3gC+R7etY4xkkikuzrUl7MQ5zYO6ld5SrqF3uIbItYXAOqw YodIIGWR/Q1tyQGu3OBUkPI5TAIStwQQyHJkHDuELQM+NC89jL7ToaX6aBdXrkG9FQCi SzCLXoUOa1IsnTVOnavdECt5p6N593RGTZeWAY7HU/fHxq04KRlgjIdWU9Ns7GX7U2vY 5JWw== X-Gm-Message-State: AOJu0YzE31ZUD+yXsAQoE9nLZxXAac3TtzfVjWImEFDZ/S+PCrXBXK2u xjdPUh8kYzVb7nfAph6gl7EmiizpfE04hTRICSw8iqFoeT4vjzn7bpLFF+f0POAUPlzkkr5wPgq cQmo8C7h9ibpSpz4+ZcUE1C24qQCNOLW2JO5OVAEjHzQnl4wlmBlD X-Gm-Gg: ASbGncuT9l8NvSe/+ETtrLcEQi2+gDAF3as9dB/NAZbZN0zL9vVbIcp8rjcZxl3MWU+ YGNudBp7sqP+C9iXB2RXtWDDGjjF7PR8UgDR6sc+flTnDBsIia9IVBHlelTfQx8On0nN1OYOH0W 2UWV3mMEhFoMrdmQyRg74Gdbsaz8TJsBFsC6fKBsqlU7BmCDLNGjcEN1riisu4H8HbAGLx1cj/z ThpJp1XAqeUBExD3ubGHV5SrqJh3URiR+Gu1RwgVesg8Y8/6+mIYEn8BEtYmESAzn0pQ0dm18rA ccuiTXGFamZu7aR+XE2NzoEozJ7uKsfP9BHt2HnK0JjdFSVISawluczy93wLz9NS7YnGZS6LGaB ikGHelKO1 X-Google-Smtp-Source: AGHT+IGN0Z+6YsAVZigrcTXU6NqySEC0b+EMOiV82n2BBkfzULgXwSDx9oSpaa4+oSp3MtFUseT4R12Ic05N X-Received: by 2002:a05:6830:3c8a:b0:7c6:819d:bddd with SMTP id 46e09a7af769-7c7445c0171mr3532539a34.34.1763178658211; Fri, 14 Nov 2025 19:50:58 -0800 (PST) Received: from postal.iol.unh.edu (postal.iol.unh.edu. [2606:4100:3880:1234::84]) by smtp-relay.gmail.com with ESMTPS id 46e09a7af769-7c73a324d05sm665056a34.3.2025.11.14.19.50.58 (version=TLS1_2 cipher=ECDHE-ECDSA-AES128-GCM-SHA256 bits=128/128); Fri, 14 Nov 2025 19:50:58 -0800 (PST) X-Relaying-Domain: iol.unh.edu Date: Fri, 14 Nov 2025 19:50:58 -0800 (PST) Message-ID: <6917f8a2.050a0220.31b66b.226bSMTPIN_ADDED_MISSING@mx.google.com> Received: from [172.21.0.3] (unknown [172.18.0.240]) by postal.iol.unh.edu (Postfix) with ESMTP id A711D6051830; Fri, 14 Nov 2025 22:50:57 -0500 (EST) Subject: |FAILURE| [GIT MASTER] 62f583c49bf67dd4d6733ece14e55fe6839e66d1 From: dpdklab@iol.unh.edu To: Test Report Cc: dpdk-test-reports@iol.unh.edu, Xueming Li , Christian Ehrhardt , Kevin Traynor , Luca Boccassi Content-Type: text/plain X-BeenThere: test-report@dpdk.org X-Mailman-Version: 2.1.29 Precedence: list List-Id: automatic DPDK test reports List-Unsubscribe: , List-Archive: List-Post: List-Help: List-Subscribe: , Errors-To: test-report-bounces@dpdk.org _Testing issues_ Branch: tags/v23.11 62f583c49bf67dd4d6733ece14e55fe6839e66d1 --> testing issues Upstream job id: Generic-VM-Unit-Test-DPDK#32570 Test environment and result as below: +-------------------------------+----------------+ | Environment | dpdk_unit_test | +===============================+================+ | CentOS Stream 10 | PASS | +-------------------------------+----------------+ | Fedora Linux 40 | PASS | +-------------------------------+----------------+ | CentOS Stream 9 | PASS | +-------------------------------+----------------+ | Debian GNU/Linux 12 | PASS | +-------------------------------+----------------+ | Fedora Linux 41 | PASS | +-------------------------------+----------------+ | Ubuntu 20.04 | PASS | +-------------------------------+----------------+ | Fedora Linux 42 | PASS | +-------------------------------+----------------+ | Red Hat Enterprise Linux 9.5 | PASS | +-------------------------------+----------------+ | Ubuntu 22.04 | PASS | +-------------------------------+----------------+ | Red Hat Enterprise Linux 8.10 | PASS | +-------------------------------+----------------+ | Ubuntu 24.04 | PASS | +-------------------------------+----------------+ | Windows Server 2022 | FAIL | +-------------------------------+----------------+ ==== Unit test summary for Windows Server 2022 (dpdk_unit_test): ==== Failed to get the unit test results. Displaying the unit test results is not supported for some environments, such as our aarch32 testing, where meson is not used to run the tests. Download the logs available on our CI site. ==== End log output ==== CentOS Stream 10 Kernel: 5.15 Compiler: gcc gcc (GCC) 14.2.1 20250110 (Red Hat 14.2.1-8) Fedora Linux 40 Kernel: 5.15 Compiler: clang gcc (GCC) 14.2.1 20240912 (Red Hat 14.2.1-3) CentOS Stream 9 Kernel: 5.15 Compiler: gcc gcc (GCC) 11.5.0 20240719 (Red Hat 11.5.0-11) Debian GNU/Linux 12 Kernel: 5.15 Compiler: gcc gcc (Debian 12.2.0-14+deb12u1) 12.2.0 Fedora Linux 41 Kernel: 5.15 Compiler: gcc gcc (GCC) 14.3.1 20250523 (Red Hat 14.3.1-1) Ubuntu 20.04 Kernel: 5.15 Compiler: gcc gcc (Ubuntu 9.4.0-1ubuntu1~20.04.2) 9.4.0 Fedora Linux 42 Kernel: 5.15 Compiler: gcc gcc (GCC) 15.2.1 20250808 (Red Hat 15.2.1-1) Red Hat Enterprise Linux 9.5 Kernel: 5.15 Compiler: gcc gcc (GCC) 11.5.0 20240719 (Red Hat 11.5.0-2) Ubuntu 22.04 Kernel: 5.15 Compiler: gcc gcc (Ubuntu 11.4.0-1ubuntu1~22.04) 11.4.0 Red Hat Enterprise Linux 8.10 Kernel: 5.15 Compiler: gcc gcc (GCC) 8.5.0 20210514 (Red Hat 8.5.0-22) Ubuntu 24.04 Kernel: 5.15 Compiler: gcc gcc (Ubuntu 13.3.0-6ubuntu2~24.04) 13.3.0 Windows Server 2022 Kernel: 10.0.20348.2031 Compiler: clang 15.0.7, gcc 14.1.0 (MinGW), and MSVC VS 19.39.33521 To view detailed results, visit: https://lab.dpdk.org/results/dashboard/tarballs/35593/ UNH-IOL DPDK Community Lab To manage your email subscriptions, visit: https://lab.dpdk.org/results/dashboard/preferences/subscriptions/