From mboxrd@z Thu Jan 1 00:00:00 1970 Return-Path: Received: from mails.dpdk.org (mails.dpdk.org [217.70.189.124]) by inbox.dpdk.org (Postfix) with ESMTP id 4480448B13 for ; Sat, 15 Nov 2025 05:42:21 +0100 (CET) Received: from mails.dpdk.org (localhost [127.0.0.1]) by mails.dpdk.org (Postfix) with ESMTP id 3C473400D6; Sat, 15 Nov 2025 05:42:21 +0100 (CET) Received: from mail-yw1-f228.google.com (mail-yw1-f228.google.com [209.85.128.228]) by mails.dpdk.org (Postfix) with ESMTP id B842D400D6 for ; Sat, 15 Nov 2025 05:42:20 +0100 (CET) Received: by mail-yw1-f228.google.com with SMTP id 00721157ae682-71d71bcab6fso25274787b3.0 for ; Fri, 14 Nov 2025 20:42:20 -0800 (PST) DKIM-Signature: v=1; a=rsa-sha256; c=relaxed/relaxed; d=iol.unh.edu; s=unh-iol; t=1763181740; x=1763786540; darn=dpdk.org; h=cc:to:from:subject:message-id:date:from:to:cc:subject:date :message-id:reply-to; bh=C/x2SNWxbDc6nuj7JqLinHGtCp5DYN0S5wGf177jMyw=; b=SADN/GKRXweR3rhU8RDCraUfH/f3wpv4C3bbHsz3NvL5xAFlR3q8qURUTMF14rtRR5 EUEuxRd9DUakzLqyN57BYtMqqMeGsSNs0BjBRWC+SDGs2pYmtpXnOJnZN4jGMOek9VQM ZD2OvQep24qKX32zYb+sDrfV331GzMw7LHIRA= X-Google-DKIM-Signature: v=1; a=rsa-sha256; c=relaxed/relaxed; d=1e100.net; s=20230601; t=1763181740; x=1763786540; h=cc:to:from:subject:message-id:date:x-gm-gg:x-gm-message-state:from :to:cc:subject:date:message-id:reply-to; bh=C/x2SNWxbDc6nuj7JqLinHGtCp5DYN0S5wGf177jMyw=; b=B/bZ73oNUE82TvI+JtslgIYO2vY/ng8u4AEYrOw/OlGG4+vdd0ot9uIJ3gIsKesc7k rKvexDsmnn04N83enEesdRkCZA9EeiStvJ4OLe0492t400O2bOnekajawTpJD61p6xLJ oQtWLcznEGxLeRaBhA/IYvWJfT5N9t8ouYvny64gJlyifII2/5f5rhYrK07oAhSBbdTo y1W2S2z1GdCzA7bnnqbxNPzC7cI/P73c9sT1pRV8HdNYdG5i6SqqxrWKc7Qcb/ftpyh3 xWbDO9MfUm8WOtAUrnmAdV9qSZKiQkaf/UuwTH927IiBMkbgoPzrGdzLKijGTfSNWn4n hbdQ== X-Gm-Message-State: AOJu0YwdRo7B8slTb1wntTxhi4TbFIFrujkTi3XgSMSlVwsM33aIyqR0 sK2BoVchm9vzmRTMcaBvg4YjCbLV2FDojHqb9boQrX0RUl2XS1/Yd5wpaZDT+zYSWpcpZ5I8mCy E8zOmSP7tAqPKL9Hoo9miXeKJ1b6ELZsyHw17 X-Gm-Gg: ASbGncuwdqXMEUZwSWHN8E0y4Y6EKr4LjujtdcnKfpSw3Lr7tVwjYTSpbldoznjyIeb x7sLuVhvEvL8aow2v2+YTC8Y3V+h6+DdgvvugpG/EGSpQRaL9uRrlH1aUiuJU+Qj+ljfkNmBVcC VIW1pGo2lpua7Mf2JpPjrfpNdUVjpmb0UZQ15wojPFp5iOQGopuegrtdSjE8tI4/3p7w/8nDGj/ N06wsyQm8ajQ6GCgEGtyTPpMZgqve7qu9kv7GB7tqafRGbx090ZsAz18Rkkfy3hpnvPgCQojDNH 8CeGX+oremitlCypPw4NMGNwGoev8ujf0Tb/7n0XuaPRfvedxb27PbqnZ4lfnyA5cEfIiX6X4Xq +PZKTbI7+Cg8L/e4vkQNs4yOe8Vu5tvU= X-Google-Smtp-Source: AGHT+IF3mMoEF4zQY1BbvStLxrfYPRLac8sPXRgyq0bY/8FMixnBFQrWOs7CyFW3CJVRGqw2zUCLP7u6lsNy X-Received: by 2002:a53:d057:0:10b0:63e:2d17:6a67 with SMTP id 956f58d0204a3-641e75bbe5cmr4218644d50.28.1763181739843; Fri, 14 Nov 2025 20:42:19 -0800 (PST) Received: from postal.iol.unh.edu (postal.iol.unh.edu. [132.177.123.84]) by smtp-relay.gmail.com with ESMTPS id 00721157ae682-78821f67de0sm3726397b3.20.2025.11.14.20.42.19 (version=TLS1_2 cipher=ECDHE-ECDSA-AES128-GCM-SHA256 bits=128/128); Fri, 14 Nov 2025 20:42:19 -0800 (PST) X-Relaying-Domain: iol.unh.edu Date: Fri, 14 Nov 2025 20:42:19 -0800 (PST) Message-ID: <691804ab.050a0220.100460.280bSMTPIN_ADDED_MISSING@mx.google.com> Received: from [172.21.0.3] (unknown [172.18.0.240]) by postal.iol.unh.edu (Postfix) with ESMTP id 7E60C6051830; Fri, 14 Nov 2025 23:42:19 -0500 (EST) Subject: |FAILURE| [GIT MASTER] 62f583c49bf67dd4d6733ece14e55fe6839e66d1 From: dpdklab@iol.unh.edu To: Test Report Cc: dpdk-test-reports@iol.unh.edu, Xueming Li , Christian Ehrhardt , Kevin Traynor , Luca Boccassi Content-Type: text/plain X-BeenThere: test-report@dpdk.org X-Mailman-Version: 2.1.29 Precedence: list List-Id: automatic DPDK test reports List-Unsubscribe: , List-Archive: List-Post: List-Help: List-Subscribe: , Errors-To: test-report-bounces@dpdk.org _Testing issues_ Branch: tags/v23.11 62f583c49bf67dd4d6733ece14e55fe6839e66d1 --> testing issues Upstream job id: Windows-Compile-DPDK-Native#32343 Test environment and result as below: +-------------------------------+--------------------+------------------+-------------------+-------------------------+ | Environment | dpdk_meson_compile | dpdk_compile_ovs | dpdk_msvc_compile | dpdk_llvm_clang_compile | +===============================+====================+==================+===================+=========================+ | FreeBSD 14.2 | PASS | SKIPPED | SKIPPED | SKIPPED | +-------------------------------+--------------------+------------------+-------------------+-------------------------+ | Ubuntu 20.04 | PASS | SKIPPED | SKIPPED | SKIPPED | +-------------------------------+--------------------+------------------+-------------------+-------------------------+ | CentOS Stream 9 | PASS | SKIPPED | SKIPPED | SKIPPED | +-------------------------------+--------------------+------------------+-------------------+-------------------------+ | CentOS Stream 10 | PASS | SKIPPED | SKIPPED | SKIPPED | +-------------------------------+--------------------+------------------+-------------------+-------------------------+ | Debian GNU/Linux 12 | PASS | SKIPPED | SKIPPED | SKIPPED | +-------------------------------+--------------------+------------------+-------------------+-------------------------+ | Fedora Linux 42 | FAIL | WARN | SKIPPED | SKIPPED | +-------------------------------+--------------------+------------------+-------------------+-------------------------+ | openSUSE Leap 15.6 | PASS | SKIPPED | SKIPPED | SKIPPED | +-------------------------------+--------------------+------------------+-------------------+-------------------------+ | Red Hat Enterprise Linux 8.10 | PASS | SKIPPED | SKIPPED | SKIPPED | +-------------------------------+--------------------+------------------+-------------------+-------------------------+ | Red Hat Enterprise Linux 9.5 | PASS | SKIPPED | SKIPPED | SKIPPED | +-------------------------------+--------------------+------------------+-------------------+-------------------------+ | Ubuntu 22.04 | PASS | SKIPPED | SKIPPED | SKIPPED | +-------------------------------+--------------------+------------------+-------------------+-------------------------+ | Ubuntu 24.04 | PASS | PASS | SKIPPED | SKIPPED | +-------------------------------+--------------------+------------------+-------------------+-------------------------+ | Alpine Linux 3.22.0 | PASS | SKIPPED | SKIPPED | SKIPPED | +-------------------------------+--------------------+------------------+-------------------+-------------------------+ | Windows Server 2022 | SKIPPED | SKIPPED | PASS | FAIL | +-------------------------------+--------------------+------------------+-------------------+-------------------------+ ==== 20 line log output for Windows Server 2022 (dpdk_llvm_clang_compile): ==== Compiler for C supports arguments -mavx512f: YES (cached) Compiler for C supports arguments -mavx512bw: YES (cached) Compiler for C supports arguments -mavx512dq: YES (cached) Compiler for C supports arguments -march=skylake-avx512: YES Message: drivers/common/idpf: Defining dependency "common_idpf" Message: drivers/bus/auxiliary: Defining dependency "bus_auxiliary" Compiler for C supports arguments -Wno-cast-qual: YES (cached) Compiler for C supports arguments -Wno-pointer-arith: YES (cached) Message: drivers/bus/pci: Defining dependency "bus_pci" Message: drivers/bus/vdev: Defining dependency "bus_vdev" Compiler for C supports arguments -std=c11: YES Compiler for C supports arguments -Wno-strict-prototypes: YES Compiler for C supports arguments -D_BSD_SOURCE: YES Compiler for C supports arguments -D_DEFAULT_SOURCE: YES Compiler for C supports arguments -D_XOPEN_SOURCE=600: YES Has header "mlx5devx.h" : YES drivers\common\mlx5\windows\meson.build:10:13: ERROR: C shared or static library 'mlx5devx' not found A full log can be found at C:\Users\builder\jenkins\workspace\Windows-Compile-DPDK-Native\dpdk\build\meson-logs\meson-log.txt ==== End log output ==== FreeBSD 14.2 Kernel: 14.2-RELEASE Compiler: clang 18.1.6 Ubuntu 20.04 Kernel: 4.19 Compiler: gcc gcc (Ubuntu 9.4.0-1ubuntu1~20.04.2) 9.4.0 CentOS Stream 9 Kernel: 5.15 Compiler: gcc gcc (GCC) 11.5.0 20240719 (Red Hat 11.5.0-11) CentOS Stream 10 Kernel: 5.15 Compiler: gcc gcc (GCC) 14.2.1 20250110 (Red Hat 14.2.1-8) Debian GNU/Linux 12 Kernel: 5.15 Compiler: gcc gcc (Debian 12.2.0-14+deb12u1) 12.2.0 Fedora Linux 42 Kernel: 5.15 Compiler: clang gcc (GCC) 15.2.1 20250808 (Red Hat 15.2.1-1) openSUSE Leap 15.6 Kernel: 5.15 Compiler: gcc gcc (SUSE Linux) 7.5.0 Red Hat Enterprise Linux 8.10 Kernel: 5.15 Compiler: gcc gcc (GCC) 8.5.0 20210514 (Red Hat 8.5.0-22) Red Hat Enterprise Linux 9.5 Kernel: 5.15 Compiler: gcc gcc (GCC) 11.5.0 20240719 (Red Hat 11.5.0-2) Ubuntu 22.04 Kernel: 5.15 Compiler: gcc gcc (Ubuntu 11.4.0-1ubuntu1~22.04) 11.4.0 Ubuntu 24.04 Kernel: 5.15 Compiler: gcc gcc (Ubuntu 13.3.0-6ubuntu2~24.04) 13.3.0 Alpine Linux 3.22.0 Kernel: 5.15 Compiler: gcc gcc (Alpine 14.2.0) 14.2.0 Windows Server 2022 Kernel: 10.0.20348.2031 Compiler: clang 15.0.7, gcc 14.1.0 (MinGW), and MSVC VS 19.39.33521 To view detailed results, visit: https://lab.dpdk.org/results/dashboard/tarballs/35564/ UNH-IOL DPDK Community Lab To manage your email subscriptions, visit: https://lab.dpdk.org/results/dashboard/preferences/subscriptions/