From mboxrd@z Thu Jan 1 00:00:00 1970 Return-Path: Received: from mails.dpdk.org (mails.dpdk.org [217.70.189.124]) by inbox.dpdk.org (Postfix) with ESMTP id 5129448B14 for ; Sat, 15 Nov 2025 06:00:39 +0100 (CET) Received: from mails.dpdk.org (localhost [127.0.0.1]) by mails.dpdk.org (Postfix) with ESMTP id 4BD79400D6; Sat, 15 Nov 2025 06:00:39 +0100 (CET) Received: from mail-qv1-f97.google.com (mail-qv1-f97.google.com [209.85.219.97]) by mails.dpdk.org (Postfix) with ESMTP id 0C444400D6 for ; Sat, 15 Nov 2025 06:00:38 +0100 (CET) Received: by mail-qv1-f97.google.com with SMTP id 6a1803df08f44-88245cc8c92so17355596d6.0 for ; Fri, 14 Nov 2025 21:00:37 -0800 (PST) DKIM-Signature: v=1; a=rsa-sha256; c=relaxed/relaxed; d=iol.unh.edu; s=unh-iol; t=1763182837; x=1763787637; darn=dpdk.org; h=references:in-reply-to:cc:to:from:subject:message-id:date:from:to :cc:subject:date:message-id:reply-to; bh=f4qhzudD6v3P/v4n+1mLayTolmcLjkv3uOqP7zRfofY=; b=aQDbB3E5J4CfO9pNDQkXpEyP6YRRfuMozMA5v72hmBPEK4W9gqXJvlTY/aqoQYu4qL a0jn+Qof7icMD7OSRecB2YXO8s4+QmMfOfhvRcvk8VQmmJ3QTGwSPLQwX7E7GR/G+jwU qG8NCkeGoM2wa3/SyG+xa7XYP9nJ6tJFM2YAM= X-Google-DKIM-Signature: v=1; a=rsa-sha256; c=relaxed/relaxed; d=1e100.net; s=20230601; t=1763182837; x=1763787637; h=references:in-reply-to:cc:to:from:subject:message-id:date:x-gm-gg :x-gm-message-state:from:to:cc:subject:date:message-id:reply-to; bh=f4qhzudD6v3P/v4n+1mLayTolmcLjkv3uOqP7zRfofY=; b=cqynCaXukXD7W3GJqf5KYsXkeHuxLabYh1Tf//zqbJNGs2pqwkOL+F28/zvItQ+1qU 4DU6MzSrxkn1aQVFAAd4vDO6O5mAsHnUE4gwDq/pnHQfwzajvTAL4GCcpxxIr0C+IuAK KWqW5WLdMg19U4tZ2cuYpMzQAx8IF7TaNjlJPmMljQ67wIZl0WEVQ7ACalcIm67bfJFn O14V1j3kQ4ximkbccD9PSrDXsFslH3fNfDcuX+Torj9DktlTym2ngOpMw8+j79vPpXeB ganSudUB7fdJxQ0mrxQudLhH0EIDwQgprXA7hFUEsl7THeacL6FIC1qbOykcXEpImW5x i8Sg== X-Gm-Message-State: AOJu0Yxl+56tvMHbrNyXK5d1tN6Q9zPvFnE83Mt9OHAta2bhZSOr4HVk ZLZqOubSparIE1eSJ9kSZV+z/SID/ldiS0DmwMlGvzkW/eeEbJ5rBozfIVJlxkMmuwcvjHHutVJ WBbcFGkasXiRgBv2+T/ys4SWN+DdC1pp+f5dJ4ALzWSaWKz0yR0Orh5CIkxMt X-Gm-Gg: ASbGncv0Uq2SF0V/aiH2spJ17+nBFr1GoGgJ9oZrmbZ0Ai/nLhQSd6aymSeBSH7Nw3k sGV6ByBDlAMBXQR2jp4SvctNAlJfVP6x8vqfHLGF/Q+PBgaOeOR5WBcrvDdH51P1NX00o0o/M2e 7sr7cv6V7jUlEcJH6SPwdGe+1/xrV4M3PgRPQp15iu3ZL12fXshDaKhKDJnpfr4bKVUN6Pu4j2B ZDEJgRDHdhywzkyD1W7M3qOVWroLX7WEXg3Q4HIcxM9HrDmin1O+Ro2HhA6zoV9fyL8rhX8dcmt W12YGXhMEdgeuQgzui3fxs5f+Tdst52TQ6pDWGta6qSqVirGxKsqcAvdEKY06/cAaaFnEZKVwQS j5fkXGpF5 X-Google-Smtp-Source: AGHT+IHy1lH6pGD596swii5kzhOgZrh9G30+zoOas0xWO7ENdVBv9OrXb/q5kfGuLpcXjDmToYQ5Ku2rpE85 X-Received: by 2002:ad4:5f8a:0:b0:880:4ed1:ce3b with SMTP id 6a1803df08f44-882925a3e9bmr67838956d6.12.1763182837278; Fri, 14 Nov 2025 21:00:37 -0800 (PST) Received: from postal.iol.unh.edu (postal.iol.unh.edu. [2606:4100:3880:1234::84]) by smtp-relay.gmail.com with ESMTPS id 6a1803df08f44-882862fcdf1sm7752706d6.9.2025.11.14.21.00.37 (version=TLS1_2 cipher=ECDHE-ECDSA-AES128-GCM-SHA256 bits=128/128); Fri, 14 Nov 2025 21:00:37 -0800 (PST) X-Relaying-Domain: iol.unh.edu Date: Fri, 14 Nov 2025 21:00:37 -0800 (PST) Message-ID: <691808f5.050a0220.3dbc62.739dSMTPIN_ADDED_MISSING@mx.google.com> Received: from [172.21.0.4] (unknown [172.18.0.240]) by postal.iol.unh.edu (Postfix) with ESMTP id 07A386051830; Sat, 15 Nov 2025 00:00:37 -0500 (EST) Subject: |FAILURE| pw158794-158812 [PATCH] [v2,19/19] vfio: introduce cdev mo From: dpdklab@iol.unh.edu To: Test Report Cc: dpdk-test-reports@iol.unh.edu, Anatoly Burakov In-Reply-To: <45db9c5e1589c56ed0e31a0e15390da5366ca5c2.1763142008.git.anatoly.burakov@intel.com> References: <45db9c5e1589c56ed0e31a0e15390da5366ca5c2.1763142008.git.anatoly.burakov@intel.com> Content-Type: text/plain X-BeenThere: test-report@dpdk.org X-Mailman-Version: 2.1.29 Precedence: list List-Id: automatic DPDK test reports List-Unsubscribe: , List-Archive: List-Post: List-Help: List-Subscribe: , Errors-To: test-report-bounces@dpdk.org Test-Label: iol-compile-amd64-testing Test-Status: FAILURE http://dpdk.org/patch/158812 _Testing issues_ Submitter: Anatoly Burakov Date: Friday, November 14 2025 17:40:29 DPDK git baseline: Repo:dpdk Branch: master CommitID:be0112878b4fc3a1b918370ed2fe615c52039d77 158794-158812 --> testing issues Upstream job id: Generic-DPDK-Compile-Meson#444604 Test environment and result as below: +-------------------------------+--------------------+-------------------+------------------+ | Environment | dpdk_meson_compile | dpdk_msvc_compile | dpdk_compile_ovs | +===============================+====================+===================+==================+ | Ubuntu 20.04 | PASS | SKIPPED | SKIPPED | +-------------------------------+--------------------+-------------------+------------------+ | FreeBSD 14.2 | FAIL | SKIPPED | SKIPPED | +-------------------------------+--------------------+-------------------+------------------+ | CentOS Stream 9 | PASS | SKIPPED | SKIPPED | +-------------------------------+--------------------+-------------------+------------------+ | CentOS Stream 10 | PASS | SKIPPED | SKIPPED | +-------------------------------+--------------------+-------------------+------------------+ | Debian GNU/Linux 12 | PASS | SKIPPED | SKIPPED | +-------------------------------+--------------------+-------------------+------------------+ | Fedora Linux 42 | PASS | SKIPPED | PASS | +-------------------------------+--------------------+-------------------+------------------+ | openSUSE Leap 15.6 | PASS | SKIPPED | SKIPPED | +-------------------------------+--------------------+-------------------+------------------+ | Red Hat Enterprise Linux 8.10 | PASS | SKIPPED | SKIPPED | +-------------------------------+--------------------+-------------------+------------------+ | Red Hat Enterprise Linux 9.5 | PASS | SKIPPED | SKIPPED | +-------------------------------+--------------------+-------------------+------------------+ | Ubuntu 22.04 | PASS | SKIPPED | SKIPPED | +-------------------------------+--------------------+-------------------+------------------+ | Ubuntu 24.04 | PASS | SKIPPED | PASS | +-------------------------------+--------------------+-------------------+------------------+ | Alpine Linux 3.22.0 | PASS | SKIPPED | SKIPPED | +-------------------------------+--------------------+-------------------+------------------+ | Windows Server 2022 | SKIPPED | PASS | SKIPPED | +-------------------------------+--------------------+-------------------+------------------+ ==== 20 line log output for FreeBSD 14.2 (dpdk_meson_compile): ==== FAILED: lib/eal.sym_chk /usr/local/bin/meson --internal exe --capture lib/eal.sym_chk -- /root/workspace/Generic-VM-DPDK-Compile-Meson/dpdk/buildtools/check-symbols.sh /root/workspace/Generic-VM-DPDK-Compile-Meson/dpdk/build/lib/eal_exports.map lib/librte_eal.a --- stderr --- rte_vfio_get_device_info is not flagged as experimental but is exported as an experimental symbol Please add __rte_experimental to the definition of rte_vfio_get_device_info rte_vfio_get_device_num is not flagged as experimental but is exported as an experimental symbol Please add __rte_experimental to the definition of rte_vfio_get_device_num rte_vfio_get_device_info is flagged as internal but is not exported as an internal symbol Please add RTE_EXPORT_INTERNAL_SYMBOL to the definition of rte_vfio_get_device_info rte_vfio_get_mode is flagged as internal but is not exported as an internal symbol Please add RTE_EXPORT_INTERNAL_SYMBOL to the definition of rte_vfio_get_mode rte_vfio_get_device_num is flagged as internal but is not exported as an internal symbol Please add RTE_EXPORT_INTERNAL_SYMBOL to the definition of rte_vfio_get_device_num [179/2125] Compiling C object lib/librte_metrics.a.p/metrics_rte_metrics_telemetry.c.o [180/2125] Compiling C object lib/librte_hash.a.p/hash_rte_hash_crc.c.o [181/2125] Compiling C object lib/librte_hash.a.p/hash_rte_fbk_hash.c.o [182/2125] Compiling C object lib/librte_hash.a.p/hash_rte_cuckoo_hash.c.o [183/2125] Generating ethdev.sym_chk with a custom command (wrapped by meson to capture output) ninja: build stopped: subcommand failed. ==== End log output ==== Ubuntu 20.04 Kernel: 4.19 Compiler: gcc gcc (Ubuntu 9.4.0-1ubuntu1~20.04.2) 9.4.0 FreeBSD 14.2 Kernel: 14.2-RELEASE Compiler: clang 18.1.6 CentOS Stream 9 Kernel: 5.15 Compiler: gcc gcc (GCC) 11.5.0 20240719 (Red Hat 11.5.0-11) CentOS Stream 10 Kernel: 5.15 Compiler: gcc gcc (GCC) 14.2.1 20250110 (Red Hat 14.2.1-8) Debian GNU/Linux 12 Kernel: 5.15 Compiler: gcc gcc (Debian 12.2.0-14+deb12u1) 12.2.0 Fedora Linux 42 Kernel: 5.15 Compiler: clang gcc (GCC) 15.2.1 20250808 (Red Hat 15.2.1-1) openSUSE Leap 15.6 Kernel: 5.15 Compiler: gcc gcc (SUSE Linux) 7.5.0 Red Hat Enterprise Linux 8.10 Kernel: 5.15 Compiler: gcc gcc (GCC) 8.5.0 20210514 (Red Hat 8.5.0-22) Red Hat Enterprise Linux 9.5 Kernel: 5.15 Compiler: gcc gcc (GCC) 11.5.0 20240719 (Red Hat 11.5.0-2) Ubuntu 22.04 Kernel: 5.15 Compiler: gcc gcc (Ubuntu 11.4.0-1ubuntu1~22.04) 11.4.0 Ubuntu 24.04 Kernel: 5.15 Compiler: gcc gcc (Ubuntu 13.3.0-6ubuntu2~24.04) 13.3.0 Alpine Linux 3.22.0 Kernel: 5.15 Compiler: gcc gcc (Alpine 14.2.0) 14.2.0 Windows Server 2022 Kernel: 10.0.20348.2031 Compiler: clang 15.0.7, gcc 14.1.0 (MinGW), and MSVC VS 19.39.33521 To view detailed results, visit: https://lab.dpdk.org/results/dashboard/patchsets/34593/ UNH-IOL DPDK Community Lab To manage your email subscriptions, visit: https://lab.dpdk.org/results/dashboard/preferences/subscriptions/