From mboxrd@z Thu Jan 1 00:00:00 1970 Return-Path: Received: from mails.dpdk.org (mails.dpdk.org [217.70.189.124]) by inbox.dpdk.org (Postfix) with ESMTP id 903B548B16 for ; Sat, 15 Nov 2025 08:27:05 +0100 (CET) Received: from mails.dpdk.org (localhost [127.0.0.1]) by mails.dpdk.org (Postfix) with ESMTP id 6F70A400D6; Sat, 15 Nov 2025 08:27:05 +0100 (CET) Received: from mail-il1-f226.google.com (mail-il1-f226.google.com [209.85.166.226]) by mails.dpdk.org (Postfix) with ESMTP id 3D784400D6 for ; Sat, 15 Nov 2025 08:27:04 +0100 (CET) Received: by mail-il1-f226.google.com with SMTP id e9e14a558f8ab-434709e7cc9so12839115ab.1 for ; Fri, 14 Nov 2025 23:27:04 -0800 (PST) DKIM-Signature: v=1; a=rsa-sha256; c=relaxed/relaxed; d=iol.unh.edu; s=unh-iol; t=1763191623; x=1763796423; darn=dpdk.org; h=cc:to:from:subject:message-id:date:from:to:cc:subject:date :message-id:reply-to; bh=CcYCuLX9ulDu2Z8LsYvUCNbjguorjO/5QESAS95qSJ0=; b=ZZC345yzeOyklliwZ2HXRXQRnGL4q/vj2IiDJaU53tDZdq6DHqS1rf/xN+UI2FSLvf IxPx8/nepoM+kkf0IR7+co/rOG4sR8iqc555WVfFK7FaKl5DLds64pVS0FwJEX+kmlCO qhBAOSAiTH8baNsAdx+S6syVG+TOEeZs+wl+M= X-Google-DKIM-Signature: v=1; a=rsa-sha256; c=relaxed/relaxed; d=1e100.net; s=20230601; t=1763191623; x=1763796423; h=cc:to:from:subject:message-id:date:x-gm-gg:x-gm-message-state:from :to:cc:subject:date:message-id:reply-to; bh=CcYCuLX9ulDu2Z8LsYvUCNbjguorjO/5QESAS95qSJ0=; b=So50BNoA6MBYgVjATD0sYFtcwX3mlQkQsMl/U0Cz/yFZV2q6ZVC0hV4veZuKzgFKMM SN2Q5NQgjCIpaFaJfiGsrVBwpe/3GpItkEXGR+VR2Q9sHw4NR7+EOMfv5SiYhDWkdGDq KRINCC2+2nyMYio7xOgMAczvEG54UIMut//f6Tr0Ep2Uk9DKGNNHVeSAgISK3gdiSZ1l VvPEwIr6H+2lvYrYhA4W/Vnzm4KLqjaMJCg/A8No4Sd8x/gy+O7xDVIWqcjmyA3QcF/3 KzkDuPkdnIEa+RXPdtNNsau0pcK/sTHsLju6PDnALg/jQf6/Q5bN1MyYaZvdiUXtVrod /s9Q== X-Gm-Message-State: AOJu0Yzbu3/e14aj/icC7IrkjJzyU2fOnmAcvJITAGv0wNn74AcRzzip DACXKilnikEI0clr/whWcQgKhd9IWHjl/3rFyKjk3DZgP8eyhMjXhRvY6m7WK8P6n53/Pp0HJU4 SEtl6FSrKw6B945axfAdBpNX2M7dHbfBzdbeb X-Gm-Gg: ASbGncvdYIN32Y5gz6kEkHHTR4efpFEsgJv6a3ibxdrjIAhJskUPesjg7gfKDtZ2E4x XY7fMWodqO/TGXIMfYlkOt6D6F3P9egCbWlhxYIVYk3GumTYIiSaTj5GGUhoErdtnFMKiL/Axc6 QEq2y6/0Z8qDsIuMaiHKC5HfjCG3tf2bhWJUidDZXhcJtG5FrLAeQsbBtvtph9pjQo3A+kkKgcH PXPJlXQpYxgbrib8mt57Idritrn5tyXIllSK2pBODEQ+JnY9UisXwB2jKXfvAyFi+OhguXySzZZ VzIn8lsVfJQtuykSiYAeG9T4RSZxMwrWucMBm5Sh/Qth3hIgqVHdsc+E/m0s74mOG8WRv5lwycu pDnSOhOeMEEqTv1iJhovkZcU2BFNrXc4= X-Google-Smtp-Source: AGHT+IF+TO+ByGBppVO6I+M27U6BbsKWe7Bbmx+8p0AhZTTjX0aaeatD4gbjxLG7ZuxFQHUIyTdNRGz6WcKd X-Received: by 2002:a05:6e02:2789:b0:434:96ea:ff62 with SMTP id e9e14a558f8ab-43496eb0173mr36968565ab.35.1763191623427; Fri, 14 Nov 2025 23:27:03 -0800 (PST) Received: from postal.iol.unh.edu (postal.iol.unh.edu. [132.177.123.84]) by smtp-relay.gmail.com with ESMTPS id e9e14a558f8ab-4348399226csm6607005ab.20.2025.11.14.23.27.03 (version=TLS1_2 cipher=ECDHE-ECDSA-AES128-GCM-SHA256 bits=128/128); Fri, 14 Nov 2025 23:27:03 -0800 (PST) X-Relaying-Domain: iol.unh.edu Date: Fri, 14 Nov 2025 23:27:03 -0800 (PST) Message-ID: <69182b47.050a0220.32604b.3b13SMTPIN_ADDED_MISSING@mx.google.com> Received: from [172.21.0.4] (unknown [172.18.0.240]) by postal.iol.unh.edu (Postfix) with ESMTP id 02CD66051830; Sat, 15 Nov 2025 02:27:03 -0500 (EST) Subject: |FAILURE| [GIT MASTER] 9784db2c5af1eecd02fc21132b59b5b266039b87 From: dpdklab@iol.unh.edu To: Test Report Cc: dpdk-test-reports@iol.unh.edu, Xueming Li , Christian Ehrhardt , Kevin Traynor , Luca Boccassi Content-Type: text/plain X-BeenThere: test-report@dpdk.org X-Mailman-Version: 2.1.29 Precedence: list List-Id: automatic DPDK test reports List-Unsubscribe: , List-Archive: List-Post: List-Help: List-Subscribe: , Errors-To: test-report-bounces@dpdk.org _Testing issues_ Branch: tags/v22.11 9784db2c5af1eecd02fc21132b59b5b266039b87 --> testing issues Upstream job id: Generic-Unit-Test-DPDK#392993 Test environment and result as below: +-------------------------------+----------------+ | Environment | dpdk_unit_test | +===============================+================+ | Fedora Linux 40 | FAIL | +-------------------------------+----------------+ | CentOS Stream 10 | FAIL | +-------------------------------+----------------+ | Fedora Linux 41 | FAIL | +-------------------------------+----------------+ | Ubuntu 20.04 | FAIL | +-------------------------------+----------------+ | Fedora Linux 42 | FAIL | +-------------------------------+----------------+ | Debian GNU/Linux 12 | FAIL | +-------------------------------+----------------+ | Red Hat Enterprise Linux 9.5 | FAIL | +-------------------------------+----------------+ | CentOS Stream 9 | FAIL | +-------------------------------+----------------+ | Ubuntu 22.04 | FAIL | +-------------------------------+----------------+ | Red Hat Enterprise Linux 8.10 | FAIL | +-------------------------------+----------------+ | Ubuntu 24.04 | FAIL | +-------------------------------+----------------+ ==== Unit test summary for Ubuntu 24.04 (dpdk_unit_test): ==== ninja: Entering directory `/root/workspace/Generic-Unit-Test-DPDK/dpdk/build' ninja: no work to do. 1/105 DPDK:fast-tests / acl_autotest OK 5.97 s 2/105 DPDK:fast-tests / atomic_autotest OK 0.62 s 3/105 DPDK:fast-tests / bitmap_autotest OK 0.28 s 4/105 DPDK:fast-tests / bitops_autotest OK 0.31 s 5/105 DPDK:fast-tests / byteorder_autotest OK 0.18 s 6/105 DPDK:fast-tests / cksum_autotest OK 0.35 s 7/105 DPDK:fast-tests / cmdline_autotest OK 0.22 s 8/105 DPDK:fast-tests / common_autotest OK 0.93 s 9/105 DPDK:fast-tests / cpuflags_autotest OK 0.17 s 10/105 DPDK:fast-tests / debug_autotest OK 1.45 s 11/105 DPDK:fast-tests / devargs_autotest OK 0.51 s 12/105 DPDK:fast-tests / eal_flags_c_opt_autotest OK 1.05 s 13/105 DPDK:fast-tests / eal_flags_main_opt_autotest OK 0.48 s 14/105 DPDK:fast-tests / eal_flags_n_opt_autotest OK 0.84 s 15/105 DPDK:fast-tests / eal_flags_hpet_autotest OK 0.38 s 16/105 DPDK:fast-tests / eal_flags_no_huge_autotest OK 0.69 s 17/105 DPDK:fast-tests / eal_flags_a_opt_autotest OK 0.51 s 18/105 DPDK:fast-tests / eal_flags_b_opt_autotest OK 0.60 s 19/105 DPDK:fast-tests / eal_flags_vdev_opt_autotest OK 0.74 s 20/105 DPDK:fast-tests / eal_flags_r_opt_autotest OK 0.37 s 21/105 DPDK:fast-tests / eal_flags_mem_autotest OK 1.02 s 22/105 DPDK:fast-tests / eal_flags_file_prefix_autotest OK 3.10 s 23/105 DPDK:fast-tests / eal_flags_misc_autotest OK 2.47 s 24/105 DPDK:fast-tests / eal_fs_autotest OK 0.18 s 25/105 DPDK:fast-tests / errno_autotest OK 0.29 s 26/105 DPDK:fast-tests / ethdev_link_status OK 0.31 s 27/105 DPDK:fast-tests / event_ring_autotest OK 0.24 s 28/105 DPDK:fast-tests / fib_autotest OK 1.50 s 29/105 DPDK:fast-tests / fib6_autotest OK 1.36 s 30/105 DPDK:fast-tests / func_reentrancy_autotest OK 0.95 s 31/105 DPDK:fast-tests / hash_autotest OK 0.37 s 32/105 DPDK:fast-tests / interrupt_autotest OK 2.40 s 33/105 DPDK:fast-tests / ipfrag_autotest OK 0.32 s 34/105 DPDK:fast-tests / lcores_autotest OK 3.04 s 35/105 DPDK:fast-tests / logs_autotest OK 0.17 s 36/105 DPDK:fast-tests / lpm_autotest OK 7.77 s 37/105 DPDK:fast-tests / lpm6_autotest OK 9.81 s 38/105 DPDK:fast-tests / malloc_autotest OK 1.09 s 39/105 DPDK:fast-tests / mbuf_autotest OK 0.35 s 40/105 DPDK:fast-tests / mcslock_autotest OK 0.90 s 41/105 DPDK:fast-tests / memcpy_autotest OK 3.44 s 42/105 DPDK:fast-tests / memory_autotest OK 0.34 s 43/105 DPDK:fast-tests / mempool_autotest OK 0.54 s 44/105 DPDK:fast-tests / memzone_autotest OK 0.32 s 45/105 DPDK:fast-tests / meter_autotest OK 0.18 s 46/105 DPDK:fast-tests / multiprocess_autotest OK 0.58 s 47/105 DPDK:fast-tests / node_list_dump OK 0.24 s 48/105 DPDK:fast-tests / per_lcore_autotest OK 0.48 s 49/105 DPDK:fast-tests / pflock_autotest OK 0.38 s 50/105 DPDK:fast-tests / prefetch_autotest OK 0.34 s 51/105 DPDK:fast-tests / rcu_qsbr_autotest OK 0.49 s 52/105 DPDK:fast-tests / pie_autotest OK 0.30 s 53/105 DPDK:fast-tests / rib_autotest OK 8.31 s 54/105 DPDK:fast-tests / rib6_autotest OK 9.03 s 55/105 DPDK:fast-tests / ring_autotest OK 0.29 s 56/105 DPDK:fast-tests / rwlock_test1_autotest OK 0.51 s 57/105 DPDK:fast-tests / rwlock_rda_autotest OK 5.31 s 58/105 DPDK:fast-tests / rwlock_rds_wrm_autotest OK 5.28 s 59/105 DPDK:fast-tests / rwlock_rde_wro_autotest OK 5.16 s 60/105 DPDK:fast-tests / sched_autotest OK 0.23 s 61/105 DPDK:fast-tests / security_autotest OK 0.26 s 62/105 DPDK:fast-tests / seqlock_autotest SKIP 0.32 s 63/105 DPDK:fast-tests / spinlock_autotest OK 0.20 s 64/105 DPDK:fast-tests / stack_autotest OK 0.41 s 65/105 DPDK:fast-tests / stack_lf_autotest OK 0.44 s 66/105 DPDK:fast-tests / string_autotest OK 0.31 s 67/105 DPDK:fast-tests / tailq_autotest OK 0.35 s 68/105 DPDK:fast-tests / ticketlock_autotest OK 0.23 s 69/105 DPDK:fast-tests / timer_autotest OK 2.99 s 70/105 DPDK:fast-tests / user_delay_us OK 0.32 s 71/105 DPDK:fast-tests / version_autotest OK 0.32 s 72/105 DPDK:fast-tests / crc_autotest OK 0.33 s 73/105 DPDK:fast-tests / distributor_autotest OK 1.75 s 74/105 DPDK:fast-tests / eventdev_common_autotest OK 0.33 s 75/105 DPDK:fast-tests / fbarray_autotest OK 0.17 s 76/105 DPDK:fast-tests / hash_readwrite_func_autotest SKIP 0.30 s 77/105 DPDK:fast-tests / ipsec_autotest SKIP 0.21 s 78/105 DPDK:fast-tests / kni_autotest SKIP 0.20 s 79/105 DPDK:fast-tests / kvargs_autotest OK 0.29 s 80/105 DPDK:fast-tests / member_autotest OK 1.38 s 81/105 DPDK:fast-tests / power_cpufreq_autotest SKIP 0.26 s 82/105 DPDK:fast-tests / power_autotest OK 0.31 s 83/105 DPDK:fast-tests / power_kvm_vm_autotest SKIP 0.42 s 84/105 DPDK:fast-tests / power_intel_uncore_autotest SKIP 0.33 s 85/105 DPDK:fast-tests / reorder_autotest OK 0.24 s 86/105 DPDK:fast-tests / service_autotest OK 1.84 s 87/105 DPDK:fast-tests / thash_autotest OK 0.17 s 88/105 DPDK:fast-tests / threads_autotest OK 0.69 s 89/105 DPDK:fast-tests / trace_autotest OK 0.18 s 90/105 DPDK:fast-tests / trace_autotest_with_traces OK 0.19 s 91/105 DPDK:fast-tests / graph_autotest OK 0.17 s 92/105 DPDK:fast-tests / metrics_autotest OK 0.30 s 93/105 DPDK:fast-tests / telemetry_json_autotest OK 0.25 s 94/105 DPDK:fast-tests / telemetry_data_autotest OK 0.34 s 95/105 DPDK:fast-tests / table_autotest FAIL 1.76 s (exit status 255 or signal 127 SIGinvalid) 96/105 DPDK:fast-tests / ring_pmd_autotest OK 0.34 s 97/105 DPDK:fast-tests / event_eth_tx_adapter_autotest OK 0.97 s 98/105 DPDK:fast-tests / bitratestats_autotest OK 0.31 s 99/105 DPDK:fast-tests / latencystats_autotest OK 0.32 s 100/105 DPDK:fast-tests / pdump_autotest OK 5.22 s 101/105 DPDK:fast-tests / vdev_autotest OK 0.29 s 102/105 DPDK:fast-tests / bpf_autotest OK 0.22 s 103/105 DPDK:fast-tests / bpf_convert_autotest OK 0.17 s 104/105 DPDK:fast-tests / compressdev_autotest SKIP 0.31 s 105/105 DPDK:fast-tests / telemetry_all OK 11.93 s Ok: 96 Expected Fail: 0 Fail: 1 Unexpected Pass: 0 Skipped: 8 Timeout: 0 Full log written to /root/workspace/Generic-Unit-Test-DPDK/dpdk/build/meson-logs/testlog.txt Test log output from the failed test table_autotest: Sorry, we were not able to find the logs for this test. Download the log output from the CI site for this test run. ==== End log output ==== Fedora Linux 40 Kernel: 5.15 Compiler: gcc gcc (GCC) 14.2.1 20240912 (Red Hat 14.2.1-3) CentOS Stream 10 Kernel: 5.15 Compiler: gcc gcc (GCC) 14.2.1 20250110 (Red Hat 14.2.1-8) Fedora Linux 41 Kernel: 5.15 Compiler: gcc gcc (GCC) 14.3.1 20250523 (Red Hat 14.3.1-1) Ubuntu 20.04 Kernel: 5.15 Compiler: gcc gcc (Ubuntu 9.4.0-1ubuntu1~20.04.2) 9.4.0 Fedora Linux 42 Kernel: 5.15 Compiler: clang gcc (GCC) 15.2.1 20250808 (Red Hat 15.2.1-1) Debian GNU/Linux 12 Kernel: 5.15 Compiler: gcc gcc (Debian 12.2.0-14+deb12u1) 12.2.0 Red Hat Enterprise Linux 9.5 Kernel: 5.15 Compiler: gcc gcc (GCC) 11.5.0 20240719 (Red Hat 11.5.0-2) CentOS Stream 9 Kernel: 5.15 Compiler: gcc gcc (GCC) 11.5.0 20240719 (Red Hat 11.5.0-11) Ubuntu 22.04 Kernel: 5.15 Compiler: gcc gcc (Ubuntu 11.4.0-1ubuntu1~22.04) 11.4.0 Red Hat Enterprise Linux 8.10 Kernel: 5.15 Compiler: gcc gcc (GCC) 8.5.0 20210514 (Red Hat 8.5.0-22) Ubuntu 24.04 Kernel: 5.15 Compiler: gcc gcc (Ubuntu 13.3.0-6ubuntu2~24.04) 13.3.0 To view detailed results, visit: https://lab.dpdk.org/results/dashboard/tarballs/35606/ UNH-IOL DPDK Community Lab To manage your email subscriptions, visit: https://lab.dpdk.org/results/dashboard/preferences/subscriptions/