From mboxrd@z Thu Jan 1 00:00:00 1970 Return-Path: Received: from mails.dpdk.org (mails.dpdk.org [217.70.189.124]) by inbox.dpdk.org (Postfix) with ESMTP id 9BB7148B19 for ; Sat, 15 Nov 2025 12:28:38 +0100 (CET) Received: from mails.dpdk.org (localhost [127.0.0.1]) by mails.dpdk.org (Postfix) with ESMTP id 9535940A80; Sat, 15 Nov 2025 12:28:38 +0100 (CET) Received: from mail-il1-f228.google.com (mail-il1-f228.google.com [209.85.166.228]) by mails.dpdk.org (Postfix) with ESMTP id B74E740A80 for ; Sat, 15 Nov 2025 12:28:36 +0100 (CET) Received: by mail-il1-f228.google.com with SMTP id e9e14a558f8ab-4332ae0635fso21437205ab.2 for ; Sat, 15 Nov 2025 03:28:36 -0800 (PST) DKIM-Signature: v=1; a=rsa-sha256; c=relaxed/relaxed; d=iol.unh.edu; s=unh-iol; t=1763206116; x=1763810916; darn=dpdk.org; h=cc:to:from:subject:message-id:date:from:to:cc:subject:date :message-id:reply-to; bh=ViWa2vpFxACZnzaEq544HovpXQfcr7ywGjTwFuDxubU=; b=Z9KnR5+u4E65YfzxDEl2zFbgHfOUqk0Y62dCMaPsfNNPYXJ3c4igeb1it/fneOss26 DZqCJ7hUPgWZPJ08EF611ZIObLI5DNnXtDTpkzIfr//5tV+4QESAAEYNyykGSp3n2ZU0 3jJFpdypT1PjDXNgld3qCUOvpbLzfpgO79pSs= X-Google-DKIM-Signature: v=1; a=rsa-sha256; c=relaxed/relaxed; d=1e100.net; s=20230601; t=1763206116; x=1763810916; h=cc:to:from:subject:message-id:date:x-gm-gg:x-gm-message-state:from :to:cc:subject:date:message-id:reply-to; bh=ViWa2vpFxACZnzaEq544HovpXQfcr7ywGjTwFuDxubU=; b=GnQljRxkw83vnwszXwk/XLCmWcOJBev1IUnCUx3v0rVdRx5x0JfzB/v0SeHFSqoSD0 wn3U8RykA/5N+KqYhwAvHP51ypEyQcgQUEMe134YT9lwry68Yt1/hu3N4LlhCWDixglr E6kvl5Feokt8NE+gHHhfjx3kIM2xhRLya6VuU6to3OoGn9iYy4QWGUamEkx0R+H0Q8Bz XQr8OZnDBk+VDsARhgsd85XupjyvCHf0+sjJz47jWheyJ27gS+nqG/Dr4h11fcvCpiyK jD0erMoW7GcU0g8ix4B0C7RT7hNF2iwZIw1oA0zEPMizXcQ1bxbOmsD8u/F6kgVznL+W b/gA== X-Gm-Message-State: AOJu0YxPdfG2LhvwYFvbjTi0IMkhfB43t8eL9tcaFOQpvKTksX7brrwW nT6gymITk6ggFd0D59janWQFVfcIQV2r+Qp3YGxkmNm5gDAIHYLouTt7e2b1Wo7WzomVh1PIYqZ 2PQ6vgcm7FV2UD6POmYCyOLZPJ/Ze4aNT2ifR3DZwXzoQXG6rU+NW X-Gm-Gg: ASbGncva/4T9h4sOhXssT6zYyNlhud1MZVaTw1RXV01DExdWzPy3uOzelejMdlvRFok iBdx7ue8HPm/1bhv82Ck7V4BB+CG/k72QzO29NtfymWtaaXBdpSZ+0r/pvlvLwb+C3Cd2DOMnTl CdhYfFK2SQIkeF/GAiU4HmfGs0prFmTOUb1f/L49dTMLbF1zmb3w+XAJ92f3UdNbiNZmP5IDJXV 2agHPcxPwJI+puz6Ca1j90GueaNYarGupyZcxAXaYyc9AUcy7fvdlwZqk1PX07zs/MDTWfGGHZw k/8CaR6OMhSm7PtR6v76zsjyIQjMgjbyHX5/iBNnPkQLYI2Om+9DBsi1JEIgxPog0kJl6DqefKN 7RWkqLgHb X-Google-Smtp-Source: AGHT+IGEr9z7gGfmaNRN+1+SSVIJnyYIEspjIuNvnygIxakcCjnXnxYma/bqiNEBBcjjWAZeMtXW4xM+k5Xt X-Received: by 2002:a92:d08b:0:b0:434:96ea:ff90 with SMTP id e9e14a558f8ab-43496eb03abmr31090445ab.40.1763206116039; Sat, 15 Nov 2025 03:28:36 -0800 (PST) Received: from postal.iol.unh.edu (postal.iol.unh.edu. [2606:4100:3880:1234::84]) by smtp-relay.gmail.com with ESMTPS id 8926c6da1cb9f-5b7bd3356c2sm405988173.32.2025.11.15.03.28.35 (version=TLS1_2 cipher=ECDHE-ECDSA-AES128-GCM-SHA256 bits=128/128); Sat, 15 Nov 2025 03:28:36 -0800 (PST) X-Relaying-Domain: iol.unh.edu Date: Sat, 15 Nov 2025 03:28:36 -0800 (PST) Message-ID: <691863e4.050a0220.338768.3523SMTPIN_ADDED_MISSING@mx.google.com> Received: from [172.21.0.3] (unknown [172.18.0.240]) by postal.iol.unh.edu (Postfix) with ESMTP id 98FC26051830; Sat, 15 Nov 2025 06:28:35 -0500 (EST) Subject: |FAILURE| [GIT MASTER] 9784db2c5af1eecd02fc21132b59b5b266039b87 From: dpdklab@iol.unh.edu To: Test Report Cc: dpdk-test-reports@iol.unh.edu, Xueming Li , Christian Ehrhardt , Kevin Traynor , Luca Boccassi Content-Type: text/plain X-BeenThere: test-report@dpdk.org X-Mailman-Version: 2.1.29 Precedence: list List-Id: automatic DPDK test reports List-Unsubscribe: , List-Archive: List-Post: List-Help: List-Subscribe: , Errors-To: test-report-bounces@dpdk.org _Testing issues_ Branch: tags/v22.11 9784db2c5af1eecd02fc21132b59b5b266039b87 --> testing issues Upstream job id: Generic-VM-Unit-Test-DPDK#32594 Test environment and result as below: +-------------------------------+----------------+ | Environment | dpdk_unit_test | +===============================+================+ | Fedora Linux 40 | FAIL | +-------------------------------+----------------+ | CentOS Stream 10 | FAIL | +-------------------------------+----------------+ | Fedora Linux 41 | FAIL | +-------------------------------+----------------+ | Ubuntu 20.04 | PASS | +-------------------------------+----------------+ | Fedora Linux 42 | FAIL | +-------------------------------+----------------+ | Debian GNU/Linux 12 | FAIL | +-------------------------------+----------------+ | Red Hat Enterprise Linux 9.5 | FAIL | +-------------------------------+----------------+ | CentOS Stream 9 | FAIL | +-------------------------------+----------------+ | Ubuntu 22.04 | FAIL | +-------------------------------+----------------+ | Red Hat Enterprise Linux 8.10 | FAIL | +-------------------------------+----------------+ | Ubuntu 24.04 | FAIL | +-------------------------------+----------------+ | Windows Server 2022 | PASS | +-------------------------------+----------------+ ==== Unit test summary for Ubuntu 24.04 (dpdk_unit_test): ==== ninja: Entering directory `/root/workspace/Generic-Unit-Test-DPDK/dpdk/build' ninja: no work to do. 1/105 DPDK:fast-tests / acl_autotest OK 5.97 s 2/105 DPDK:fast-tests / atomic_autotest OK 0.62 s 3/105 DPDK:fast-tests / bitmap_autotest OK 0.28 s 4/105 DPDK:fast-tests / bitops_autotest OK 0.31 s 5/105 DPDK:fast-tests / byteorder_autotest OK 0.18 s 6/105 DPDK:fast-tests / cksum_autotest OK 0.35 s 7/105 DPDK:fast-tests / cmdline_autotest OK 0.22 s 8/105 DPDK:fast-tests / common_autotest OK 0.93 s 9/105 DPDK:fast-tests / cpuflags_autotest OK 0.17 s 10/105 DPDK:fast-tests / debug_autotest OK 1.45 s 11/105 DPDK:fast-tests / devargs_autotest OK 0.51 s 12/105 DPDK:fast-tests / eal_flags_c_opt_autotest OK 1.05 s 13/105 DPDK:fast-tests / eal_flags_main_opt_autotest OK 0.48 s 14/105 DPDK:fast-tests / eal_flags_n_opt_autotest OK 0.84 s 15/105 DPDK:fast-tests / eal_flags_hpet_autotest OK 0.38 s 16/105 DPDK:fast-tests / eal_flags_no_huge_autotest OK 0.69 s 17/105 DPDK:fast-tests / eal_flags_a_opt_autotest OK 0.51 s 18/105 DPDK:fast-tests / eal_flags_b_opt_autotest OK 0.60 s 19/105 DPDK:fast-tests / eal_flags_vdev_opt_autotest OK 0.74 s 20/105 DPDK:fast-tests / eal_flags_r_opt_autotest OK 0.37 s 21/105 DPDK:fast-tests / eal_flags_mem_autotest OK 1.02 s 22/105 DPDK:fast-tests / eal_flags_file_prefix_autotest OK 3.10 s 23/105 DPDK:fast-tests / eal_flags_misc_autotest OK 2.47 s 24/105 DPDK:fast-tests / eal_fs_autotest OK 0.18 s 25/105 DPDK:fast-tests / errno_autotest OK 0.29 s 26/105 DPDK:fast-tests / ethdev_link_status OK 0.31 s 27/105 DPDK:fast-tests / event_ring_autotest OK 0.24 s 28/105 DPDK:fast-tests / fib_autotest OK 1.50 s 29/105 DPDK:fast-tests / fib6_autotest OK 1.36 s 30/105 DPDK:fast-tests / func_reentrancy_autotest OK 0.95 s 31/105 DPDK:fast-tests / hash_autotest OK 0.37 s 32/105 DPDK:fast-tests / interrupt_autotest OK 2.40 s 33/105 DPDK:fast-tests / ipfrag_autotest OK 0.32 s 34/105 DPDK:fast-tests / lcores_autotest OK 3.04 s 35/105 DPDK:fast-tests / logs_autotest OK 0.17 s 36/105 DPDK:fast-tests / lpm_autotest OK 7.77 s 37/105 DPDK:fast-tests / lpm6_autotest OK 9.81 s 38/105 DPDK:fast-tests / malloc_autotest OK 1.09 s 39/105 DPDK:fast-tests / mbuf_autotest OK 0.35 s 40/105 DPDK:fast-tests / mcslock_autotest OK 0.90 s 41/105 DPDK:fast-tests / memcpy_autotest OK 3.44 s 42/105 DPDK:fast-tests / memory_autotest OK 0.34 s 43/105 DPDK:fast-tests / mempool_autotest OK 0.54 s 44/105 DPDK:fast-tests / memzone_autotest OK 0.32 s 45/105 DPDK:fast-tests / meter_autotest OK 0.18 s 46/105 DPDK:fast-tests / multiprocess_autotest OK 0.58 s 47/105 DPDK:fast-tests / node_list_dump OK 0.24 s 48/105 DPDK:fast-tests / per_lcore_autotest OK 0.48 s 49/105 DPDK:fast-tests / pflock_autotest OK 0.38 s 50/105 DPDK:fast-tests / prefetch_autotest OK 0.34 s 51/105 DPDK:fast-tests / rcu_qsbr_autotest OK 0.49 s 52/105 DPDK:fast-tests / pie_autotest OK 0.30 s 53/105 DPDK:fast-tests / rib_autotest OK 8.31 s 54/105 DPDK:fast-tests / rib6_autotest OK 9.03 s 55/105 DPDK:fast-tests / ring_autotest OK 0.29 s 56/105 DPDK:fast-tests / rwlock_test1_autotest OK 0.51 s 57/105 DPDK:fast-tests / rwlock_rda_autotest OK 5.31 s 58/105 DPDK:fast-tests / rwlock_rds_wrm_autotest OK 5.28 s 59/105 DPDK:fast-tests / rwlock_rde_wro_autotest OK 5.16 s 60/105 DPDK:fast-tests / sched_autotest OK 0.23 s 61/105 DPDK:fast-tests / security_autotest OK 0.26 s 62/105 DPDK:fast-tests / seqlock_autotest SKIP 0.32 s 63/105 DPDK:fast-tests / spinlock_autotest OK 0.20 s 64/105 DPDK:fast-tests / stack_autotest OK 0.41 s 65/105 DPDK:fast-tests / stack_lf_autotest OK 0.44 s 66/105 DPDK:fast-tests / string_autotest OK 0.31 s 67/105 DPDK:fast-tests / tailq_autotest OK 0.35 s 68/105 DPDK:fast-tests / ticketlock_autotest OK 0.23 s 69/105 DPDK:fast-tests / timer_autotest OK 2.99 s 70/105 DPDK:fast-tests / user_delay_us OK 0.32 s 71/105 DPDK:fast-tests / version_autotest OK 0.32 s 72/105 DPDK:fast-tests / crc_autotest OK 0.33 s 73/105 DPDK:fast-tests / distributor_autotest OK 1.75 s 74/105 DPDK:fast-tests / eventdev_common_autotest OK 0.33 s 75/105 DPDK:fast-tests / fbarray_autotest OK 0.17 s 76/105 DPDK:fast-tests / hash_readwrite_func_autotest SKIP 0.30 s 77/105 DPDK:fast-tests / ipsec_autotest SKIP 0.21 s 78/105 DPDK:fast-tests / kni_autotest SKIP 0.20 s 79/105 DPDK:fast-tests / kvargs_autotest OK 0.29 s 80/105 DPDK:fast-tests / member_autotest OK 1.38 s 81/105 DPDK:fast-tests / power_cpufreq_autotest SKIP 0.26 s 82/105 DPDK:fast-tests / power_autotest OK 0.31 s 83/105 DPDK:fast-tests / power_kvm_vm_autotest SKIP 0.42 s 84/105 DPDK:fast-tests / power_intel_uncore_autotest SKIP 0.33 s 85/105 DPDK:fast-tests / reorder_autotest OK 0.24 s 86/105 DPDK:fast-tests / service_autotest OK 1.84 s 87/105 DPDK:fast-tests / thash_autotest OK 0.17 s 88/105 DPDK:fast-tests / threads_autotest OK 0.69 s 89/105 DPDK:fast-tests / trace_autotest OK 0.18 s 90/105 DPDK:fast-tests / trace_autotest_with_traces OK 0.19 s 91/105 DPDK:fast-tests / graph_autotest OK 0.17 s 92/105 DPDK:fast-tests / metrics_autotest OK 0.30 s 93/105 DPDK:fast-tests / telemetry_json_autotest OK 0.25 s 94/105 DPDK:fast-tests / telemetry_data_autotest OK 0.34 s 95/105 DPDK:fast-tests / table_autotest FAIL 1.76 s (exit status 255 or signal 127 SIGinvalid) 96/105 DPDK:fast-tests / ring_pmd_autotest OK 0.34 s 97/105 DPDK:fast-tests / event_eth_tx_adapter_autotest OK 0.97 s 98/105 DPDK:fast-tests / bitratestats_autotest OK 0.31 s 99/105 DPDK:fast-tests / latencystats_autotest OK 0.32 s 100/105 DPDK:fast-tests / pdump_autotest OK 5.22 s 101/105 DPDK:fast-tests / vdev_autotest OK 0.29 s 102/105 DPDK:fast-tests / bpf_autotest OK 0.22 s 103/105 DPDK:fast-tests / bpf_convert_autotest OK 0.17 s 104/105 DPDK:fast-tests / compressdev_autotest SKIP 0.31 s 105/105 DPDK:fast-tests / telemetry_all OK 11.93 s Ok: 96 Expected Fail: 0 Fail: 1 Unexpected Pass: 0 Skipped: 8 Timeout: 0 Full log written to /root/workspace/Generic-Unit-Test-DPDK/dpdk/build/meson-logs/testlog.txt Test log output from the failed test table_autotest: Sorry, we were not able to find the logs for this test. Download the log output from the CI site for this test run. ==== End log output ==== Fedora Linux 40 Kernel: 5.15 Compiler: gcc gcc (GCC) 14.2.1 20240912 (Red Hat 14.2.1-3) CentOS Stream 10 Kernel: 5.15 Compiler: gcc gcc (GCC) 14.2.1 20250110 (Red Hat 14.2.1-8) Fedora Linux 41 Kernel: 5.15 Compiler: gcc gcc (GCC) 14.3.1 20250523 (Red Hat 14.3.1-1) Ubuntu 20.04 Kernel: 5.15 Compiler: gcc gcc (Ubuntu 9.4.0-1ubuntu1~20.04.2) 9.4.0 Fedora Linux 42 Kernel: 5.15 Compiler: clang gcc (GCC) 15.2.1 20250808 (Red Hat 15.2.1-1) Debian GNU/Linux 12 Kernel: 5.15 Compiler: gcc gcc (Debian 12.2.0-14+deb12u1) 12.2.0 Red Hat Enterprise Linux 9.5 Kernel: 5.15 Compiler: gcc gcc (GCC) 11.5.0 20240719 (Red Hat 11.5.0-2) CentOS Stream 9 Kernel: 5.15 Compiler: gcc gcc (GCC) 11.5.0 20240719 (Red Hat 11.5.0-11) Ubuntu 22.04 Kernel: 5.15 Compiler: gcc gcc (Ubuntu 11.4.0-1ubuntu1~22.04) 11.4.0 Red Hat Enterprise Linux 8.10 Kernel: 5.15 Compiler: gcc gcc (GCC) 8.5.0 20210514 (Red Hat 8.5.0-22) Ubuntu 24.04 Kernel: 5.15 Compiler: gcc gcc (Ubuntu 13.3.0-6ubuntu2~24.04) 13.3.0 Windows Server 2022 Kernel: 10.0.20348.2031 Compiler: clang 15.0.7, gcc 14.1.0 (MinGW), and MSVC VS 19.39.33521 To view detailed results, visit: https://lab.dpdk.org/results/dashboard/tarballs/35606/ UNH-IOL DPDK Community Lab To manage your email subscriptions, visit: https://lab.dpdk.org/results/dashboard/preferences/subscriptions/