From mboxrd@z Thu Jan 1 00:00:00 1970 Return-Path: Received: from mails.dpdk.org (mails.dpdk.org [217.70.189.124]) by inbox.dpdk.org (Postfix) with ESMTP id C68E648B19 for ; Sat, 15 Nov 2025 12:29:48 +0100 (CET) Received: from mails.dpdk.org (localhost [127.0.0.1]) by mails.dpdk.org (Postfix) with ESMTP id C16A140A89; Sat, 15 Nov 2025 12:29:48 +0100 (CET) Received: from mail-oa1-f99.google.com (mail-oa1-f99.google.com [209.85.160.99]) by mails.dpdk.org (Postfix) with ESMTP id 9ACF040A80 for ; Sat, 15 Nov 2025 12:29:47 +0100 (CET) Received: by mail-oa1-f99.google.com with SMTP id 586e51a60fabf-3e83314cbe9so979975fac.3 for ; Sat, 15 Nov 2025 03:29:47 -0800 (PST) DKIM-Signature: v=1; a=rsa-sha256; c=relaxed/relaxed; d=iol.unh.edu; s=unh-iol; t=1763206187; x=1763810987; darn=dpdk.org; h=cc:to:from:subject:message-id:date:from:to:cc:subject:date :message-id:reply-to; bh=kkGHtkafpsEqz8lS+yf63yz4KmUazrak/pPrGt2EfoY=; b=hL1n9/H6iwUUJ+jAg9NWPyC1aVzg/wNzjHSmVM4qmVuTplXutxUSvHSAl4ZpgBVNf2 D8pkHC2u62FdT/mQInqAuvJbKFC4l8DgwcykHBRs2oBFXVk4PRkgVJr27XULzbC96ZK5 lDCZyuKUFP6Rfc5XlbWXN/4RN0mWsIDc/uZsY= X-Google-DKIM-Signature: v=1; a=rsa-sha256; c=relaxed/relaxed; d=1e100.net; s=20230601; t=1763206187; x=1763810987; h=cc:to:from:subject:message-id:date:x-gm-gg:x-gm-message-state:from :to:cc:subject:date:message-id:reply-to; bh=kkGHtkafpsEqz8lS+yf63yz4KmUazrak/pPrGt2EfoY=; b=f7dGTuRlohGygwi9rD5jZlIl2VAB2s2A6IlcRSLc//OHT0fx8nSg+WTOxnGp/3orpO 0wUsRrp7HfXyG+lD89ofYU4Vyc49x/pyhWL6CM9dBiMd6QziLvfee/TMAhQGilAlc4Cv VQTka0Np/tkQfEXiBS7CFBu/wOBzgVmbkd9+EiQP/eXXFaU/Sp9E9322ohiZAmaYaozx Prxj29v4lrcdwa1vSuWFmcFG5+wjz0w0RlkPSwOe1C99V2i/HDLHrlYK5eIl8GkPbPKt CQm6YxSKFbH3CWHqqBAOB3BLfdezS7Zgwl8pWOIhuo/0xUu3H3Aeo5yxoWSuH1/b8O1l kL1g== X-Gm-Message-State: AOJu0YzDKcPS7dXNzT2qykCEC8LJh5WwlI1E5FXAjZfH75VcKHAd6H+6 Nc/1PYFFBZbAWG6gI1RqQgr3raLVny4WJkQDGOyz37Xh2mg7AQvlfyVOCQT8oUdkS+R7E3pmAAp Z7N5CVJONW57kU9Rwfb/vegQSOl89jNKPUEhVJw0WWNnOsUIeEB6U X-Gm-Gg: ASbGncvccwtKht6SOa2yXMP6BY1UQE57hoAVxjxaSRnqeDeOG7WojJyJURQ8oXg/ieB 1Uj9X+VFAvT9yEgJ9bRUrrI9893DInPZmMIhuymRJZdHOTIrXNWLQs55S0t7Zj9nOEfISOvd4lQ +H797AAcGi6k+0YRi5SFbGPYCb5TYi5vjbBZTOH7udoIUUt/Iu8fDRsPhS1JCVBBwLb75y9CzsR aj1x+3cB2WeEMeWbafBaeHI3L05zA5T/v+lTPdbi5UbP7ASS4ViH28wqrFZ+y6vOuy7wtPpxdrC oCxk8mszu1F+cPhNFDYo583wIIjlSUdI4St7DiKoPIb9wzM8l0s7U0MxbmFnhYmCtsD/TUcmv37 LQ9kepELz X-Google-Smtp-Source: AGHT+IHWgL4yikmjUBoXgAI3IYFWhQ1PZ089RQR0bdRocZrx4Xg7M3e1VUpcBYfDSlIXFjo67FN2eLbfAjJy X-Received: by 2002:a05:6870:47a5:b0:3e8:8e57:a7a9 with SMTP id 586e51a60fabf-3e88e57bd2fmr559169fac.52.1763206186907; Sat, 15 Nov 2025 03:29:46 -0800 (PST) Received: from postal.iol.unh.edu (postal.iol.unh.edu. [2606:4100:3880:1234::84]) by smtp-relay.gmail.com with ESMTPS id 586e51a60fabf-3e85200d466sm708663fac.5.2025.11.15.03.29.46 (version=TLS1_2 cipher=ECDHE-ECDSA-AES128-GCM-SHA256 bits=128/128); Sat, 15 Nov 2025 03:29:46 -0800 (PST) X-Relaying-Domain: iol.unh.edu Date: Sat, 15 Nov 2025 03:29:46 -0800 (PST) Message-ID: <6918642a.050a0220.114e80.241cSMTPIN_ADDED_MISSING@mx.google.com> Received: from [172.21.0.2] (unknown [172.18.0.240]) by postal.iol.unh.edu (Postfix) with ESMTP id 726F96051830; Sat, 15 Nov 2025 06:29:46 -0500 (EST) Subject: |FAILURE| [GIT MASTER] 62f583c49bf67dd4d6733ece14e55fe6839e66d1 From: dpdklab@iol.unh.edu To: Test Report Cc: dpdk-test-reports@iol.unh.edu, Xueming Li , Christian Ehrhardt , Kevin Traynor , Luca Boccassi Content-Type: text/plain X-BeenThere: test-report@dpdk.org X-Mailman-Version: 2.1.29 Precedence: list List-Id: automatic DPDK test reports List-Unsubscribe: , List-Archive: List-Post: List-Help: List-Subscribe: , Errors-To: test-report-bounces@dpdk.org _Testing issues_ Branch: tags/v23.11 62f583c49bf67dd4d6733ece14e55fe6839e66d1 --> testing issues Upstream job id: Generic-VM-Unit-Test-DPDK#32595 Test environment and result as below: +-------------------------------+----------------+ | Environment | dpdk_unit_test | +===============================+================+ | CentOS Stream 10 | PASS | +-------------------------------+----------------+ | Fedora Linux 40 | PASS | +-------------------------------+----------------+ | Fedora Linux 41 | PASS | +-------------------------------+----------------+ | Debian GNU/Linux 12 | PASS | +-------------------------------+----------------+ | CentOS Stream 9 | PASS | +-------------------------------+----------------+ | Fedora Linux 42 | WARN | +-------------------------------+----------------+ | Red Hat Enterprise Linux 8.10 | PASS | +-------------------------------+----------------+ | Red Hat Enterprise Linux 9.5 | PASS | +-------------------------------+----------------+ | Ubuntu 24.04 | PASS | +-------------------------------+----------------+ | Ubuntu 20.04 | PASS | +-------------------------------+----------------+ | Ubuntu 22.04 | PASS | +-------------------------------+----------------+ | Windows Server 2022 | FAIL | +-------------------------------+----------------+ ==== Unit test summary for Windows Server 2022 (dpdk_unit_test): ==== Failed to get the unit test results. Displaying the unit test results is not supported for some environments, such as our aarch32 testing, where meson is not used to run the tests. Download the logs available on our CI site. ==== End log output ==== CentOS Stream 10 Kernel: 5.15 Compiler: gcc gcc (GCC) 14.2.1 20250110 (Red Hat 14.2.1-8) Fedora Linux 40 Kernel: 5.15 Compiler: gcc gcc (GCC) 14.2.1 20240912 (Red Hat 14.2.1-3) Fedora Linux 41 Kernel: 5.15 Compiler: gcc gcc (GCC) 14.3.1 20250523 (Red Hat 14.3.1-1) Debian GNU/Linux 12 Kernel: 5.15 Compiler: gcc gcc (Debian 12.2.0-14+deb12u1) 12.2.0 CentOS Stream 9 Kernel: 5.15 Compiler: gcc gcc (GCC) 11.5.0 20240719 (Red Hat 11.5.0-11) Fedora Linux 42 Kernel: 5.15 Compiler: clang gcc (GCC) 15.2.1 20250808 (Red Hat 15.2.1-1) Red Hat Enterprise Linux 8.10 Kernel: 5.15 Compiler: gcc gcc (GCC) 8.5.0 20210514 (Red Hat 8.5.0-22) Red Hat Enterprise Linux 9.5 Kernel: 5.15 Compiler: gcc gcc (GCC) 11.5.0 20240719 (Red Hat 11.5.0-2) Ubuntu 24.04 Kernel: 5.15 Compiler: gcc gcc (Ubuntu 13.3.0-6ubuntu2~24.04) 13.3.0 Ubuntu 20.04 Kernel: 5.15 Compiler: gcc gcc (Ubuntu 9.4.0-1ubuntu1~20.04.2) 9.4.0 Ubuntu 22.04 Kernel: 5.15 Compiler: gcc gcc (Ubuntu 11.4.0-1ubuntu1~22.04) 11.4.0 Windows Server 2022 Kernel: 10.0.20348.2031 Compiler: clang 15.0.7, gcc 14.1.0 (MinGW), and MSVC VS 19.39.33521 To view detailed results, visit: https://lab.dpdk.org/results/dashboard/tarballs/35607/ UNH-IOL DPDK Community Lab To manage your email subscriptions, visit: https://lab.dpdk.org/results/dashboard/preferences/subscriptions/