From mboxrd@z Thu Jan 1 00:00:00 1970 Return-Path: Received: from mails.dpdk.org (mails.dpdk.org [217.70.189.124]) by inbox.dpdk.org (Postfix) with ESMTP id 6FD9148B19 for ; Sat, 15 Nov 2025 12:35:25 +0100 (CET) Received: from mails.dpdk.org (localhost [127.0.0.1]) by mails.dpdk.org (Postfix) with ESMTP id 69B5B40A80; Sat, 15 Nov 2025 12:35:25 +0100 (CET) Received: from mail-pl1-f225.google.com (mail-pl1-f225.google.com [209.85.214.225]) by mails.dpdk.org (Postfix) with ESMTP id 742C840A80 for ; Sat, 15 Nov 2025 12:35:23 +0100 (CET) Received: by mail-pl1-f225.google.com with SMTP id d9443c01a7336-2984dfae043so25507795ad.0 for ; Sat, 15 Nov 2025 03:35:23 -0800 (PST) DKIM-Signature: v=1; a=rsa-sha256; c=relaxed/relaxed; d=iol.unh.edu; s=unh-iol; t=1763206522; x=1763811322; darn=dpdk.org; h=cc:to:from:subject:message-id:date:from:to:cc:subject:date :message-id:reply-to; bh=qO6DYYApEQmfdVeoHlpQ21dMjyenwK7PyJDrsV69bYg=; b=eBfz1xJYy+cowJOXwZrQOHz4iIvH+HsV5m+x7Ig2eMhJ18LfyfQ0Pf3nwqxMSq4Gzn xIJCWbJZ5/JhAnuUasQlWMQrnbZcLGw5AtdoG+CWbs2k1oyd9bsCjplV6qrmW0GLCT+b qAHsyBuYfUnAZb7SQUadU8DooYQgidRlGhhSs= X-Google-DKIM-Signature: v=1; a=rsa-sha256; c=relaxed/relaxed; d=1e100.net; s=20230601; t=1763206522; x=1763811322; h=cc:to:from:subject:message-id:date:x-gm-gg:x-gm-message-state:from :to:cc:subject:date:message-id:reply-to; bh=qO6DYYApEQmfdVeoHlpQ21dMjyenwK7PyJDrsV69bYg=; b=f4XkkO8QdjKZQMthYyyGLsBBY5l9tlDugATbNSJ6hex5SZW9KO48sJ0exwZFagoWAC Cjwj91ZVdrzeuOclHBG9Q5/cLzhow0CSkArtoj94yaVbftzTcPwQu+UKaumdxrl8YVkz 0aHOE4iZ1bsB5UNmeKJmA9Ex+Pr/Z5Mv10uvcFMolNIG0LiTFKOVy0ohKncAyDujaK/B qLYgO2fl+p9shmydFJ8+hDCtbuhJVEvKVBfmev4QMLSlA6U2BHVS4PMTjP5WNDpDBFOi A6NXBgy+h7N+eFNUaXBDcajvDgVKueCb122aoiVZnnWx23VAIC17VcBeST8MnCprl4Pm j3KQ== X-Gm-Message-State: AOJu0YxMWBBfgaUyz0eSDkZ2jxe2iw2HZFI2xQBPDbDgTEHpYqdUALK5 igy8FnCkf5DBy14Dc2XrCxAFJu8zMLstdjchv24gQstK9Ll9E3E5MIrMnqWcVbK/5/+blzE2uRf eFKK0xDoufPOVIyYyYLlkY4Uxj2xqLZhiwzJo X-Gm-Gg: ASbGncs0xSmUMSwC0mavURn47HmKb4+o3vj3RHZ1Dg12q8CCPUoNrMjVqP04Sko12Ub 9f2714Be72yFAWrYh6RukoGnIB8L4yTqMDN8jSkjDMar1U5O2Nb7jYNi8bkEDkRIR5ipcH8PhVC k2sdQPcxmRlubA0XSegmgBzC/cxgIj2MQeI8mOntlPLXQgGPD/fgULfgqSCrxbpBxd29GLJO5IE kWAZIKQDyAA/KzQS1JDGMiMjsXObrzyUCxFPMf2YkabmkJcXO/GcUkAmloS4f/tQsdvKERiDqgd 8N6x6/F/1vr4YP4Pf9sZrcX6/3IoTdusUGL9us5JIp4REk4mw6bRLxQ5rhbmUPPZ7Qy2WkdVjEz BBlUfHLLiprUm2C9gfQABimdnSOfyfRg= X-Google-Smtp-Source: AGHT+IH1UJTB+oLqfuP7RelXNhtapxjAYSLpd004PpKs7p7RmhNsW20zMdGa8aRf/gF7JysTcOh9ZTQSRa1F X-Received: by 2002:a17:902:ce01:b0:297:f793:fc7e with SMTP id d9443c01a7336-2986a6d217amr67537855ad.19.1763206522613; Sat, 15 Nov 2025 03:35:22 -0800 (PST) Received: from postal.iol.unh.edu (postal.iol.unh.edu. [132.177.123.84]) by smtp-relay.gmail.com with ESMTPS id d9443c01a7336-2985c2554e1sm7972125ad.28.2025.11.15.03.35.22 (version=TLS1_2 cipher=ECDHE-ECDSA-AES128-GCM-SHA256 bits=128/128); Sat, 15 Nov 2025 03:35:22 -0800 (PST) X-Relaying-Domain: iol.unh.edu Date: Sat, 15 Nov 2025 03:35:22 -0800 (PST) Message-ID: <6918657a.170a0220.129343.6dc4SMTPIN_ADDED_MISSING@mx.google.com> Received: from [172.21.0.3] (unknown [172.18.0.240]) by postal.iol.unh.edu (Postfix) with ESMTP id 0E8CB6051830; Sat, 15 Nov 2025 06:35:22 -0500 (EST) Subject: |FAILURE| [GIT MASTER] 62f583c49bf67dd4d6733ece14e55fe6839e66d1 From: dpdklab@iol.unh.edu To: Test Report Cc: dpdk-test-reports@iol.unh.edu, Xueming Li , Christian Ehrhardt , Kevin Traynor , Luca Boccassi Content-Type: text/plain X-BeenThere: test-report@dpdk.org X-Mailman-Version: 2.1.29 Precedence: list List-Id: automatic DPDK test reports List-Unsubscribe: , List-Archive: List-Post: List-Help: List-Subscribe: , Errors-To: test-report-bounces@dpdk.org _Testing issues_ Branch: tags/v23.11 62f583c49bf67dd4d6733ece14e55fe6839e66d1 --> testing issues Upstream job id: Generic-VM-Unit-Test-DPDK#32596 Test environment and result as below: +-------------------------------+----------------+ | Environment | dpdk_unit_test | +===============================+================+ | CentOS Stream 10 | PASS | +-------------------------------+----------------+ | Fedora Linux 40 | PASS | +-------------------------------+----------------+ | Fedora Linux 41 | PASS | +-------------------------------+----------------+ | Debian GNU/Linux 12 | PASS | +-------------------------------+----------------+ | CentOS Stream 9 | PASS | +-------------------------------+----------------+ | Fedora Linux 42 | WARN | +-------------------------------+----------------+ | Red Hat Enterprise Linux 8.10 | PASS | +-------------------------------+----------------+ | Red Hat Enterprise Linux 9.5 | PASS | +-------------------------------+----------------+ | Ubuntu 24.04 | PASS | +-------------------------------+----------------+ | Ubuntu 20.04 | PASS | +-------------------------------+----------------+ | Ubuntu 22.04 | PASS | +-------------------------------+----------------+ | Windows Server 2022 | FAIL | +-------------------------------+----------------+ ==== Unit test summary for Windows Server 2022 (dpdk_unit_test): ==== Failed to get the unit test results. Displaying the unit test results is not supported for some environments, such as our aarch32 testing, where meson is not used to run the tests. Download the logs available on our CI site. ==== End log output ==== CentOS Stream 10 Kernel: 5.15 Compiler: gcc gcc (GCC) 14.2.1 20250110 (Red Hat 14.2.1-8) Fedora Linux 40 Kernel: 5.15 Compiler: gcc gcc (GCC) 14.2.1 20240912 (Red Hat 14.2.1-3) Fedora Linux 41 Kernel: 5.15 Compiler: gcc gcc (GCC) 14.3.1 20250523 (Red Hat 14.3.1-1) Debian GNU/Linux 12 Kernel: 5.15 Compiler: gcc gcc (Debian 12.2.0-14+deb12u1) 12.2.0 CentOS Stream 9 Kernel: 5.15 Compiler: gcc gcc (GCC) 11.5.0 20240719 (Red Hat 11.5.0-11) Fedora Linux 42 Kernel: 5.15 Compiler: clang gcc (GCC) 15.2.1 20250808 (Red Hat 15.2.1-1) Red Hat Enterprise Linux 8.10 Kernel: 5.15 Compiler: gcc gcc (GCC) 8.5.0 20210514 (Red Hat 8.5.0-22) Red Hat Enterprise Linux 9.5 Kernel: 5.15 Compiler: gcc gcc (GCC) 11.5.0 20240719 (Red Hat 11.5.0-2) Ubuntu 24.04 Kernel: 5.15 Compiler: gcc gcc (Ubuntu 13.3.0-6ubuntu2~24.04) 13.3.0 Ubuntu 20.04 Kernel: 5.15 Compiler: gcc gcc (Ubuntu 9.4.0-1ubuntu1~20.04.2) 9.4.0 Ubuntu 22.04 Kernel: 5.15 Compiler: gcc gcc (Ubuntu 11.4.0-1ubuntu1~22.04) 11.4.0 Windows Server 2022 Kernel: 10.0.20348.2031 Compiler: clang 15.0.7, gcc 14.1.0 (MinGW), and MSVC VS 19.39.33521 To view detailed results, visit: https://lab.dpdk.org/results/dashboard/tarballs/35607/ UNH-IOL DPDK Community Lab To manage your email subscriptions, visit: https://lab.dpdk.org/results/dashboard/preferences/subscriptions/