From mboxrd@z Thu Jan 1 00:00:00 1970 Return-Path: Received: from mails.dpdk.org (mails.dpdk.org [217.70.189.124]) by inbox.dpdk.org (Postfix) with ESMTP id AE8B348B1A for ; Sat, 15 Nov 2025 14:18:50 +0100 (CET) Received: from mails.dpdk.org (localhost [127.0.0.1]) by mails.dpdk.org (Postfix) with ESMTP id 8E11A402A2; Sat, 15 Nov 2025 14:18:50 +0100 (CET) Received: from mail-pf1-f228.google.com (mail-pf1-f228.google.com [209.85.210.228]) by mails.dpdk.org (Postfix) with ESMTP id E743D402A2 for ; Sat, 15 Nov 2025 14:18:48 +0100 (CET) Received: by mail-pf1-f228.google.com with SMTP id d2e1a72fcca58-7b852bb31d9so3316563b3a.0 for ; Sat, 15 Nov 2025 05:18:48 -0800 (PST) DKIM-Signature: v=1; a=rsa-sha256; c=relaxed/relaxed; d=iol.unh.edu; s=unh-iol; t=1763212728; x=1763817528; darn=dpdk.org; h=references:in-reply-to:cc:to:from:subject:message-id:date:from:to :cc:subject:date:message-id:reply-to; bh=ECKsA7R9JIYvomV4Arx8yfkcRAw0HG3IcQHcrl14eKU=; b=bOLRRtvHR9CAKz57MZB3oMqx5YyHp8pQnDSKlBBkfdVlU5jYNzhdhzvQKTloKp5qX/ 7jXouWE4fjpDV59BxSSAvRyLDjd9/04AlucG75gB0NPc2ErfLl5rCpBLWIi0kmdKv5YT 8/wNcX2PHnsM/1+h10yu45Ca9o+BmytueoLdE= X-Google-DKIM-Signature: v=1; a=rsa-sha256; c=relaxed/relaxed; d=1e100.net; s=20230601; t=1763212728; x=1763817528; h=references:in-reply-to:cc:to:from:subject:message-id:date:x-gm-gg :x-gm-message-state:from:to:cc:subject:date:message-id:reply-to; bh=ECKsA7R9JIYvomV4Arx8yfkcRAw0HG3IcQHcrl14eKU=; b=MZvQKZCO0f/OBtiHdCFrJXuwAxf1nbmr8U9i3rXf3rPRzzp2gy0NUz1BSIXzIZ7rPh kBCQ7Y1cDa3+J1Vmmm4gSwEe65mOPbM2jSrCUihyr7j7cxFHiN0cheemMD1/vhprqY54 njkT2SkTC9jNqxGhMVVamhyB65xNTN/eiePE3bThSjy6xcYxGkWl+UUs8ue4amjyPta5 OX/ex7RWEqYC+wQ6lDfPX9C4ekhEeqZowv1V876kd3KTsiezVXdp9SAAHbqEkAw4z/NA sVDFQcyhQEPKj2RxmhMbEkjfGV9APyUJEuovqr4EYY9jyFeobOQOEKM6JUc4IKfYj+vm mdhg== X-Gm-Message-State: AOJu0YyA51eM1YBaknCKVtpOoJ7FnQA0viSYePhm5F+nkr2bLyVIHHmO uTPGQgbg5EKUrnAzViNdzAkgZ+jUDemFx43LOOjJzjWG4/teDOWt2i8/6O/IgLEpc6Vv9UYAmJ3 6S3YB/quMZW2z88tWPFaATWDGB7g6luH4BaxCVya01CHJlCA/S82cbNebvfH+ X-Gm-Gg: ASbGncty4+jn18Rgu/G7K+bLoI8hXJ5Cppiz77vtjb5NUnf1mCb1VwDPGIIqj43eZGF w0zvg0i+d6P/vXziq4B2rgCTrsDKHkAjZSSb0nP/5B7BmgNdPqdLD9a95RbQyHhzB5GhRasgYP7 gms9r8JCMyJUK6qq/o2KJL7wsDS/6xmMmMtn8LwLMrO4oVvdI3djSpI92iEBqDFZtEsEJFz0xhI bN0AcJZxvOR/+OMeMRxdX68cvHZRneRvQSeWdinpMn2yQsdR3c79mM5pXl9GA8GlebfSLtgz3b+ i53dJwUrtNm7Y0Yi/SbJsTODHyN6q9PiJnnRyIK+D2kL4yrqW9O1I3ouV2CqADD36yRkL/KzLvg No98tQg7+ X-Google-Smtp-Source: AGHT+IFROL6MSnWZ7m8IFvY63pRmcMFFxpMldm29A9x3qJKo4z51a3zRd1bGi3xZ17eOl4QmTWWEt12lhscB X-Received: by 2002:a05:7022:7e81:b0:11b:9386:8264 with SMTP id a92af1059eb24-11b93868563mr603596c88.41.1763212727869; Sat, 15 Nov 2025 05:18:47 -0800 (PST) Received: from postal.iol.unh.edu (postal.iol.unh.edu. [2606:4100:3880:1234::84]) by smtp-relay.gmail.com with ESMTPS id a92af1059eb24-11b0609131csm604171c88.5.2025.11.15.05.18.47 (version=TLS1_2 cipher=ECDHE-ECDSA-AES128-GCM-SHA256 bits=128/128); Sat, 15 Nov 2025 05:18:47 -0800 (PST) X-Relaying-Domain: iol.unh.edu Date: Sat, 15 Nov 2025 05:18:47 -0800 (PST) Message-ID: <69187db7.050a0220.98bfc.e7c8SMTPIN_ADDED_MISSING@mx.google.com> Received: from [172.21.0.2] (unknown [172.18.0.240]) by postal.iol.unh.edu (Postfix) with ESMTP id D3A6B6051830; Sat, 15 Nov 2025 08:18:46 -0500 (EST) Subject: |FAILURE| pw158794-158812 [PATCH] [v2,19/19] vfio: introduce cdev mo From: dpdklab@iol.unh.edu To: Test Report Cc: dpdk-test-reports@iol.unh.edu, Anatoly Burakov In-Reply-To: <45db9c5e1589c56ed0e31a0e15390da5366ca5c2.1763142008.git.anatoly.burakov@intel.com> References: <45db9c5e1589c56ed0e31a0e15390da5366ca5c2.1763142008.git.anatoly.burakov@intel.com> Content-Type: text/plain X-BeenThere: test-report@dpdk.org X-Mailman-Version: 2.1.29 Precedence: list List-Id: automatic DPDK test reports List-Unsubscribe: , List-Archive: List-Post: List-Help: List-Subscribe: , Errors-To: test-report-bounces@dpdk.org Test-Label: iol-compile-amd64-testing Test-Status: FAILURE http://dpdk.org/patch/158812 _Testing issues_ Submitter: Anatoly Burakov Date: Friday, November 14 2025 17:40:29 DPDK git baseline: Repo:dpdk Branch: master CommitID:be0112878b4fc3a1b918370ed2fe615c52039d77 158794-158812 --> testing issues Upstream job id: Windows-Compile-DPDK-Native#32411 Test environment and result as below: +-------------------------------+--------------------+-------------------+------------------+-------------------------+ | Environment | dpdk_meson_compile | dpdk_msvc_compile | dpdk_compile_ovs | dpdk_llvm_clang_compile | +===============================+====================+===================+==================+=========================+ | Ubuntu 20.04 | PASS | SKIPPED | SKIPPED | SKIPPED | +-------------------------------+--------------------+-------------------+------------------+-------------------------+ | FreeBSD 14.2 | FAIL | SKIPPED | SKIPPED | SKIPPED | +-------------------------------+--------------------+-------------------+------------------+-------------------------+ | CentOS Stream 9 | PASS | SKIPPED | SKIPPED | SKIPPED | +-------------------------------+--------------------+-------------------+------------------+-------------------------+ | CentOS Stream 10 | PASS | SKIPPED | SKIPPED | SKIPPED | +-------------------------------+--------------------+-------------------+------------------+-------------------------+ | Debian GNU/Linux 12 | PASS | SKIPPED | SKIPPED | SKIPPED | +-------------------------------+--------------------+-------------------+------------------+-------------------------+ | Fedora Linux 42 | PASS | SKIPPED | PASS | SKIPPED | +-------------------------------+--------------------+-------------------+------------------+-------------------------+ | openSUSE Leap 15.6 | PASS | SKIPPED | SKIPPED | SKIPPED | +-------------------------------+--------------------+-------------------+------------------+-------------------------+ | Red Hat Enterprise Linux 8.10 | PASS | SKIPPED | SKIPPED | SKIPPED | +-------------------------------+--------------------+-------------------+------------------+-------------------------+ | Red Hat Enterprise Linux 9.5 | PASS | SKIPPED | SKIPPED | SKIPPED | +-------------------------------+--------------------+-------------------+------------------+-------------------------+ | Ubuntu 22.04 | PASS | SKIPPED | SKIPPED | SKIPPED | +-------------------------------+--------------------+-------------------+------------------+-------------------------+ | Ubuntu 24.04 | PASS | SKIPPED | PASS | SKIPPED | +-------------------------------+--------------------+-------------------+------------------+-------------------------+ | Alpine Linux 3.22.0 | PASS | SKIPPED | SKIPPED | SKIPPED | +-------------------------------+--------------------+-------------------+------------------+-------------------------+ | Windows Server 2022 | SKIPPED | PASS | SKIPPED | PASS | +-------------------------------+--------------------+-------------------+------------------+-------------------------+ ==== 20 line log output for FreeBSD 14.2 (dpdk_meson_compile): ==== FAILED: lib/eal.sym_chk /usr/local/bin/meson --internal exe --capture lib/eal.sym_chk -- /root/workspace/Generic-VM-DPDK-Compile-Meson/dpdk/buildtools/check-symbols.sh /root/workspace/Generic-VM-DPDK-Compile-Meson/dpdk/build/lib/eal_exports.map lib/librte_eal.a --- stderr --- rte_vfio_get_device_info is not flagged as experimental but is exported as an experimental symbol Please add __rte_experimental to the definition of rte_vfio_get_device_info rte_vfio_get_device_num is not flagged as experimental but is exported as an experimental symbol Please add __rte_experimental to the definition of rte_vfio_get_device_num rte_vfio_get_device_info is flagged as internal but is not exported as an internal symbol Please add RTE_EXPORT_INTERNAL_SYMBOL to the definition of rte_vfio_get_device_info rte_vfio_get_mode is flagged as internal but is not exported as an internal symbol Please add RTE_EXPORT_INTERNAL_SYMBOL to the definition of rte_vfio_get_mode rte_vfio_get_device_num is flagged as internal but is not exported as an internal symbol Please add RTE_EXPORT_INTERNAL_SYMBOL to the definition of rte_vfio_get_device_num [179/2125] Compiling C object lib/librte_metrics.a.p/metrics_rte_metrics_telemetry.c.o [180/2125] Compiling C object lib/librte_hash.a.p/hash_rte_hash_crc.c.o [181/2125] Compiling C object lib/librte_hash.a.p/hash_rte_fbk_hash.c.o [182/2125] Compiling C object lib/librte_hash.a.p/hash_rte_cuckoo_hash.c.o [183/2125] Generating ethdev.sym_chk with a custom command (wrapped by meson to capture output) ninja: build stopped: subcommand failed. ==== End log output ==== Ubuntu 20.04 Kernel: 4.19 Compiler: gcc gcc (Ubuntu 9.4.0-1ubuntu1~20.04.2) 9.4.0 FreeBSD 14.2 Kernel: 14.2-RELEASE Compiler: clang 18.1.6 CentOS Stream 9 Kernel: 5.15 Compiler: gcc gcc (GCC) 11.5.0 20240719 (Red Hat 11.5.0-11) CentOS Stream 10 Kernel: 5.15 Compiler: gcc gcc (GCC) 14.2.1 20250110 (Red Hat 14.2.1-8) Debian GNU/Linux 12 Kernel: 5.15 Compiler: gcc gcc (Debian 12.2.0-14+deb12u1) 12.2.0 Fedora Linux 42 Kernel: 5.15 Compiler: clang gcc (GCC) 15.2.1 20250808 (Red Hat 15.2.1-1) openSUSE Leap 15.6 Kernel: 5.15 Compiler: gcc gcc (SUSE Linux) 7.5.0 Red Hat Enterprise Linux 8.10 Kernel: 5.15 Compiler: gcc gcc (GCC) 8.5.0 20210514 (Red Hat 8.5.0-22) Red Hat Enterprise Linux 9.5 Kernel: 5.15 Compiler: gcc gcc (GCC) 11.5.0 20240719 (Red Hat 11.5.0-2) Ubuntu 22.04 Kernel: 5.15 Compiler: gcc gcc (Ubuntu 11.4.0-1ubuntu1~22.04) 11.4.0 Ubuntu 24.04 Kernel: 5.15 Compiler: gcc gcc (Ubuntu 13.3.0-6ubuntu2~24.04) 13.3.0 Alpine Linux 3.22.0 Kernel: 5.15 Compiler: gcc gcc (Alpine 14.2.0) 14.2.0 Windows Server 2022 Kernel: 10.0.20348.2031 Compiler: clang 15.0.7, gcc 14.1.0 (MinGW), and MSVC VS 19.39.33521 To view detailed results, visit: https://lab.dpdk.org/results/dashboard/patchsets/34593/ UNH-IOL DPDK Community Lab To manage your email subscriptions, visit: https://lab.dpdk.org/results/dashboard/preferences/subscriptions/