From mboxrd@z Thu Jan 1 00:00:00 1970 Return-Path: Received: from mails.dpdk.org (mails.dpdk.org [217.70.189.124]) by inbox.dpdk.org (Postfix) with ESMTP id 2BEE948B1A for ; Sat, 15 Nov 2025 14:24:50 +0100 (CET) Received: from mails.dpdk.org (localhost [127.0.0.1]) by mails.dpdk.org (Postfix) with ESMTP id 21BC6402A2; Sat, 15 Nov 2025 14:24:50 +0100 (CET) Received: from mail-pl1-f228.google.com (mail-pl1-f228.google.com [209.85.214.228]) by mails.dpdk.org (Postfix) with ESMTP id 197AF402A2 for ; Sat, 15 Nov 2025 14:24:49 +0100 (CET) Received: by mail-pl1-f228.google.com with SMTP id d9443c01a7336-297d4a56f97so30092635ad.1 for ; Sat, 15 Nov 2025 05:24:49 -0800 (PST) DKIM-Signature: v=1; a=rsa-sha256; c=relaxed/relaxed; d=iol.unh.edu; s=unh-iol; t=1763213088; x=1763817888; darn=dpdk.org; h=references:in-reply-to:cc:to:from:subject:message-id:date:from:to :cc:subject:date:message-id:reply-to; bh=74CfYtY4vayt4+FGJqVdRErlLIhWljQxasMgYgO/OM8=; b=d5mVV8WqeOW6c/IosVHITJJZ6NhfWAeShbmM5ofR/N5+mxUMvZrlFKV7lIpMEzQuJ2 VlcmqbyQMjPv+V6ppdrDYnGiKu6LSg2WSiiB+pM7fjLDbScGptBgEvssd16WZ4dh2nrE iJIHXmwhOTXaefPXiKgljFS/s6K1kAgP51oHg= X-Google-DKIM-Signature: v=1; a=rsa-sha256; c=relaxed/relaxed; d=1e100.net; s=20230601; t=1763213088; x=1763817888; h=references:in-reply-to:cc:to:from:subject:message-id:date:x-gm-gg :x-gm-message-state:from:to:cc:subject:date:message-id:reply-to; bh=74CfYtY4vayt4+FGJqVdRErlLIhWljQxasMgYgO/OM8=; b=hAlb6TT30lEP4K/vreg3IGxumh3UefU0FV2LX179ZFHUqJ5R1h/K9WS9+0uso54lLb xpVEIpIakbZC8d1hkYUBdy7tKoqYFAdyxGnHgRjXkbN8kdlyX90FZpM2XOS3urlxv6iT 2RtmvSGjFct+wS599BaY1iAN+lQvZ0qzJIVif5NPwadnRThLXQ7xe0W2WNjlfR8NXVNw jatldh5BXt0shjHDO3fg5Rbqoqw/T2c4qKU66CvhJfciDucaSvpdvPBjMM3r2D2FrL/5 9vYJv/Hd1nSLnDBvC+WZ7hORz3xB6F0E36KUDBpVgJSqX2xHgmCebWDnykeQDtQWyEt4 MC4w== X-Gm-Message-State: AOJu0YxsuYwWqbmpUZiYxksSptiO65l9ifrOBYprBpLY95/UgoYZWnYx eZLf3HKLVLwxaN4qrZNNFixRN81XvkG5aDa+gAHYOt6qiy/XKVm8h0pGHn0pZdlIlr5wPKFyg8m dBXSMJJ8kFfmq0ncBazhriEeD2Yk6wmmYC/ZkgLqqnV0I X-Gm-Gg: ASbGncvyiW02MVQo31sHJYiVeP4BVTx8DPERf96LKfBwrzr+PMIV1LM8i3pMfbT7rsv 9v22pYSkX3x0TOmfYq1FgPABbHwE05o4TXOp5BIaBWWbQXHCwa7tTepyPiSf0BFS0eHK7EezaAu 3dEhoIyQq8FMHffbrnCSSHT5c4c9ObNzTQh9c7CgRBVEOJys1XAJauPdq2KvJufUrYEFuFJa3s/ gmle/N+SlUWYudIlmk/TIsP1G+pB+9N0OPw6ALYv3wcQ53uB9BFrhmDVGa32aqebsi9RYatY/2h 10kRV4pnsgs7UqtNAuFiFB8HwuuDUg/RbhkY0gv0kOBxrqsgmGVZeTMN1KnBNjScbyMxGmb73xY 4CYWUe1vYrHpiGDu+2n4N1uV6BTDg1kw= X-Google-Smtp-Source: AGHT+IHtJyyTxYKdyUpelku6UbBb+3pkalAwPw0QTFL2NClfCj1e6zkbOkUpriAeMg6WZe2uByfsX31mtutT X-Received: by 2002:a17:903:2448:b0:295:560a:e474 with SMTP id d9443c01a7336-2986a72c309mr69788925ad.32.1763213088220; Sat, 15 Nov 2025 05:24:48 -0800 (PST) Received: from postal.iol.unh.edu (postal.iol.unh.edu. [132.177.123.84]) by smtp-relay.gmail.com with ESMTPS id d9443c01a7336-2985c234581sm9093035ad.2.2025.11.15.05.24.48 (version=TLS1_2 cipher=ECDHE-ECDSA-AES128-GCM-SHA256 bits=128/128); Sat, 15 Nov 2025 05:24:48 -0800 (PST) X-Relaying-Domain: iol.unh.edu Date: Sat, 15 Nov 2025 05:24:48 -0800 (PST) Message-ID: <69187f20.170a0220.37abc1.0326SMTPIN_ADDED_MISSING@mx.google.com> Received: from [172.21.0.3] (unknown [172.18.0.240]) by postal.iol.unh.edu (Postfix) with ESMTP id 23AD56051830; Sat, 15 Nov 2025 08:24:47 -0500 (EST) Subject: |FAILURE| pw158794-158812 [PATCH] [v2,19/19] vfio: introduce cdev mo From: dpdklab@iol.unh.edu To: Test Report Cc: dpdk-test-reports@iol.unh.edu, Anatoly Burakov In-Reply-To: <45db9c5e1589c56ed0e31a0e15390da5366ca5c2.1763142008.git.anatoly.burakov@intel.com> References: <45db9c5e1589c56ed0e31a0e15390da5366ca5c2.1763142008.git.anatoly.burakov@intel.com> Content-Type: text/plain X-BeenThere: test-report@dpdk.org X-Mailman-Version: 2.1.29 Precedence: list List-Id: automatic DPDK test reports List-Unsubscribe: , List-Archive: List-Post: List-Help: List-Subscribe: , Errors-To: test-report-bounces@dpdk.org Test-Label: iol-compile-amd64-testing Test-Status: FAILURE http://dpdk.org/patch/158812 _Testing issues_ Submitter: Anatoly Burakov Date: Friday, November 14 2025 17:40:29 DPDK git baseline: Repo:dpdk Branch: master CommitID:be0112878b4fc3a1b918370ed2fe615c52039d77 158794-158812 --> testing issues Upstream job id: Windows-Compile-DPDK-Native#32412 Test environment and result as below: +-------------------------------+--------------------+-------------------+------------------+-------------------------+----------------------+ | Environment | dpdk_meson_compile | dpdk_msvc_compile | dpdk_compile_ovs | dpdk_llvm_clang_compile | dpdk_mingw64_compile | +===============================+====================+===================+==================+=========================+======================+ | Ubuntu 20.04 | PASS | SKIPPED | SKIPPED | SKIPPED | SKIPPED | +-------------------------------+--------------------+-------------------+------------------+-------------------------+----------------------+ | FreeBSD 14.2 | FAIL | SKIPPED | SKIPPED | SKIPPED | SKIPPED | +-------------------------------+--------------------+-------------------+------------------+-------------------------+----------------------+ | CentOS Stream 9 | PASS | SKIPPED | SKIPPED | SKIPPED | SKIPPED | +-------------------------------+--------------------+-------------------+------------------+-------------------------+----------------------+ | CentOS Stream 10 | PASS | SKIPPED | SKIPPED | SKIPPED | SKIPPED | +-------------------------------+--------------------+-------------------+------------------+-------------------------+----------------------+ | Debian GNU/Linux 12 | PASS | SKIPPED | SKIPPED | SKIPPED | SKIPPED | +-------------------------------+--------------------+-------------------+------------------+-------------------------+----------------------+ | Fedora Linux 42 | PASS | SKIPPED | PASS | SKIPPED | SKIPPED | +-------------------------------+--------------------+-------------------+------------------+-------------------------+----------------------+ | openSUSE Leap 15.6 | PASS | SKIPPED | SKIPPED | SKIPPED | SKIPPED | +-------------------------------+--------------------+-------------------+------------------+-------------------------+----------------------+ | Red Hat Enterprise Linux 8.10 | PASS | SKIPPED | SKIPPED | SKIPPED | SKIPPED | +-------------------------------+--------------------+-------------------+------------------+-------------------------+----------------------+ | Red Hat Enterprise Linux 9.5 | PASS | SKIPPED | SKIPPED | SKIPPED | SKIPPED | +-------------------------------+--------------------+-------------------+------------------+-------------------------+----------------------+ | Ubuntu 22.04 | PASS | SKIPPED | SKIPPED | SKIPPED | SKIPPED | +-------------------------------+--------------------+-------------------+------------------+-------------------------+----------------------+ | Ubuntu 24.04 | PASS | SKIPPED | PASS | SKIPPED | SKIPPED | +-------------------------------+--------------------+-------------------+------------------+-------------------------+----------------------+ | Alpine Linux 3.22.0 | PASS | SKIPPED | SKIPPED | SKIPPED | SKIPPED | +-------------------------------+--------------------+-------------------+------------------+-------------------------+----------------------+ | Windows Server 2022 | SKIPPED | PASS | SKIPPED | PASS | PASS | +-------------------------------+--------------------+-------------------+------------------+-------------------------+----------------------+ ==== 20 line log output for FreeBSD 14.2 (dpdk_meson_compile): ==== FAILED: lib/eal.sym_chk /usr/local/bin/meson --internal exe --capture lib/eal.sym_chk -- /root/workspace/Generic-VM-DPDK-Compile-Meson/dpdk/buildtools/check-symbols.sh /root/workspace/Generic-VM-DPDK-Compile-Meson/dpdk/build/lib/eal_exports.map lib/librte_eal.a --- stderr --- rte_vfio_get_device_info is not flagged as experimental but is exported as an experimental symbol Please add __rte_experimental to the definition of rte_vfio_get_device_info rte_vfio_get_device_num is not flagged as experimental but is exported as an experimental symbol Please add __rte_experimental to the definition of rte_vfio_get_device_num rte_vfio_get_device_info is flagged as internal but is not exported as an internal symbol Please add RTE_EXPORT_INTERNAL_SYMBOL to the definition of rte_vfio_get_device_info rte_vfio_get_mode is flagged as internal but is not exported as an internal symbol Please add RTE_EXPORT_INTERNAL_SYMBOL to the definition of rte_vfio_get_mode rte_vfio_get_device_num is flagged as internal but is not exported as an internal symbol Please add RTE_EXPORT_INTERNAL_SYMBOL to the definition of rte_vfio_get_device_num [179/2125] Compiling C object lib/librte_metrics.a.p/metrics_rte_metrics_telemetry.c.o [180/2125] Compiling C object lib/librte_hash.a.p/hash_rte_hash_crc.c.o [181/2125] Compiling C object lib/librte_hash.a.p/hash_rte_fbk_hash.c.o [182/2125] Compiling C object lib/librte_hash.a.p/hash_rte_cuckoo_hash.c.o [183/2125] Generating ethdev.sym_chk with a custom command (wrapped by meson to capture output) ninja: build stopped: subcommand failed. ==== End log output ==== Ubuntu 20.04 Kernel: 4.19 Compiler: gcc gcc (Ubuntu 9.4.0-1ubuntu1~20.04.2) 9.4.0 FreeBSD 14.2 Kernel: 14.2-RELEASE Compiler: clang 18.1.6 CentOS Stream 9 Kernel: 5.15 Compiler: gcc gcc (GCC) 11.5.0 20240719 (Red Hat 11.5.0-11) CentOS Stream 10 Kernel: 5.15 Compiler: gcc gcc (GCC) 14.2.1 20250110 (Red Hat 14.2.1-8) Debian GNU/Linux 12 Kernel: 5.15 Compiler: gcc gcc (Debian 12.2.0-14+deb12u1) 12.2.0 Fedora Linux 42 Kernel: 5.15 Compiler: clang gcc (GCC) 15.2.1 20250808 (Red Hat 15.2.1-1) openSUSE Leap 15.6 Kernel: 5.15 Compiler: gcc gcc (SUSE Linux) 7.5.0 Red Hat Enterprise Linux 8.10 Kernel: 5.15 Compiler: gcc gcc (GCC) 8.5.0 20210514 (Red Hat 8.5.0-22) Red Hat Enterprise Linux 9.5 Kernel: 5.15 Compiler: gcc gcc (GCC) 11.5.0 20240719 (Red Hat 11.5.0-2) Ubuntu 22.04 Kernel: 5.15 Compiler: gcc gcc (Ubuntu 11.4.0-1ubuntu1~22.04) 11.4.0 Ubuntu 24.04 Kernel: 5.15 Compiler: gcc gcc (Ubuntu 13.3.0-6ubuntu2~24.04) 13.3.0 Alpine Linux 3.22.0 Kernel: 5.15 Compiler: gcc gcc (Alpine 14.2.0) 14.2.0 Windows Server 2022 Kernel: 10.0.20348.2031 Compiler: clang 15.0.7, gcc 14.1.0 (MinGW), and MSVC VS 19.39.33521 To view detailed results, visit: https://lab.dpdk.org/results/dashboard/patchsets/34593/ UNH-IOL DPDK Community Lab To manage your email subscriptions, visit: https://lab.dpdk.org/results/dashboard/preferences/subscriptions/