From mboxrd@z Thu Jan 1 00:00:00 1970 Return-Path: Received: from mails.dpdk.org (mails.dpdk.org [217.70.189.124]) by inbox.dpdk.org (Postfix) with ESMTP id 86AF048B1A for ; Sat, 15 Nov 2025 14:58:03 +0100 (CET) Received: from mails.dpdk.org (localhost [127.0.0.1]) by mails.dpdk.org (Postfix) with ESMTP id 80BF3402A2; Sat, 15 Nov 2025 14:58:03 +0100 (CET) Received: from mail-qv1-f98.google.com (mail-qv1-f98.google.com [209.85.219.98]) by mails.dpdk.org (Postfix) with ESMTP id 46FCF402A2 for ; Sat, 15 Nov 2025 14:58:02 +0100 (CET) Received: by mail-qv1-f98.google.com with SMTP id 6a1803df08f44-88249766055so34918986d6.1 for ; Sat, 15 Nov 2025 05:58:02 -0800 (PST) DKIM-Signature: v=1; a=rsa-sha256; c=relaxed/relaxed; d=iol.unh.edu; s=unh-iol; t=1763215081; x=1763819881; darn=dpdk.org; h=cc:to:from:subject:message-id:date:from:to:cc:subject:date :message-id:reply-to; bh=o1JsoKracbWOpZ99BrO8uUQMzmxOHzXclBVV57PMXoc=; b=c93NuDgexGAXXtIoc9eTcBBdZYMB5I+VA51J3zGmZ0G+Lk+0Wql82WmM5hYmwa9XC4 a/sJqto9cA7fdR5t/aCogQc4dctcluSjh5jHT6S9uzFOpjCvEWZ40fRCWdajczrPPNaN sieJqua24jktMT4xuWMc1mQ/8BAUi1BWaq200= X-Google-DKIM-Signature: v=1; a=rsa-sha256; c=relaxed/relaxed; d=1e100.net; s=20230601; t=1763215081; x=1763819881; h=cc:to:from:subject:message-id:date:x-gm-gg:x-gm-message-state:from :to:cc:subject:date:message-id:reply-to; bh=o1JsoKracbWOpZ99BrO8uUQMzmxOHzXclBVV57PMXoc=; b=ByGs6rySaE17H7usC1OdIEGk04Ve3kAxG0tVZDo52I7+C6iUdmOrV/FL5vetQgXwQX L6mjz1m3LdQFk9trkxyddIiijb0UNm9Pd7BvGVL1f+LMYKZldmV6Mo7WqCRXfQh0N5H4 6m3qrDXr8SjkZKD0LLjjqK6FC30/3mmegmPbPIZ1rP65aEtgDl88em21Wy/kYFz0HSSp txEwoZppO11BlvzwkY8mfFiF9bcxV7ohCVi/Q/S+YC7QDEaiDdeKiLFXGYiK8ZP2OoYo ceZoPFVLgntxmBD0hOFI0pKKvYE1hArHFwfdyS9roW2LVcnIwyk3NZt/BHjtE9Cp2lJq 16mw== X-Gm-Message-State: AOJu0YzieICsMbjtoaLg5nyIBiIPhbXMBcoZ2Bf7EnavvwYoLf2uvpyp Cl37HP6sY+dogsn4YPfnzv5Y8a+IaJAEij1CDOkoMYzBZdg7jCEPJFOnttTIO9/Bvluv6PuXPCy u9Jq46kzfXBOvuqzBtnoxOaQ/5/RMOaoKJ19k X-Gm-Gg: ASbGncsW53//J326Mg07d2utXE0qubMfKO0advrwx5keeniKt+UApbTbR/qzvTM7cdb o1m4bfMb/l/Fz4PgUA7AojJ07DOM8Z2qMtQ4y0whhgaoziM3DlWLTRwYWAbU07ovN1XL5eJO4FZ TTWxVEGxMIQ3gg35Vr6xvb3y/ksnrz89FHQpzlt8tkfaEFGzXIxJk/KyvZZf+8Jcr6ZWDcgSfID 6NinaFzsZfpZEHQGhMIUbW0aD/bSreW6zmzl1valgTCWdvJvtvyZ/hcXWtDnWtzr3cbtPZQwtut Nk+yTdIly6wlbf1RcytGXLTpZU37IWAQnCc/to8jJOmq8RTI5ou4wYzIwkWGKljAwXPRC+n+TY7 vem8lMkkrnExscUxjXKF207TlWKL9Urg= X-Google-Smtp-Source: AGHT+IFCdaO9wbuLS3N7OPDvN8RbthDdR6CYXqM7jJlWVIb1TUAiSgzuhdHLgDCc9JP1JwO4NYQu60hQjE9F X-Received: by 2002:ad4:5aa1:0:b0:882:6974:1d67 with SMTP id 6a1803df08f44-882925ba8d3mr95559466d6.8.1763215081540; Sat, 15 Nov 2025 05:58:01 -0800 (PST) Received: from postal.iol.unh.edu (postal.iol.unh.edu. [132.177.123.84]) by smtp-relay.gmail.com with ESMTPS id 6a1803df08f44-8828656bc0dsm9077206d6.24.2025.11.15.05.58.01 (version=TLS1_2 cipher=ECDHE-ECDSA-AES128-GCM-SHA256 bits=128/128); Sat, 15 Nov 2025 05:58:01 -0800 (PST) X-Relaying-Domain: iol.unh.edu Date: Sat, 15 Nov 2025 05:58:01 -0800 (PST) Message-ID: <691886e9.050a0220.1cabc0.c347SMTPIN_ADDED_MISSING@mx.google.com> Received: from [172.21.0.2] (unknown [172.18.0.240]) by postal.iol.unh.edu (Postfix) with ESMTP id 28B276051830; Sat, 15 Nov 2025 08:58:01 -0500 (EST) Subject: |FAILURE| [GIT MASTER] 62f583c49bf67dd4d6733ece14e55fe6839e66d1 From: dpdklab@iol.unh.edu To: Test Report Cc: dpdk-test-reports@iol.unh.edu, Xueming Li , Christian Ehrhardt , Kevin Traynor , Luca Boccassi Content-Type: text/plain X-BeenThere: test-report@dpdk.org X-Mailman-Version: 2.1.29 Precedence: list List-Id: automatic DPDK test reports List-Unsubscribe: , List-Archive: List-Post: List-Help: List-Subscribe: , Errors-To: test-report-bounces@dpdk.org _Testing issues_ Branch: tags/v23.11 62f583c49bf67dd4d6733ece14e55fe6839e66d1 --> testing issues Upstream job id: Windows-Compile-DPDK-Native#32425 Test environment and result as below: +-------------------------------+--------------------+------------------+-------------------+-------------------------+----------------------+ | Environment | dpdk_meson_compile | dpdk_compile_ovs | dpdk_msvc_compile | dpdk_llvm_clang_compile | dpdk_mingw64_compile | +===============================+====================+==================+===================+=========================+======================+ | CentOS Stream 9 | PASS | SKIPPED | SKIPPED | SKIPPED | SKIPPED | +-------------------------------+--------------------+------------------+-------------------+-------------------------+----------------------+ | CentOS Stream 10 | PASS | SKIPPED | SKIPPED | SKIPPED | SKIPPED | +-------------------------------+--------------------+------------------+-------------------+-------------------------+----------------------+ | Debian GNU/Linux 12 | PASS | SKIPPED | SKIPPED | SKIPPED | SKIPPED | +-------------------------------+--------------------+------------------+-------------------+-------------------------+----------------------+ | Fedora Linux 42 | FAIL | WARN | SKIPPED | SKIPPED | SKIPPED | +-------------------------------+--------------------+------------------+-------------------+-------------------------+----------------------+ | openSUSE Leap 15.6 | PASS | SKIPPED | SKIPPED | SKIPPED | SKIPPED | +-------------------------------+--------------------+------------------+-------------------+-------------------------+----------------------+ | Red Hat Enterprise Linux 8.10 | PASS | SKIPPED | SKIPPED | SKIPPED | SKIPPED | +-------------------------------+--------------------+------------------+-------------------+-------------------------+----------------------+ | Red Hat Enterprise Linux 9.5 | PASS | SKIPPED | SKIPPED | SKIPPED | SKIPPED | +-------------------------------+--------------------+------------------+-------------------+-------------------------+----------------------+ | Ubuntu 20.04 | PASS | SKIPPED | SKIPPED | SKIPPED | SKIPPED | +-------------------------------+--------------------+------------------+-------------------+-------------------------+----------------------+ | FreeBSD 14.2 | PASS | SKIPPED | SKIPPED | SKIPPED | SKIPPED | +-------------------------------+--------------------+------------------+-------------------+-------------------------+----------------------+ | Windows Server 2022 | SKIPPED | SKIPPED | PASS | FAIL | PASS | +-------------------------------+--------------------+------------------+-------------------+-------------------------+----------------------+ ==== 20 line log output for Windows Server 2022 (dpdk_llvm_clang_compile): ==== Compiler for C supports arguments -mavx512f: YES (cached) Compiler for C supports arguments -mavx512bw: YES (cached) Compiler for C supports arguments -mavx512dq: YES (cached) Compiler for C supports arguments -march=skylake-avx512: YES Message: drivers/common/idpf: Defining dependency "common_idpf" Message: drivers/bus/auxiliary: Defining dependency "bus_auxiliary" Compiler for C supports arguments -Wno-cast-qual: YES (cached) Compiler for C supports arguments -Wno-pointer-arith: YES (cached) Message: drivers/bus/pci: Defining dependency "bus_pci" Message: drivers/bus/vdev: Defining dependency "bus_vdev" Compiler for C supports arguments -std=c11: YES Compiler for C supports arguments -Wno-strict-prototypes: YES Compiler for C supports arguments -D_BSD_SOURCE: YES Compiler for C supports arguments -D_DEFAULT_SOURCE: YES Compiler for C supports arguments -D_XOPEN_SOURCE=600: YES Has header "mlx5devx.h" : YES drivers\common\mlx5\windows\meson.build:10:13: ERROR: C shared or static library 'mlx5devx' not found A full log can be found at C:\Users\builder\jenkins\workspace\Windows-Compile-DPDK-Native\dpdk\build\meson-logs\meson-log.txt ==== End log output ==== CentOS Stream 9 Kernel: 5.15 Compiler: gcc gcc (GCC) 11.5.0 20240719 (Red Hat 11.5.0-11) CentOS Stream 10 Kernel: 5.15 Compiler: gcc gcc (GCC) 14.2.1 20250110 (Red Hat 14.2.1-8) Debian GNU/Linux 12 Kernel: 5.15 Compiler: gcc gcc (Debian 12.2.0-14+deb12u1) 12.2.0 Fedora Linux 42 Kernel: 5.15 Compiler: clang gcc (GCC) 15.2.1 20250808 (Red Hat 15.2.1-1) openSUSE Leap 15.6 Kernel: 5.15 Compiler: gcc gcc (SUSE Linux) 7.5.0 Red Hat Enterprise Linux 8.10 Kernel: 5.15 Compiler: gcc gcc (GCC) 8.5.0 20210514 (Red Hat 8.5.0-22) Red Hat Enterprise Linux 9.5 Kernel: 5.15 Compiler: gcc gcc (GCC) 11.5.0 20240719 (Red Hat 11.5.0-2) Ubuntu 20.04 Kernel: 4.19 Compiler: gcc gcc (Ubuntu 9.4.0-1ubuntu1~20.04.2) 9.4.0 FreeBSD 14.2 Kernel: 14.2-RELEASE Compiler: clang 18.1.6 Windows Server 2022 Kernel: 10.0.20348.2031 Compiler: clang 15.0.7, gcc 14.1.0 (MinGW), and MSVC VS 19.39.33521 To view detailed results, visit: https://lab.dpdk.org/results/dashboard/tarballs/35607/ UNH-IOL DPDK Community Lab To manage your email subscriptions, visit: https://lab.dpdk.org/results/dashboard/preferences/subscriptions/