From mboxrd@z Thu Jan 1 00:00:00 1970 Return-Path: Received: from mails.dpdk.org (mails.dpdk.org [217.70.189.124]) by inbox.dpdk.org (Postfix) with ESMTP id 521D048B1A for ; Sat, 15 Nov 2025 15:39:11 +0100 (CET) Received: from mails.dpdk.org (localhost [127.0.0.1]) by mails.dpdk.org (Postfix) with ESMTP id 4928D402A2; Sat, 15 Nov 2025 15:39:11 +0100 (CET) Received: from mail-pl1-f225.google.com (mail-pl1-f225.google.com [209.85.214.225]) by mails.dpdk.org (Postfix) with ESMTP id D85E0402A2 for ; Sat, 15 Nov 2025 15:39:09 +0100 (CET) Received: by mail-pl1-f225.google.com with SMTP id d9443c01a7336-297f35be2ffso43042505ad.2 for ; Sat, 15 Nov 2025 06:39:09 -0800 (PST) DKIM-Signature: v=1; a=rsa-sha256; c=relaxed/relaxed; d=iol.unh.edu; s=unh-iol; t=1763217549; x=1763822349; darn=dpdk.org; h=references:in-reply-to:cc:to:from:subject:message-id:date:from:to :cc:subject:date:message-id:reply-to; bh=6XCnmmDSR+JPkch3RvUiOnG2vYIyMj19uCQ8UjAZ3BI=; b=AcJlAHA/Xwb+46HmEacn7v++Jkbd7cq97GHce7KAdZUClgI1VtHkzgrr2ks3Qo9Yu1 hXyaZZudbrDvzAi//HyG0HaPwozqbMQDTdL35QDo4lwqENjf3PeHgCOhsjgGgl6pNNB6 Rk5EXKYR4sILMMHR2at9kAIRHZGA7kx+WDps8= X-Google-DKIM-Signature: v=1; a=rsa-sha256; c=relaxed/relaxed; d=1e100.net; s=20230601; t=1763217549; x=1763822349; h=references:in-reply-to:cc:to:from:subject:message-id:date:x-gm-gg :x-gm-message-state:from:to:cc:subject:date:message-id:reply-to; bh=6XCnmmDSR+JPkch3RvUiOnG2vYIyMj19uCQ8UjAZ3BI=; b=tSwStzo3843tAxz3nJ3F2K8gqeWrNEiqB7lEjxnDuj6HcMot+GzRpqWq1GYcPAP4qw p2AYTka3W11twCfPs58ylJOF9y20IQrJvf1nlOg+B1dkR66ngU5jUw2A7iMgzBMujKdt 3ArQYZBa7mwdO0/+YqYaiEsixXeOPUiFa7QUnPHjV8g2K/sABdV3lS1MN0/XQQCgYpip 37X3oGCZ8/JCZKOxd1zLfBFOBFcksPWhGGuN7Pjw9Njys3Ycqd77mYgMAL1l00+xWCvL CSLlGnHRRoDJaN9BwzKcoFTL9YyCIzVI0ukIp2g3SopyQBKYSrIImVM17+hJsYE+Bpfs 6qcw== X-Gm-Message-State: AOJu0Yw+Uz5/SQ2Devj1i5ulLURK8Tj8aa+Q2e9QfdaDrDXVbYIBV2nZ UZqelylq5ebdhLOQbYqaHtDiPZ4tlEBr40VNBY4HMRrMqTFLAPX5YRCeCNKxWIOPObWwi3uZRvF OBJrxHl4acOJjzJZITLgPPUuSz07r96Sq+KRYwX35DUqM/4YSG5uOWnPqmZFm X-Gm-Gg: ASbGncsqQ/H7B6X5EFWlsBQzhYHs5AY3v7DW/TMOFn9A07ZEjtbGb3b3cEMUzkTEbzV k1b1HgFEyPrrD8E16M9UNmWEqNnpgh6VZMWgFf4uziYGgKAIQRX6RtG4FPWR60dnKuQqr8Y21kz NsrAHgtLmKYErLf9PkrGG07UkET8asGP5XndCtSwtPG4zpjtJF3Bzko2ZjhBdz++FzdxbJqsxo0 Bk588wLMsjjnZrNBDU1GQ+Z9vu4+732w3/NHmKcvr5rPy1CmrDhRC1WlgsHhw66vEyQvOjeki0K huzTOL2ZB0fHT365QStpjXUiXBXbiW7593ABfNmKX/zA67BxqDDxMyfpzc+/VZRzWi5lAPzwWd7 dXs4ydsB8 X-Google-Smtp-Source: AGHT+IHUiIGrVsU+TYfrT0SDtOCmKU298QPGQA6HAaD5JDeHZX0z1liG6GXdB9Acz7HTobF1Hjf9GgbFKi4I X-Received: by 2002:a17:903:94b:b0:297:e3c4:b2b0 with SMTP id d9443c01a7336-2986a76efc8mr79258125ad.54.1763217548971; Sat, 15 Nov 2025 06:39:08 -0800 (PST) Received: from postal.iol.unh.edu (postal.iol.unh.edu. [2606:4100:3880:1234::84]) by smtp-relay.gmail.com with ESMTPS id d9443c01a7336-2985c234210sm8667385ad.6.2025.11.15.06.39.08 (version=TLS1_2 cipher=ECDHE-ECDSA-AES128-GCM-SHA256 bits=128/128); Sat, 15 Nov 2025 06:39:08 -0800 (PST) X-Relaying-Domain: iol.unh.edu Date: Sat, 15 Nov 2025 06:39:08 -0800 (PST) Message-ID: <6918908c.170a0220.f3b21.cc35SMTPIN_ADDED_MISSING@mx.google.com> Received: from [172.21.0.2] (unknown [172.18.0.240]) by postal.iol.unh.edu (Postfix) with ESMTP id 2B88D6051830; Sat, 15 Nov 2025 09:39:08 -0500 (EST) Subject: |FAILURE| pw158794-158812 [PATCH] [v2,19/19] vfio: introduce cdev mo From: dpdklab@iol.unh.edu To: Test Report Cc: dpdk-test-reports@iol.unh.edu, Anatoly Burakov In-Reply-To: <45db9c5e1589c56ed0e31a0e15390da5366ca5c2.1763142008.git.anatoly.burakov@intel.com> References: <45db9c5e1589c56ed0e31a0e15390da5366ca5c2.1763142008.git.anatoly.burakov@intel.com> Content-Type: text/plain X-BeenThere: test-report@dpdk.org X-Mailman-Version: 2.1.29 Precedence: list List-Id: automatic DPDK test reports List-Unsubscribe: , List-Archive: List-Post: List-Help: List-Subscribe: , Errors-To: test-report-bounces@dpdk.org Test-Label: iol-compile-arm64-testing Test-Status: FAILURE http://dpdk.org/patch/158812 _Testing issues_ Submitter: Anatoly Burakov Date: Friday, November 14 2025 17:40:29 DPDK git baseline: Repo:dpdk Branch: master CommitID:be0112878b4fc3a1b918370ed2fe615c52039d77 158794-158812 --> testing issues Upstream job id: Generic-DPDK-Compile-Meson#444623 Test environment and result as below: +------------------------------+--------------------+ | Environment | dpdk_meson_compile | +==============================+====================+ | Red Hat Enterprise Linux 9.5 | FAIL | +------------------------------+--------------------+ | Ubuntu 20.04 | FAIL | +------------------------------+--------------------+ | Debian GNU/Linux 12 | FAIL | +------------------------------+--------------------+ | Fedora Linux 42 | FAIL | +------------------------------+--------------------+ | Ubuntu 22.04 | FAIL | +------------------------------+--------------------+ | Ubuntu 24.04 | FAIL | +------------------------------+--------------------+ | CentOS Stream 9 | FAIL | +------------------------------+--------------------+ | CentOS Stream 10 | FAIL | +------------------------------+--------------------+ ==== 20 line log output for CentOS Stream 10 (dpdk_meson_compile): ==== 131 | free(mp_reply.msgs); | ^~~~ ../lib/eal/linux/eal_vfio_cdev.c:131:25: note: include '' or provide a declaration of 'free' ../lib/eal/linux/eal_vfio_cdev.c:136:9: error: incompatible implicit declaration of built-in function 'free' [-Werror=builtin-declaration-mismatch] 136 | free(mp_reply.msgs); | ^~~~ ../lib/eal/linux/eal_vfio_cdev.c:136:9: note: include '' or provide a declaration of 'free' ../lib/eal/linux/eal_vfio_cdev.c: In function 'vfio_cdev_get_device_num': ../lib/eal/linux/eal_vfio_cdev.c:234:35: error: implicit declaration of function 'strtol'; did you mean 'strtok'? [-Wimplicit-function-declaration] 234 | dev_num = strtol(dev_tok, &end, 10); | ^~~~~~ | strtok ../lib/eal/linux/eal_vfio_cdev.c:234:35: error: nested extern declaration of 'strtol' [-Werror=nested-externs] ../lib/eal/linux/eal_vfio_cdev.c: In function 'vfio_cdev_request_dev_fd': ../lib/eal/linux/eal_vfio_cdev.c:359:9: error: incompatible implicit declaration of built-in function 'free' [-Werror=builtin-declaration-mismatch] 359 | free(mp_reply.msgs); | ^~~~ ../lib/eal/linux/eal_vfio_cdev.c:359:9: note: include '' or provide a declaration of 'free' cc1: all warnings being treated as errors ninja: build stopped: subcommand failed. ==== End log output ==== Red Hat Enterprise Linux 9.5 Kernel: 5.4 Compiler: gcc gcc (GCC) 11.5.0 20240719 (Red Hat 11.5.0-2) Ubuntu 20.04 Kernel: 5.15 Compiler: aarch64-linux-gnu-gcc gcc (Ubuntu 9.4.0-1ubuntu1~20.04.2) 9.4.0 Debian GNU/Linux 12 Kernel: 5.4 Compiler: gcc gcc (Debian 12.2.0-14+deb12u1) 12.2.0 Fedora Linux 42 Kernel: 5.4 Compiler: gcc gcc (GCC) 15.2.1 20250808 (Red Hat 15.2.1-1) Ubuntu 22.04 Kernel: 5.4 Compiler: gcc gcc (Ubuntu 11.4.0-1ubuntu1~22.04) 11.4.0 Ubuntu 24.04 Kernel: 5.4 Compiler: gcc gcc (Ubuntu 13.3.0-6ubuntu2~24.04) 13.3.0 CentOS Stream 9 Kernel: 5.4 Compiler: gcc gcc (GCC) 11.5.0 20240719 (Red Hat 11.5.0-11) CentOS Stream 10 Kernel: 5.4 Compiler: gcc gcc (GCC) 14.2.1 20250110 (Red Hat 14.2.1-8) To view detailed results, visit: https://lab.dpdk.org/results/dashboard/patchsets/34593/ UNH-IOL DPDK Community Lab To manage your email subscriptions, visit: https://lab.dpdk.org/results/dashboard/preferences/subscriptions/