From mboxrd@z Thu Jan 1 00:00:00 1970 Return-Path: Received: from mails.dpdk.org (mails.dpdk.org [217.70.189.124]) by inbox.dpdk.org (Postfix) with ESMTP id 605CC48B1A for ; Sat, 15 Nov 2025 15:39:20 +0100 (CET) Received: from mails.dpdk.org (localhost [127.0.0.1]) by mails.dpdk.org (Postfix) with ESMTP id 5A732402A2; Sat, 15 Nov 2025 15:39:20 +0100 (CET) Received: from mail-il1-f227.google.com (mail-il1-f227.google.com [209.85.166.227]) by mails.dpdk.org (Postfix) with ESMTP id D6982402A2 for ; Sat, 15 Nov 2025 15:39:18 +0100 (CET) Received: by mail-il1-f227.google.com with SMTP id e9e14a558f8ab-4332381ba9bso27428785ab.1 for ; Sat, 15 Nov 2025 06:39:18 -0800 (PST) DKIM-Signature: v=1; a=rsa-sha256; c=relaxed/relaxed; d=iol.unh.edu; s=unh-iol; t=1763217558; x=1763822358; darn=dpdk.org; h=references:in-reply-to:cc:to:from:subject:message-id:date:from:to :cc:subject:date:message-id:reply-to; bh=rEOzWclnnhE252FIUTTSfRbHQrGc9f2kzTceWWHOKGs=; b=EWu3yBcayduPzy3zVNcS/dcPyc1FwO0LKKdiSoTOIih4JYQj0mVAepC84je7gLGLjk N0FcwIj7m730o9xEY/gOqxxpUgKV9MmvGYCdr1JtkT+T1w/HJ1LxjYwIAgZQyG24oNTe q8AYZ3Krxf+3tquxWx5mE8FLmWTqD/ouBCIig= X-Google-DKIM-Signature: v=1; a=rsa-sha256; c=relaxed/relaxed; d=1e100.net; s=20230601; t=1763217558; x=1763822358; h=references:in-reply-to:cc:to:from:subject:message-id:date:x-gm-gg :x-gm-message-state:from:to:cc:subject:date:message-id:reply-to; bh=rEOzWclnnhE252FIUTTSfRbHQrGc9f2kzTceWWHOKGs=; b=Brm2fJfITbFngL8iFLmgd4QL34bjIfivTUeY3ALAbUbncaFsfunpakoYO7kZAaZH7R CyY6GTz2xQgn6XBy6GbKWozlI/fI4na0Qj5PUXzoNqmxvv8QGM5XwtbVaqiE9U1MzX/Q ack5b/H3DjsCQynSp70ovdQjRgfbburewy9w8ntLPCRyOKoMr3oVPN+zJ2s3T94LZ015 mk8ccJ57mCu9HiDrEZkugaHcgySMecoXNh/4bzW6/XWb0lOY6kOit5sBQXu5e9+ci7Az 4vXwP7MZgHp62Ifsckv3zLVc6++yjbCwJ0s6vuZ74z23E/YADdZ/QsAVXah2pHmB2E6F jlNg== X-Gm-Message-State: AOJu0Yx4Bu8vBfLkMJj9jHuRpkZY/D6Z2X/Ax9tJBly9gJMAXf6BAlXk dvFh2Yve/F9oteLl/95luHFcrxeJ6txHstBfcJIBr2Ne04WGGXG14k+6NgdoiAibLs1baCUff7U 48v5TuNhscMhtTU97fV8wWOPuhzrfzTYjWQqaVHyi/hk9spUzpZrW36jM/EQE X-Gm-Gg: ASbGnct8AvVAYOMyDM00QXwst6+Lozb7nAKsJljmuDloPqtl8mikYbhMeu0IoBSEgb5 0YBvCegkRSt1N0eCDdzGSZWDlMlzm4WnjbPwjRF1eQv0XMt/IxjL7wZwm5GI40p6fOk1UodGfZD 18bq0XN5DLS5weugWYXPv9AMF9tNNvYB/P2jqtiDfzcE31dNGfToiTZBaJKiTFCzFJ6uUipilKm Oi5Bf6MhStFonwuIPTwKU4pgrNWvkhYVKzBcnwQemzIQkkhj5x40U3w88Lnjc/Ge79aCuYxIo/H +4ILyTFMA6Y40jsGH93e0/phhQbQuIX5ZjNFZKoMEmu1geIf/0ImZASWN5zNoIVH4xcQXOr0wm3 2ZiH5xZIt X-Google-Smtp-Source: AGHT+IH17mAZz/rpnPqS+1BqJZe5wMY8JwcN3lH15XtRb4AHzDMfKic/XBhbt5JtYgS5zSqMztEjSlOCCvma X-Received: by 2002:a05:6e02:19c6:b0:433:7463:df2c with SMTP id e9e14a558f8ab-4348c86bbecmr96355645ab.4.1763217558049; Sat, 15 Nov 2025 06:39:18 -0800 (PST) Received: from postal.iol.unh.edu (postal.iol.unh.edu. [2606:4100:3880:1234::84]) by smtp-relay.gmail.com with ESMTPS id e9e14a558f8ab-43483991e25sm6952335ab.22.2025.11.15.06.39.17 (version=TLS1_2 cipher=ECDHE-ECDSA-AES128-GCM-SHA256 bits=128/128); Sat, 15 Nov 2025 06:39:18 -0800 (PST) X-Relaying-Domain: iol.unh.edu Date: Sat, 15 Nov 2025 06:39:18 -0800 (PST) Message-ID: <69189096.050a0220.3b8c07.1fd2SMTPIN_ADDED_MISSING@mx.google.com> Received: from [172.21.0.2] (unknown [172.18.0.240]) by postal.iol.unh.edu (Postfix) with ESMTP id 9AFC06051830; Sat, 15 Nov 2025 09:39:17 -0500 (EST) Subject: |FAILURE| pw158794-158812 [PATCH] [v2,19/19] vfio: introduce cdev mo From: dpdklab@iol.unh.edu To: Test Report Cc: dpdk-test-reports@iol.unh.edu, Anatoly Burakov In-Reply-To: <45db9c5e1589c56ed0e31a0e15390da5366ca5c2.1763142008.git.anatoly.burakov@intel.com> References: <45db9c5e1589c56ed0e31a0e15390da5366ca5c2.1763142008.git.anatoly.burakov@intel.com> Content-Type: text/plain X-BeenThere: test-report@dpdk.org X-Mailman-Version: 2.1.29 Precedence: list List-Id: automatic DPDK test reports List-Unsubscribe: , List-Archive: List-Post: List-Help: List-Subscribe: , Errors-To: test-report-bounces@dpdk.org Test-Label: iol-compile-arm64-testing Test-Status: FAILURE http://dpdk.org/patch/158812 _Testing issues_ Submitter: Anatoly Burakov Date: Friday, November 14 2025 17:40:29 DPDK git baseline: Repo:dpdk Branch: master CommitID:be0112878b4fc3a1b918370ed2fe615c52039d77 158794-158812 --> testing issues Upstream job id: Generic-DPDK-Compile-Meson#444624 Test environment and result as below: +------------------------------+--------------------+ | Environment | dpdk_meson_compile | +==============================+====================+ | Red Hat Enterprise Linux 9.5 | FAIL | +------------------------------+--------------------+ | Ubuntu 20.04 | FAIL | +------------------------------+--------------------+ | Debian GNU/Linux 12 | FAIL | +------------------------------+--------------------+ | Fedora Linux 42 | FAIL | +------------------------------+--------------------+ | Ubuntu 22.04 | FAIL | +------------------------------+--------------------+ | Ubuntu 24.04 | FAIL | +------------------------------+--------------------+ | CentOS Stream 9 | FAIL | +------------------------------+--------------------+ | CentOS Stream 10 | FAIL | +------------------------------+--------------------+ ==== 20 line log output for CentOS Stream 10 (dpdk_meson_compile): ==== 131 | free(mp_reply.msgs); | ^~~~ ../lib/eal/linux/eal_vfio_cdev.c:131:25: note: include '' or provide a declaration of 'free' ../lib/eal/linux/eal_vfio_cdev.c:136:9: error: incompatible implicit declaration of built-in function 'free' [-Werror=builtin-declaration-mismatch] 136 | free(mp_reply.msgs); | ^~~~ ../lib/eal/linux/eal_vfio_cdev.c:136:9: note: include '' or provide a declaration of 'free' ../lib/eal/linux/eal_vfio_cdev.c: In function 'vfio_cdev_get_device_num': ../lib/eal/linux/eal_vfio_cdev.c:234:35: error: implicit declaration of function 'strtol'; did you mean 'strtok'? [-Wimplicit-function-declaration] 234 | dev_num = strtol(dev_tok, &end, 10); | ^~~~~~ | strtok ../lib/eal/linux/eal_vfio_cdev.c:234:35: error: nested extern declaration of 'strtol' [-Werror=nested-externs] ../lib/eal/linux/eal_vfio_cdev.c: In function 'vfio_cdev_request_dev_fd': ../lib/eal/linux/eal_vfio_cdev.c:359:9: error: incompatible implicit declaration of built-in function 'free' [-Werror=builtin-declaration-mismatch] 359 | free(mp_reply.msgs); | ^~~~ ../lib/eal/linux/eal_vfio_cdev.c:359:9: note: include '' or provide a declaration of 'free' cc1: all warnings being treated as errors ninja: build stopped: subcommand failed. ==== End log output ==== Red Hat Enterprise Linux 9.5 Kernel: 5.4 Compiler: gcc gcc (GCC) 11.5.0 20240719 (Red Hat 11.5.0-2) Ubuntu 20.04 Kernel: 5.15 Compiler: aarch64-linux-gnu-gcc gcc (Ubuntu 9.4.0-1ubuntu1~20.04.2) 9.4.0 Debian GNU/Linux 12 Kernel: 5.4 Compiler: gcc gcc (Debian 12.2.0-14+deb12u1) 12.2.0 Fedora Linux 42 Kernel: 5.4 Compiler: gcc gcc (GCC) 15.2.1 20250808 (Red Hat 15.2.1-1) Ubuntu 22.04 Kernel: 5.4 Compiler: gcc gcc (Ubuntu 11.4.0-1ubuntu1~22.04) 11.4.0 Ubuntu 24.04 Kernel: 5.4 Compiler: gcc gcc (Ubuntu 13.3.0-6ubuntu2~24.04) 13.3.0 CentOS Stream 9 Kernel: 5.4 Compiler: gcc gcc (GCC) 11.5.0 20240719 (Red Hat 11.5.0-11) CentOS Stream 10 Kernel: 5.4 Compiler: gcc gcc (GCC) 14.2.1 20250110 (Red Hat 14.2.1-8) To view detailed results, visit: https://lab.dpdk.org/results/dashboard/patchsets/34593/ UNH-IOL DPDK Community Lab To manage your email subscriptions, visit: https://lab.dpdk.org/results/dashboard/preferences/subscriptions/