From mboxrd@z Thu Jan 1 00:00:00 1970 Return-Path: Received: from mails.dpdk.org (mails.dpdk.org [217.70.189.124]) by inbox.dpdk.org (Postfix) with ESMTP id 6998948B1A for ; Sat, 15 Nov 2025 15:39:27 +0100 (CET) Received: from mails.dpdk.org (localhost [127.0.0.1]) by mails.dpdk.org (Postfix) with ESMTP id 65491402A2; Sat, 15 Nov 2025 15:39:27 +0100 (CET) Received: from mail-pl1-f225.google.com (mail-pl1-f225.google.com [209.85.214.225]) by mails.dpdk.org (Postfix) with ESMTP id D13DC402A2 for ; Sat, 15 Nov 2025 15:39:25 +0100 (CET) Received: by mail-pl1-f225.google.com with SMTP id d9443c01a7336-2980d9b7df5so28957635ad.3 for ; Sat, 15 Nov 2025 06:39:25 -0800 (PST) DKIM-Signature: v=1; a=rsa-sha256; c=relaxed/relaxed; d=iol.unh.edu; s=unh-iol; t=1763217565; x=1763822365; darn=dpdk.org; h=references:in-reply-to:cc:to:from:subject:message-id:date:from:to :cc:subject:date:message-id:reply-to; bh=Zly6LXaNj9ov3S/mp06lbfSDQg/32cuZzhz6kDQ5Djk=; b=guVQPFQWzvnCAjqTdpz0Lz3OzaWgr6p+MzNSz6/jMeqlkHBTZO4IQiqGMl6JdAGt+5 QfTq9eikg1wxWnbBgq/z+pndoX4ok8cleoTwPnB2emUW9pgwz6iOOM66ooqyPciuj4jB rVP969vzC8LJRD3Ch7iYBHq4lRZ2mCv/nnsKk= X-Google-DKIM-Signature: v=1; a=rsa-sha256; c=relaxed/relaxed; d=1e100.net; s=20230601; t=1763217565; x=1763822365; h=references:in-reply-to:cc:to:from:subject:message-id:date:x-gm-gg :x-gm-message-state:from:to:cc:subject:date:message-id:reply-to; bh=Zly6LXaNj9ov3S/mp06lbfSDQg/32cuZzhz6kDQ5Djk=; b=iHlnrmN7JdEmUqUo69Aq9PR+0Msgk0DTBje/hzAwsMDXgC3z/Mw7H7tIvvzztqsrRn yH3aRRl93JX7sKPe9zJhgsWyIX3Dskq7r/EvYEJSPf622MC3tR/Q8cL6P0JJbwOfGUdM kF3Zeoiszn2z6NAYJSMvswK5Btf8e8sBZTA2hOtidzh8Wfy++RjfsbwGyV+R3O+Xqkwu Bli2EePFKKfe9M5RLwp9QIwrvRk3idIk484kXe5Ja6vn6yHkQDsXVt8hiP1tjEPwxMe0 4kRKJ/jptHk6wRkcYFcl1V6A2JrP05oae3uK4OCZtoCTP1xjFYUxoB4ylwR/lNohwyHj VD4Q== X-Gm-Message-State: AOJu0YzL9IzAMgOqhcyNZRNcYSolpDJVD9spGBxjN6bL+jFsPDbbypSD SqRK7QSZX2JEMNwSvyPgGOB3BTXliix4F4Ep+RgPYGRa4nfahObzBSQrmRTZuXA/t/9zP88uQ9l waCJLm1AXDQPLKgIOZFU5OIxnGVmfc7cceKd8qzztNZT6ufrmoIyFMiNnnitm X-Gm-Gg: ASbGncvWTnQkGyXMZhExyxNo5vxQidm82xUyykvg2zXOiOQXAXrc/IsTJ7NYKJ1i7cd 80ueQT0c1zJ/dhl0xwxIvTkj6SEzqyMbIjzaEtf3ZNr1pJVvqMX8ZsPIwBUmrEcljDkY145JByO tPNNtdxsZeBRvG5pnZxum3XUUARk6L8nlP6dr3fmDjiIDUkT2aRkcawrw+uJlW01S6J5PSY2mH2 olXkVrkYYQn+ZDhhZRdhKux7OICDM3Ks3y9t1YHaQSr2vm0Mvt0vbfOeA3kvGZ3pmXLAf7WuNDQ Pg4ZUbk8eA7IwzdJz02TkE4k5dmVVoza+RTj/EP6R3PIxg3oK+qDRccXTd0hQBohXh+/8HkWWzN atc+HOgui X-Google-Smtp-Source: AGHT+IFqVpiYeNiyrBRBYRym48IDPnYuSQkrDKNRj15b6lBfEeGeE4pbPcJ44uUUir/9dkUjstmtlhXIsCa3 X-Received: by 2002:a17:902:8f8d:b0:295:f95a:5122 with SMTP id d9443c01a7336-2986a6d36admr48435235ad.15.1763217565118; Sat, 15 Nov 2025 06:39:25 -0800 (PST) Received: from postal.iol.unh.edu (postal.iol.unh.edu. [2606:4100:3880:1234::84]) by smtp-relay.gmail.com with ESMTPS id d9443c01a7336-2985c2a8b0csm8852525ad.31.2025.11.15.06.39.25 (version=TLS1_2 cipher=ECDHE-ECDSA-AES128-GCM-SHA256 bits=128/128); Sat, 15 Nov 2025 06:39:25 -0800 (PST) X-Relaying-Domain: iol.unh.edu Date: Sat, 15 Nov 2025 06:39:25 -0800 (PST) Message-ID: <6918909d.170a0220.3a97bd.bb65SMTPIN_ADDED_MISSING@mx.google.com> Received: from [172.21.0.4] (unknown [172.18.0.240]) by postal.iol.unh.edu (Postfix) with ESMTP id 98EF26051830; Sat, 15 Nov 2025 09:39:24 -0500 (EST) Subject: |FAILURE| pw158794-158812 [PATCH] [v2,19/19] vfio: introduce cdev mo From: dpdklab@iol.unh.edu To: Test Report Cc: dpdk-test-reports@iol.unh.edu, Anatoly Burakov In-Reply-To: <45db9c5e1589c56ed0e31a0e15390da5366ca5c2.1763142008.git.anatoly.burakov@intel.com> References: <45db9c5e1589c56ed0e31a0e15390da5366ca5c2.1763142008.git.anatoly.burakov@intel.com> Content-Type: text/plain X-BeenThere: test-report@dpdk.org X-Mailman-Version: 2.1.29 Precedence: list List-Id: automatic DPDK test reports List-Unsubscribe: , List-Archive: List-Post: List-Help: List-Subscribe: , Errors-To: test-report-bounces@dpdk.org Test-Label: iol-compile-arm64-testing Test-Status: FAILURE http://dpdk.org/patch/158812 _Testing issues_ Submitter: Anatoly Burakov Date: Friday, November 14 2025 17:40:29 DPDK git baseline: Repo:dpdk Branch: master CommitID:be0112878b4fc3a1b918370ed2fe615c52039d77 158794-158812 --> testing issues Upstream job id: Generic-DPDK-Compile-Meson#444625 Test environment and result as below: +------------------------------+--------------------+ | Environment | dpdk_meson_compile | +==============================+====================+ | Red Hat Enterprise Linux 9.5 | FAIL | +------------------------------+--------------------+ | Ubuntu 20.04 | FAIL | +------------------------------+--------------------+ | Debian GNU/Linux 12 | FAIL | +------------------------------+--------------------+ | Fedora Linux 42 | FAIL | +------------------------------+--------------------+ | Ubuntu 22.04 | FAIL | +------------------------------+--------------------+ | Ubuntu 24.04 | FAIL | +------------------------------+--------------------+ | CentOS Stream 9 | FAIL | +------------------------------+--------------------+ | CentOS Stream 10 | FAIL | +------------------------------+--------------------+ ==== 20 line log output for CentOS Stream 10 (dpdk_meson_compile): ==== 131 | free(mp_reply.msgs); | ^~~~ ../lib/eal/linux/eal_vfio_cdev.c:131:25: note: include '' or provide a declaration of 'free' ../lib/eal/linux/eal_vfio_cdev.c:136:9: error: incompatible implicit declaration of built-in function 'free' [-Werror=builtin-declaration-mismatch] 136 | free(mp_reply.msgs); | ^~~~ ../lib/eal/linux/eal_vfio_cdev.c:136:9: note: include '' or provide a declaration of 'free' ../lib/eal/linux/eal_vfio_cdev.c: In function 'vfio_cdev_get_device_num': ../lib/eal/linux/eal_vfio_cdev.c:234:35: error: implicit declaration of function 'strtol'; did you mean 'strtok'? [-Wimplicit-function-declaration] 234 | dev_num = strtol(dev_tok, &end, 10); | ^~~~~~ | strtok ../lib/eal/linux/eal_vfio_cdev.c:234:35: error: nested extern declaration of 'strtol' [-Werror=nested-externs] ../lib/eal/linux/eal_vfio_cdev.c: In function 'vfio_cdev_request_dev_fd': ../lib/eal/linux/eal_vfio_cdev.c:359:9: error: incompatible implicit declaration of built-in function 'free' [-Werror=builtin-declaration-mismatch] 359 | free(mp_reply.msgs); | ^~~~ ../lib/eal/linux/eal_vfio_cdev.c:359:9: note: include '' or provide a declaration of 'free' cc1: all warnings being treated as errors ninja: build stopped: subcommand failed. ==== End log output ==== Red Hat Enterprise Linux 9.5 Kernel: 5.4 Compiler: gcc gcc (GCC) 11.5.0 20240719 (Red Hat 11.5.0-2) Ubuntu 20.04 Kernel: 5.15 Compiler: aarch64-linux-gnu-gcc gcc (Ubuntu 9.4.0-1ubuntu1~20.04.2) 9.4.0 Debian GNU/Linux 12 Kernel: 5.4 Compiler: gcc gcc (Debian 12.2.0-14+deb12u1) 12.2.0 Fedora Linux 42 Kernel: 5.4 Compiler: gcc gcc (GCC) 15.2.1 20250808 (Red Hat 15.2.1-1) Ubuntu 22.04 Kernel: 5.4 Compiler: gcc gcc (Ubuntu 11.4.0-1ubuntu1~22.04) 11.4.0 Ubuntu 24.04 Kernel: 5.4 Compiler: gcc gcc (Ubuntu 13.3.0-6ubuntu2~24.04) 13.3.0 CentOS Stream 9 Kernel: 5.4 Compiler: gcc gcc (GCC) 11.5.0 20240719 (Red Hat 11.5.0-11) CentOS Stream 10 Kernel: 5.4 Compiler: gcc gcc (GCC) 14.2.1 20250110 (Red Hat 14.2.1-8) To view detailed results, visit: https://lab.dpdk.org/results/dashboard/patchsets/34593/ UNH-IOL DPDK Community Lab To manage your email subscriptions, visit: https://lab.dpdk.org/results/dashboard/preferences/subscriptions/