From mboxrd@z Thu Jan 1 00:00:00 1970 Return-Path: Received: from mails.dpdk.org (mails.dpdk.org [217.70.189.124]) by inbox.dpdk.org (Postfix) with ESMTP id 0C93248B1B for ; Sat, 15 Nov 2025 17:47:18 +0100 (CET) Received: from mails.dpdk.org (localhost [127.0.0.1]) by mails.dpdk.org (Postfix) with ESMTP id 04863402A2; Sat, 15 Nov 2025 17:47:18 +0100 (CET) Received: from mail-pl1-f228.google.com (mail-pl1-f228.google.com [209.85.214.228]) by mails.dpdk.org (Postfix) with ESMTP id 7EEB2402A2 for ; Sat, 15 Nov 2025 17:47:17 +0100 (CET) Received: by mail-pl1-f228.google.com with SMTP id d9443c01a7336-29555415c5fso34304485ad.1 for ; Sat, 15 Nov 2025 08:47:17 -0800 (PST) DKIM-Signature: v=1; a=rsa-sha256; c=relaxed/relaxed; d=iol.unh.edu; s=unh-iol; t=1763225237; x=1763830037; darn=dpdk.org; h=references:in-reply-to:cc:to:from:subject:message-id:date:from:to :cc:subject:date:message-id:reply-to; bh=iQ1F2O5pqWHeS1LAl/2UYMSTR8SRX9f8aQ2euZP6xLY=; b=RzhFTPMtc9tFn0DvCx7APHVULfo7tNtRtEYbJw0JwC4pB4170gB/3D7oZ21QlZs3tD p2/4MyKt0BDvNfkjpMvvp1o9JA+CU/XdyKTfE5ecepi+E1ZTF3UmANhrFeDVyoVRR//a uVgZekdcW5J7QYJoTbELuH+8RH+ka4Zm9YWLY= X-Google-DKIM-Signature: v=1; a=rsa-sha256; c=relaxed/relaxed; d=1e100.net; s=20230601; t=1763225237; x=1763830037; h=references:in-reply-to:cc:to:from:subject:message-id:date:x-gm-gg :x-gm-message-state:from:to:cc:subject:date:message-id:reply-to; bh=iQ1F2O5pqWHeS1LAl/2UYMSTR8SRX9f8aQ2euZP6xLY=; b=VgctIJRCdZ4D36nwGZ9/jzwZ9pjLFC7jhWMMyDJl32Lu6X5ubg8l6JEtGbJyAhDsd+ CxiB47Ft/Z/L1xNqdfZUZUIlq6hMpt8i8uoJH/nJ0pAwcuFINRhFk1cK8QR94S4SltKw 1/EUiWevCEKZz2fRYPChxq8wHGuo51tdvAsn+PmPcV7eadyFf3QO9StIMYd8CSbWTMdu OsbI3IaxjEYhCBPgTqro/ZWdsXm5qcts64d1yYZIx/dgtd/I0H57aKEBNiO8jRob+XR1 H7Xl9QugzXnM5MlHaae4VOoghVyprr+gMRS08rNuc5k3ez2dSdxVzKY1/74ef2jcacKb bnpQ== X-Gm-Message-State: AOJu0YzpOuqXFbUNP7G5IRD5pMURUJr9yVBZqHIHYYcoDm0qR8fgbRlv Z0BPIb/yfrdgF5YiddPzHV07h2W6Qm08qmhKxhyVl8mLy0baeLKqrDGjybENb8ulZxG0xIrWO4S 7GrfKJwOJji5nnhx2T3k3tAv0+yhtLYthVd1/d6r1uNwU X-Gm-Gg: ASbGncubnpM2Yck1ff478k6/8lHp/SWF5zDq0+I8yzljLUscRPExJv5gQuXLsqgypcF LQdq04Tf8pkhQYp3PRNtcWtvsn7pEYqVPDvujk+gqubhKcxPx0oXtLhIBVyD7ylG48fUnsWt3p8 8GjGiRHR+Psz5HErhcLlSPVu4knF5PTblPiRDYDdldKtvft+9yuVkXjmHjUcjXIUe3u77Qt/hBF Ae+D/pdHEwcnaldIEqy58zzJRaIyEAb5MUP6wBoVTC2tyFvy2RN1v2RFcKciRIUDLn9N/3GiWk/ UDxSbj6RH2CwqCbufb0FJk3quzLZPyC8actxLOIaMFy2E2kJ0QlO0b+rDx5KpsYpY4PEBTiChN1 wfZEP0awanQgMmX7BDhvhzQCJLQcFl4A= X-Google-Smtp-Source: AGHT+IGmFMlNj2JBfn2cEPqNK39zOztmdZrinMgjmF4uRCQymVpqm9bex46QzMhv5GigewwpmvX2LwVyf+uw X-Received: by 2002:a17:903:2ec6:b0:295:fe17:841 with SMTP id d9443c01a7336-2986a6bc2f9mr77080975ad.10.1763225236613; Sat, 15 Nov 2025 08:47:16 -0800 (PST) Received: from postal.iol.unh.edu (postal.iol.unh.edu. [132.177.123.84]) by smtp-relay.gmail.com with ESMTPS id 41be03b00d2f7-bc36eb84659sm532211a12.4.2025.11.15.08.47.16 (version=TLS1_2 cipher=ECDHE-ECDSA-AES128-GCM-SHA256 bits=128/128); Sat, 15 Nov 2025 08:47:16 -0800 (PST) X-Relaying-Domain: iol.unh.edu Date: Sat, 15 Nov 2025 08:47:16 -0800 (PST) Message-ID: <6918ae94.630a0220.39691.a22bSMTPIN_ADDED_MISSING@mx.google.com> Received: from [172.21.0.2] (unknown [172.18.0.240]) by postal.iol.unh.edu (Postfix) with ESMTP id CF68A6051830; Sat, 15 Nov 2025 11:47:15 -0500 (EST) Subject: |FAILURE| pw158794-158812 [PATCH] [v2,19/19] vfio: introduce cdev mo From: dpdklab@iol.unh.edu To: Test Report Cc: dpdk-test-reports@iol.unh.edu, Anatoly Burakov In-Reply-To: <45db9c5e1589c56ed0e31a0e15390da5366ca5c2.1763142008.git.anatoly.burakov@intel.com> References: <45db9c5e1589c56ed0e31a0e15390da5366ca5c2.1763142008.git.anatoly.burakov@intel.com> Content-Type: text/plain X-BeenThere: test-report@dpdk.org X-Mailman-Version: 2.1.29 Precedence: list List-Id: automatic DPDK test reports List-Unsubscribe: , List-Archive: List-Post: List-Help: List-Subscribe: , Errors-To: test-report-bounces@dpdk.org Test-Label: iol-unit-arm64-testing Test-Status: FAILURE http://dpdk.org/patch/158812 _Testing issues_ Submitter: Anatoly Burakov Date: Friday, November 14 2025 17:40:29 DPDK git baseline: Repo:dpdk Branch: master CommitID:be0112878b4fc3a1b918370ed2fe615c52039d77 158794-158812 --> testing issues Upstream job id: Generic-Unit-Test-DPDK#392825 Test environment and result as below: +------------------------------+----------------+------------------------------+--------------+---------------------------+ | Environment | dpdk_unit_test | cryptodev_sw_snow3g_autotest | lpm_autotest | cryptodev_sw_zuc_autotest | +==============================+================+==============================+==============+===========================+ | Debian GNU/Linux 12 | WARN | SKIPPED | SKIPPED | SKIPPED | +------------------------------+----------------+------------------------------+--------------+---------------------------+ | Fedora Linux 40 | WARN | SKIPPED | SKIPPED | SKIPPED | +------------------------------+----------------+------------------------------+--------------+---------------------------+ | CentOS Stream 9 | WARN | SKIPPED | SKIPPED | SKIPPED | +------------------------------+----------------+------------------------------+--------------+---------------------------+ | Fedora Linux 41 | WARN | SKIPPED | SKIPPED | SKIPPED | +------------------------------+----------------+------------------------------+--------------+---------------------------+ | Ubuntu 22.04 | PEND | SKIPPED | SKIPPED | SKIPPED | +------------------------------+----------------+------------------------------+--------------+---------------------------+ | CentOS Stream 10 | WARN | SKIPPED | SKIPPED | SKIPPED | +------------------------------+----------------+------------------------------+--------------+---------------------------+ | Fedora Linux 42 | WARN | SKIPPED | SKIPPED | SKIPPED | +------------------------------+----------------+------------------------------+--------------+---------------------------+ | Red Hat Enterprise Linux 9.5 | PEND | SKIPPED | SKIPPED | SKIPPED | +------------------------------+----------------+------------------------------+--------------+---------------------------+ | Ubuntu 24.04 | PEND | SKIPPED | SKIPPED | SKIPPED | +------------------------------+----------------+------------------------------+--------------+---------------------------+ | Ubuntu 20.04 | PEND | SKIPPED | WARN | SKIPPED | +------------------------------+----------------+------------------------------+--------------+---------------------------+ | Debian 12 (arm) | SKIPPED | PEND | SKIPPED | PEND | +------------------------------+----------------+------------------------------+--------------+---------------------------+ ==== 20 line log output for Ubuntu 20.04 (lpm_autotest): ==== +++ |+#include 25 | ../lib/eal/linux/eal_vfio_group.c: In function 'vfio_group_request_fd': ../lib/eal/linux/eal_vfio_group.c:617:2: error: incompatible implicit declaration of built-in function 'free' [-Werror] 617 | free(mp_reply.msgs); | ^~~~ ../lib/eal/linux/eal_vfio_group.c:617:2: note: include '' or provide a declaration of 'free' ../lib/eal/linux/eal_vfio_group.c: In function 'vfio_group_sync_iommu_ops': ../lib/eal/linux/eal_vfio_group.c:667:2: error: incompatible implicit declaration of built-in function 'free' [-Werror] 667 | free(mp_reply.msgs); | ^~~~ ../lib/eal/linux/eal_vfio_group.c:667:2: note: include '' or provide a declaration of 'free' ../lib/eal/linux/eal_vfio_group.c: In function 'vfio_group_get_num': ../lib/eal/linux/eal_vfio_group.c:975:14: error: implicit declaration of function 'strtol'; did you mean 'strtok'? [-Werror=implicit-function-declaration] 975 | group_num = strtol(group_tok, &end, 10); | ^~~~~~ | strtok ../lib/eal/linux/eal_vfio_group.c:975:14: error: nested extern declaration of 'strtol' [-Werror=nested-externs] cc1: all warnings being treated as errors ninja: build stopped: subcommand failed. ==== End log output ==== Debian GNU/Linux 12 Kernel: 5.4 Compiler: gcc gcc (Debian 12.2.0-14+deb12u1) 12.2.0 Fedora Linux 40 Kernel: 5.4 Compiler: gcc gcc (GCC) 14.2.1 20240912 (Red Hat 14.2.1-3) CentOS Stream 9 Kernel: 5.4 Compiler: gcc gcc (GCC) 11.5.0 20240719 (Red Hat 11.5.0-11) Fedora Linux 41 Kernel: 5.4 Compiler: gcc gcc (GCC) 14.3.1 20250523 (Red Hat 14.3.1-1) Ubuntu 22.04 Kernel: 5.15 Compiler: gcc gcc (Ubuntu 11.4.0-1ubuntu1~22.04.2) 11.4.0 CentOS Stream 10 Kernel: 5.4 Compiler: gcc gcc (GCC) 14.2.1 20250110 (Red Hat 14.2.1-8) Fedora Linux 42 Kernel: 5.4 Compiler: gcc gcc (GCC) 15.2.1 20250808 (Red Hat 15.2.1-1) Red Hat Enterprise Linux 9.5 Kernel: 5.4 Compiler: gcc gcc (GCC) 11.5.0 20240719 (Red Hat 11.5.0-2) Ubuntu 24.04 Kernel: 5.4 Compiler: gcc gcc (Ubuntu 13.3.0-6ubuntu2~24.04) 13.3.0 Ubuntu 20.04 Kernel: 5.4 Compiler: gcc gcc (Ubuntu 9.4.0-1ubuntu1~20.04.2) 9.4.0 Debian 12 (arm) Kernel: Depends on container host Compiler: gcc (Debian 12.2.0-14) 12.2.0 To view detailed results, visit: https://lab.dpdk.org/results/dashboard/patchsets/34593/ UNH-IOL DPDK Community Lab To manage your email subscriptions, visit: https://lab.dpdk.org/results/dashboard/preferences/subscriptions/