From mboxrd@z Thu Jan 1 00:00:00 1970 Return-Path: Received: from mails.dpdk.org (mails.dpdk.org [217.70.189.124]) by inbox.dpdk.org (Postfix) with ESMTP id 5EF2048B1B for ; Sat, 15 Nov 2025 17:50:29 +0100 (CET) Received: from mails.dpdk.org (localhost [127.0.0.1]) by mails.dpdk.org (Postfix) with ESMTP id 5A411402A2; Sat, 15 Nov 2025 17:50:29 +0100 (CET) Received: from mail-pl1-f228.google.com (mail-pl1-f228.google.com [209.85.214.228]) by mails.dpdk.org (Postfix) with ESMTP id 39680402A2 for ; Sat, 15 Nov 2025 17:50:28 +0100 (CET) Received: by mail-pl1-f228.google.com with SMTP id d9443c01a7336-297ef378069so29574155ad.3 for ; Sat, 15 Nov 2025 08:50:28 -0800 (PST) DKIM-Signature: v=1; a=rsa-sha256; c=relaxed/relaxed; d=iol.unh.edu; s=unh-iol; t=1763225427; x=1763830227; darn=dpdk.org; h=references:in-reply-to:cc:to:from:subject:message-id:date:from:to :cc:subject:date:message-id:reply-to; bh=MJiSu3YjkpkkN8+rd6dbeqLHDfsLK65erfvGLtLj9pk=; b=jjnKEelgCC3fb4DRYBHuKclG7Ymezk1vEDtEUWKZVYHbcMEYGE+laQp7POMrxqn5lY xLzYQbm9s7bcrYngK5aq5kJZc6z9lm+8Ia1XKSv8If/2J7GQOp2fKKd8XmHY+pjasJnG aHRePLnGtkbIpUnE4ZyhTURWMkQ/Yc1YNgkpQ= X-Google-DKIM-Signature: v=1; a=rsa-sha256; c=relaxed/relaxed; d=1e100.net; s=20230601; t=1763225427; x=1763830227; h=references:in-reply-to:cc:to:from:subject:message-id:date:x-gm-gg :x-gm-message-state:from:to:cc:subject:date:message-id:reply-to; bh=MJiSu3YjkpkkN8+rd6dbeqLHDfsLK65erfvGLtLj9pk=; b=tKgHA6d2GH0wEYBXkZcKj9NqRK/kwzPzngPFLnBKV5v0vj6GUl4uzVbxZg1lHDTbLb 27hFNSEblPwYOBmq4IpqLoeWQyqoBMYCOew5gBkO7Ndaa+QOHCHib9+rbiRd+YaMmgpO tOT5rmLMeWwjfT07Cv36z8ea9dOtMxKSsDzIu3ILRp295hWBCMIX+pKvO4TMSyblv4Lx qkH1XSbGnBPr/Jflt+r+jjioWqDcwjD0aRxbkV0BL5uylp3fb099ms8MN1CAuKSL5AgL fNAgcp00rI6/o96aeNK0UjvsCrHx2/Ixvn4rtP1+oIg2Wm7Dor65RFv5av+iU69+spO2 I+Sw== X-Gm-Message-State: AOJu0Yw3rVBs8hqCN4f8KQhkGve0sz5mktML5Tw5DwSkwM6tUGj4GAVh Y/r5eu6s1vvi8sWMp09VMmPFZt9ZsXjSC06pPLUQagD8Rxrxh7v+ETye9kIpjD5TXOpsZ36XX5V ghWsxM93wr1BbMj6g6h6E8HDZWfxMKzJBShB4gA+ON3eq X-Gm-Gg: ASbGncs744v1nIGviF3Zhd0uvkJvNenXbP0Df7Lp3LaiQQjJ1wwGSuLHCA7KmiApcZA Ntiy9CNfEkMyvfi0+lVRcUwz7faYZCyj9RIxoCg9h0JdLKii8HkjUP/BPwt6y7IIWdWFOcy3wKh PgW4dXYLMb0fhJ3WFtt2RgWm5JeqexA+y7Y9BDs5skrvxU2lVt9uB7pk2kYNlKU64YHGCPgT6id Uh4bTiNXNUg6YV7YSg0UOhRVpgOfZQhmXUcSvx2OfpkLS/mCz6W2QpmzPcjsEl9n0OZqzW02hvZ ndJB/wmfrLrpgHLowWtMPPk+zcb5h/e6GgOTWJ3BM4Oc1FXiBBxbfNbWSmGAfxMpk4TliZDAci+ Pf4yQRqGEfr5lPNPUyxUvsKVh9uzeU04= X-Google-Smtp-Source: AGHT+IHdLjXtgDSe5wZr4L25OBiwtiS9eeOkQHgXxeB3nGL/zH0tOpeVCDu6feS9A237pnpTY1YjfGAWkFvn X-Received: by 2002:a17:902:eccb:b0:298:970:b24a with SMTP id d9443c01a7336-2986a76b8c4mr75773645ad.58.1763225427370; Sat, 15 Nov 2025 08:50:27 -0800 (PST) Received: from postal.iol.unh.edu (postal.iol.unh.edu. [132.177.123.84]) by smtp-relay.gmail.com with ESMTPS id d9443c01a7336-299d40b0385sm551305ad.49.2025.11.15.08.50.27 (version=TLS1_2 cipher=ECDHE-ECDSA-AES128-GCM-SHA256 bits=128/128); Sat, 15 Nov 2025 08:50:27 -0800 (PST) X-Relaying-Domain: iol.unh.edu Date: Sat, 15 Nov 2025 08:50:27 -0800 (PST) Message-ID: <6918af53.170a0220.330e3c.2e17SMTPIN_ADDED_MISSING@mx.google.com> Received: from [172.21.0.3] (unknown [172.18.0.240]) by postal.iol.unh.edu (Postfix) with ESMTP id 9BBE16051830; Sat, 15 Nov 2025 11:50:26 -0500 (EST) Subject: |FAILURE| pw158794-158812 [PATCH] [v2,19/19] vfio: introduce cdev mo From: dpdklab@iol.unh.edu To: Test Report Cc: dpdk-test-reports@iol.unh.edu, Anatoly Burakov In-Reply-To: <45db9c5e1589c56ed0e31a0e15390da5366ca5c2.1763142008.git.anatoly.burakov@intel.com> References: <45db9c5e1589c56ed0e31a0e15390da5366ca5c2.1763142008.git.anatoly.burakov@intel.com> Content-Type: text/plain X-BeenThere: test-report@dpdk.org X-Mailman-Version: 2.1.29 Precedence: list List-Id: automatic DPDK test reports List-Unsubscribe: , List-Archive: List-Post: List-Help: List-Subscribe: , Errors-To: test-report-bounces@dpdk.org Test-Label: iol-unit-arm64-testing Test-Status: FAILURE http://dpdk.org/patch/158812 _Testing issues_ Submitter: Anatoly Burakov Date: Friday, November 14 2025 17:40:29 DPDK git baseline: Repo:dpdk Branch: master CommitID:be0112878b4fc3a1b918370ed2fe615c52039d77 158794-158812 --> testing issues Upstream job id: Generic-Unit-Test-DPDK#392830 Test environment and result as below: +------------------------------+----------------+------------------------------+--------------+---------------------------+ | Environment | dpdk_unit_test | cryptodev_sw_snow3g_autotest | lpm_autotest | cryptodev_sw_zuc_autotest | +==============================+================+==============================+==============+===========================+ | Debian GNU/Linux 12 | WARN | SKIPPED | SKIPPED | SKIPPED | +------------------------------+----------------+------------------------------+--------------+---------------------------+ | Fedora Linux 40 | WARN | SKIPPED | SKIPPED | SKIPPED | +------------------------------+----------------+------------------------------+--------------+---------------------------+ | CentOS Stream 9 | WARN | SKIPPED | SKIPPED | SKIPPED | +------------------------------+----------------+------------------------------+--------------+---------------------------+ | Fedora Linux 41 | WARN | SKIPPED | SKIPPED | SKIPPED | +------------------------------+----------------+------------------------------+--------------+---------------------------+ | Ubuntu 22.04 | PEND | SKIPPED | SKIPPED | SKIPPED | +------------------------------+----------------+------------------------------+--------------+---------------------------+ | CentOS Stream 10 | WARN | SKIPPED | SKIPPED | SKIPPED | +------------------------------+----------------+------------------------------+--------------+---------------------------+ | Fedora Linux 42 | WARN | SKIPPED | SKIPPED | SKIPPED | +------------------------------+----------------+------------------------------+--------------+---------------------------+ | Red Hat Enterprise Linux 9.5 | WARN | SKIPPED | SKIPPED | SKIPPED | +------------------------------+----------------+------------------------------+--------------+---------------------------+ | Ubuntu 24.04 | PEND | SKIPPED | SKIPPED | SKIPPED | +------------------------------+----------------+------------------------------+--------------+---------------------------+ | Ubuntu 20.04 | WARN | SKIPPED | WARN | SKIPPED | +------------------------------+----------------+------------------------------+--------------+---------------------------+ | Debian 12 (arm) | SKIPPED | PEND | SKIPPED | PEND | +------------------------------+----------------+------------------------------+--------------+---------------------------+ ==== 20 line log output for Ubuntu 20.04 (lpm_autotest): ==== +++ |+#include 25 | ../lib/eal/linux/eal_vfio_group.c: In function 'vfio_group_request_fd': ../lib/eal/linux/eal_vfio_group.c:617:2: error: incompatible implicit declaration of built-in function 'free' [-Werror] 617 | free(mp_reply.msgs); | ^~~~ ../lib/eal/linux/eal_vfio_group.c:617:2: note: include '' or provide a declaration of 'free' ../lib/eal/linux/eal_vfio_group.c: In function 'vfio_group_sync_iommu_ops': ../lib/eal/linux/eal_vfio_group.c:667:2: error: incompatible implicit declaration of built-in function 'free' [-Werror] 667 | free(mp_reply.msgs); | ^~~~ ../lib/eal/linux/eal_vfio_group.c:667:2: note: include '' or provide a declaration of 'free' ../lib/eal/linux/eal_vfio_group.c: In function 'vfio_group_get_num': ../lib/eal/linux/eal_vfio_group.c:975:14: error: implicit declaration of function 'strtol'; did you mean 'strtok'? [-Werror=implicit-function-declaration] 975 | group_num = strtol(group_tok, &end, 10); | ^~~~~~ | strtok ../lib/eal/linux/eal_vfio_group.c:975:14: error: nested extern declaration of 'strtol' [-Werror=nested-externs] cc1: all warnings being treated as errors ninja: build stopped: subcommand failed. ==== End log output ==== Debian GNU/Linux 12 Kernel: 5.4 Compiler: gcc gcc (Debian 12.2.0-14+deb12u1) 12.2.0 Fedora Linux 40 Kernel: 5.4 Compiler: gcc gcc (GCC) 14.2.1 20240912 (Red Hat 14.2.1-3) CentOS Stream 9 Kernel: 5.4 Compiler: gcc gcc (GCC) 11.5.0 20240719 (Red Hat 11.5.0-11) Fedora Linux 41 Kernel: 5.4 Compiler: gcc gcc (GCC) 14.3.1 20250523 (Red Hat 14.3.1-1) Ubuntu 22.04 Kernel: 5.15 Compiler: gcc gcc (Ubuntu 11.4.0-1ubuntu1~22.04.2) 11.4.0 CentOS Stream 10 Kernel: 5.4 Compiler: gcc gcc (GCC) 14.2.1 20250110 (Red Hat 14.2.1-8) Fedora Linux 42 Kernel: 5.4 Compiler: gcc gcc (GCC) 15.2.1 20250808 (Red Hat 15.2.1-1) Red Hat Enterprise Linux 9.5 Kernel: 5.4 Compiler: gcc gcc (GCC) 11.5.0 20240719 (Red Hat 11.5.0-2) Ubuntu 24.04 Kernel: 5.4 Compiler: gcc gcc (Ubuntu 13.3.0-6ubuntu2~24.04) 13.3.0 Ubuntu 20.04 Kernel: 5.4 Compiler: gcc gcc (Ubuntu 9.4.0-1ubuntu1~20.04.2) 9.4.0 Debian 12 (arm) Kernel: Depends on container host Compiler: gcc (Debian 12.2.0-14) 12.2.0 To view detailed results, visit: https://lab.dpdk.org/results/dashboard/patchsets/34593/ UNH-IOL DPDK Community Lab To manage your email subscriptions, visit: https://lab.dpdk.org/results/dashboard/preferences/subscriptions/