From mboxrd@z Thu Jan 1 00:00:00 1970 Return-Path: Received: from mails.dpdk.org (mails.dpdk.org [217.70.189.124]) by inbox.dpdk.org (Postfix) with ESMTP id 8667548B1B for ; Sat, 15 Nov 2025 17:52:08 +0100 (CET) Received: from mails.dpdk.org (localhost [127.0.0.1]) by mails.dpdk.org (Postfix) with ESMTP id 81B35402A2; Sat, 15 Nov 2025 17:52:08 +0100 (CET) Received: from mail-oa1-f99.google.com (mail-oa1-f99.google.com [209.85.160.99]) by mails.dpdk.org (Postfix) with ESMTP id 9890C402A2 for ; Sat, 15 Nov 2025 17:52:07 +0100 (CET) Received: by mail-oa1-f99.google.com with SMTP id 586e51a60fabf-3e83314cbe9so1027727fac.3 for ; Sat, 15 Nov 2025 08:52:07 -0800 (PST) DKIM-Signature: v=1; a=rsa-sha256; c=relaxed/relaxed; d=iol.unh.edu; s=unh-iol; t=1763225527; x=1763830327; darn=dpdk.org; h=references:in-reply-to:cc:to:from:subject:message-id:date:from:to :cc:subject:date:message-id:reply-to; bh=n4wQ/dkHUNYPBtsveN2/MRQatkaGQRTPMAvt70187yU=; b=aqLYRuBjYqpLwVVK9l6bMFeePot63ZVzcvWJe6O9+n5lhBd0QyaJiDZKXuZ40c8qO8 gzIM1r99AQuGSATRIaN8s+zyDK758Ee8kjDsKxkg9P0sKhlUtQo6h+4VbXV95Gp2kTFq XeCD833mPIbXsAzNhapq4VxReHfU9FPScaGRE= X-Google-DKIM-Signature: v=1; a=rsa-sha256; c=relaxed/relaxed; d=1e100.net; s=20230601; t=1763225527; x=1763830327; h=references:in-reply-to:cc:to:from:subject:message-id:date:x-gm-gg :x-gm-message-state:from:to:cc:subject:date:message-id:reply-to; bh=n4wQ/dkHUNYPBtsveN2/MRQatkaGQRTPMAvt70187yU=; b=u1/X/N4QpVAvBe6OkHHF7IS9tNpadIvZTNY5Xqd2i+0WozJv+/JJfBKOn4NUUO579A ukY5VbTCG0EnQcEtdwbVobbwNm81Y63YIB+3XtOYcEs5E1QLYv80DxPVBNLNEJapO/k5 rIN0+gEBlNa3sY/9lkARt8YVYS24ii/k3GZXfx1GSZvkddq1QLsbVcv0aPquesBMEkHm xdUiDpWscH3E6eo/+bmvt5k5G56HyIWwtSCU0Fj3liefXgjZS9c5pvV0PH+sNJXObYyY 6CUsvBxwO7oofrHq9ZipjwfcOoVC9jkOT9iSHrz5kXz1JAtYr/JqrtMnVIPZ1F8ZQcDS w4zw== X-Gm-Message-State: AOJu0YxHfbZx/6LZm5QyLDkSjZ1HCGHp7MLQeNatuxkA+k5urkY78Vwl CxSg9yKl6DSkhXIuFCxaZJSuL8nGZ9iZRDfPNsVSzBNPOFvb5V5FB5g1UpNsdMb+87DO03d8TLv 2gxvTmHwKOqoU+5SBhy+u//qNDm1+namCCSEY8NPYZmLbU9y6WfzT4p5rsvnj X-Gm-Gg: ASbGncvBj+HsmFNmH6XTTEJ9qJeB7tWLNcG4GIq26JnwfGYj3p0xlUZce+SElyLfbhV 6YQskmWRsRkPOO70QjUEP8ciPH932CfjPucD7Kh9IrP2kiypPwdoJWU9Gb0fWw92njA6FYaP4jO LIftX7qrqBCKlLC2UDef03xxIePS+m5AjQiUtkUPIRfYrpsjnVf73oor4rfcXGP0pmGYaOkYLOj qoNvBHyTNAXXCcbzbmhKB2Z1q7x8PHsKS5+Eo4TTOcZMEg7dJxqGpt/ZjG8HPkjub8IuCHCfywv VRV+tRIT2rH5TXMAbv+mK3zh3H6ErVm3A1Y14+84rSP0rQAtToP9P/9536VnBuUjYPaB02WxO7n xh4SVqEmR X-Google-Smtp-Source: AGHT+IG8Krkjn/4Jh0Jm9RHL1QBfbo71NQKSHDBmoKwWW+dynU/0az/xOoBJder4UMeNadCmljs3/IyXi4Kl X-Received: by 2002:a05:6870:a70b:b0:3e0:de76:31e5 with SMTP id 586e51a60fabf-3e8690b18f9mr3225787fac.25.1763225526720; Sat, 15 Nov 2025 08:52:06 -0800 (PST) Received: from postal.iol.unh.edu (postal.iol.unh.edu. [2606:4100:3880:1234::84]) by smtp-relay.gmail.com with ESMTPS id 586e51a60fabf-3e85227103asm725213fac.15.2025.11.15.08.52.06 (version=TLS1_2 cipher=ECDHE-ECDSA-AES128-GCM-SHA256 bits=128/128); Sat, 15 Nov 2025 08:52:06 -0800 (PST) X-Relaying-Domain: iol.unh.edu Date: Sat, 15 Nov 2025 08:52:06 -0800 (PST) Message-ID: <6918afb6.050a0220.1839b6.3d24SMTPIN_ADDED_MISSING@mx.google.com> Received: from [172.21.0.3] (unknown [172.18.0.240]) by postal.iol.unh.edu (Postfix) with ESMTP id 3CACD6051830; Sat, 15 Nov 2025 11:52:06 -0500 (EST) Subject: |FAILURE| pw158794-158812 [PATCH] [v2,19/19] vfio: introduce cdev mo From: dpdklab@iol.unh.edu To: Test Report Cc: dpdk-test-reports@iol.unh.edu, Anatoly Burakov In-Reply-To: <45db9c5e1589c56ed0e31a0e15390da5366ca5c2.1763142008.git.anatoly.burakov@intel.com> References: <45db9c5e1589c56ed0e31a0e15390da5366ca5c2.1763142008.git.anatoly.burakov@intel.com> Content-Type: text/plain X-BeenThere: test-report@dpdk.org X-Mailman-Version: 2.1.29 Precedence: list List-Id: automatic DPDK test reports List-Unsubscribe: , List-Archive: List-Post: List-Help: List-Subscribe: , Errors-To: test-report-bounces@dpdk.org Test-Label: iol-unit-arm64-testing Test-Status: FAILURE http://dpdk.org/patch/158812 _Testing issues_ Submitter: Anatoly Burakov Date: Friday, November 14 2025 17:40:29 DPDK git baseline: Repo:dpdk Branch: master CommitID:be0112878b4fc3a1b918370ed2fe615c52039d77 158794-158812 --> testing issues Upstream job id: Generic-Unit-Test-DPDK#392834 Test environment and result as below: +------------------------------+----------------+------------------------------+--------------+---------------------------+ | Environment | dpdk_unit_test | cryptodev_sw_snow3g_autotest | lpm_autotest | cryptodev_sw_zuc_autotest | +==============================+================+==============================+==============+===========================+ | Debian GNU/Linux 12 | WARN | SKIPPED | SKIPPED | SKIPPED | +------------------------------+----------------+------------------------------+--------------+---------------------------+ | Fedora Linux 40 | WARN | SKIPPED | SKIPPED | SKIPPED | +------------------------------+----------------+------------------------------+--------------+---------------------------+ | CentOS Stream 9 | WARN | SKIPPED | SKIPPED | SKIPPED | +------------------------------+----------------+------------------------------+--------------+---------------------------+ | Fedora Linux 41 | WARN | SKIPPED | SKIPPED | SKIPPED | +------------------------------+----------------+------------------------------+--------------+---------------------------+ | Ubuntu 22.04 | PEND | SKIPPED | SKIPPED | SKIPPED | +------------------------------+----------------+------------------------------+--------------+---------------------------+ | CentOS Stream 10 | WARN | SKIPPED | SKIPPED | SKIPPED | +------------------------------+----------------+------------------------------+--------------+---------------------------+ | Fedora Linux 42 | WARN | SKIPPED | SKIPPED | SKIPPED | +------------------------------+----------------+------------------------------+--------------+---------------------------+ | Red Hat Enterprise Linux 9.5 | WARN | SKIPPED | SKIPPED | SKIPPED | +------------------------------+----------------+------------------------------+--------------+---------------------------+ | Ubuntu 24.04 | WARN | SKIPPED | SKIPPED | SKIPPED | +------------------------------+----------------+------------------------------+--------------+---------------------------+ | Ubuntu 20.04 | WARN | SKIPPED | WARN | SKIPPED | +------------------------------+----------------+------------------------------+--------------+---------------------------+ | Debian 12 (arm) | SKIPPED | PEND | SKIPPED | PEND | +------------------------------+----------------+------------------------------+--------------+---------------------------+ ==== 20 line log output for Ubuntu 20.04 (lpm_autotest): ==== +++ |+#include 25 | ../lib/eal/linux/eal_vfio_group.c: In function 'vfio_group_request_fd': ../lib/eal/linux/eal_vfio_group.c:617:2: error: incompatible implicit declaration of built-in function 'free' [-Werror] 617 | free(mp_reply.msgs); | ^~~~ ../lib/eal/linux/eal_vfio_group.c:617:2: note: include '' or provide a declaration of 'free' ../lib/eal/linux/eal_vfio_group.c: In function 'vfio_group_sync_iommu_ops': ../lib/eal/linux/eal_vfio_group.c:667:2: error: incompatible implicit declaration of built-in function 'free' [-Werror] 667 | free(mp_reply.msgs); | ^~~~ ../lib/eal/linux/eal_vfio_group.c:667:2: note: include '' or provide a declaration of 'free' ../lib/eal/linux/eal_vfio_group.c: In function 'vfio_group_get_num': ../lib/eal/linux/eal_vfio_group.c:975:14: error: implicit declaration of function 'strtol'; did you mean 'strtok'? [-Werror=implicit-function-declaration] 975 | group_num = strtol(group_tok, &end, 10); | ^~~~~~ | strtok ../lib/eal/linux/eal_vfio_group.c:975:14: error: nested extern declaration of 'strtol' [-Werror=nested-externs] cc1: all warnings being treated as errors ninja: build stopped: subcommand failed. ==== End log output ==== Debian GNU/Linux 12 Kernel: 5.4 Compiler: gcc gcc (Debian 12.2.0-14+deb12u1) 12.2.0 Fedora Linux 40 Kernel: 5.4 Compiler: gcc gcc (GCC) 14.2.1 20240912 (Red Hat 14.2.1-3) CentOS Stream 9 Kernel: 5.4 Compiler: gcc gcc (GCC) 11.5.0 20240719 (Red Hat 11.5.0-11) Fedora Linux 41 Kernel: 5.4 Compiler: gcc gcc (GCC) 14.3.1 20250523 (Red Hat 14.3.1-1) Ubuntu 22.04 Kernel: 5.15 Compiler: gcc gcc (Ubuntu 11.4.0-1ubuntu1~22.04.2) 11.4.0 CentOS Stream 10 Kernel: 5.4 Compiler: gcc gcc (GCC) 14.2.1 20250110 (Red Hat 14.2.1-8) Fedora Linux 42 Kernel: 5.4 Compiler: gcc gcc (GCC) 15.2.1 20250808 (Red Hat 15.2.1-1) Red Hat Enterprise Linux 9.5 Kernel: 5.4 Compiler: gcc gcc (GCC) 11.5.0 20240719 (Red Hat 11.5.0-2) Ubuntu 24.04 Kernel: 5.4 Compiler: gcc gcc (Ubuntu 13.3.0-6ubuntu2~24.04) 13.3.0 Ubuntu 20.04 Kernel: 5.4 Compiler: gcc gcc (Ubuntu 9.4.0-1ubuntu1~20.04.2) 9.4.0 Debian 12 (arm) Kernel: Depends on container host Compiler: gcc (Debian 12.2.0-14) 12.2.0 To view detailed results, visit: https://lab.dpdk.org/results/dashboard/patchsets/34593/ UNH-IOL DPDK Community Lab To manage your email subscriptions, visit: https://lab.dpdk.org/results/dashboard/preferences/subscriptions/