From mboxrd@z Thu Jan 1 00:00:00 1970 Return-Path: Received: from mails.dpdk.org (mails.dpdk.org [217.70.189.124]) by inbox.dpdk.org (Postfix) with ESMTP id B8A8048B1D for ; Sat, 15 Nov 2025 21:12:10 +0100 (CET) Received: from mails.dpdk.org (localhost [127.0.0.1]) by mails.dpdk.org (Postfix) with ESMTP id AF1554025E; Sat, 15 Nov 2025 21:12:10 +0100 (CET) Received: from mail-yw1-f226.google.com (mail-yw1-f226.google.com [209.85.128.226]) by mails.dpdk.org (Postfix) with ESMTP id D5F774025E for ; Sat, 15 Nov 2025 21:12:08 +0100 (CET) Received: by mail-yw1-f226.google.com with SMTP id 00721157ae682-7815092cd0bso30014887b3.2 for ; Sat, 15 Nov 2025 12:12:08 -0800 (PST) DKIM-Signature: v=1; a=rsa-sha256; c=relaxed/relaxed; d=iol.unh.edu; s=unh-iol; t=1763237528; x=1763842328; darn=dpdk.org; h=references:in-reply-to:cc:to:from:subject:message-id:date:from:to :cc:subject:date:message-id:reply-to; bh=nLV8qkItqEa1IgVF3ip+8xTwu20QXgASkTydXfS7uUg=; b=AGmE6IoKTSB84/QQlyYKI09vxRAGV1GrXats2dV0Ub+omqZNGAuSYwD9w4la9+2m6A mhvFxBc3Pswo+3eAx10dE5tskcsj0YIiv6SpG7Jlhnni6WKW1hnz+fdu448sInV4egVe LuB57kdL2G65tOX9ys8n8yXyQP/ch3FIv54n0= X-Google-DKIM-Signature: v=1; a=rsa-sha256; c=relaxed/relaxed; d=1e100.net; s=20230601; t=1763237528; x=1763842328; h=references:in-reply-to:cc:to:from:subject:message-id:date:x-gm-gg :x-gm-message-state:from:to:cc:subject:date:message-id:reply-to; bh=nLV8qkItqEa1IgVF3ip+8xTwu20QXgASkTydXfS7uUg=; b=I8epKyYfkqUsKLm0bTCqP5DGUoQTrbvb+/LqusfY0efKdRmIDePbtWmk2GaDvFh+uM xKIsb+tLC/TAOdSzvCr0mN+D2BjF9wRludcO1YOLouEsA1mh9u/KiVlVTd7Jz75z5qB7 d0zhgaH6zUPttcjCr4ggf0GZGq9K5GYzZ+9fjIV9Q5I3SjU1kK/a5ST+kko8X6nhTGfg 2QWwONbskR8Sur32aXAPeAvV/bYfa+HIY6IhBkIR0GoCrdBL6aB+6D0UvISijNjTZdgf irLGnxXxpK6Y3AFU1po28FmWCsCzS5LOOmJq1TN7ZZGJbnBPv20CmjPtFR7Jc0TYG2JO yFaQ== X-Gm-Message-State: AOJu0YyZVEg7274B3wMrIJm1+BrRVzjV7ykYaKg5wxBoeBj1YeuxVY5o 0SCzrGvX3P+GcUN7uf2ITAMkT0g1B0Sj7c4VpMHMLKTuINnSL6hOZp7FrhwJLt8Nx6SsWl1kIw8 SzjoL9Qc0/1zo0VTDlJT+lG6gVVVfmP+35/QRMGvquGfk X-Gm-Gg: ASbGnctADgn4qZKd/KoNpP+f/p8hTIByeS/mgiuQoJZFKdb+x1DSHxBZBxbUr0ZjqXd o3D2FwOWU2zsPMySK2rav+X6xhksKEo+fr1Ah9VeO/+BYeot0HIPEWssq+DgXeXRKZfYtNgbAbk ddSceY34ZMLJFhGELQ0MJASJhxVbVr3tmC66YH2YF06FNRsuT/2NByLh08QEQ2KdZ/63Igl8VCa bJo4aLbLlItpK/uZj4lh4ExjmRj67a4sryuKAF+Do/j35uYUnUPbw1YnUnSBRXTc0a6JqSPcXoR OWqxiMPqUPgfAdfYL+B2kybDry5ZHTnd2Rv3zZuARHOGEOcKKnbL5wZq6rgAEsj3/AUCfPxJJH8 hWcJb3TwmwJAUkdfD7aBAiJsMarUiKh4= X-Google-Smtp-Source: AGHT+IHS7kL/A6it8jlxTWd1UwXVPQpcoVkadUsO2SOJkO0AuHeKejm86ZyY3lt/RCCtrZ36pM/GGIdOVPv9 X-Received: by 2002:a05:690c:4d49:b0:786:62bb:f6f5 with SMTP id 00721157ae682-78929e2ac68mr122426737b3.17.1763237528181; Sat, 15 Nov 2025 12:12:08 -0800 (PST) Received: from postal.iol.unh.edu (postal.iol.unh.edu. [132.177.123.84]) by smtp-relay.gmail.com with ESMTPS id 00721157ae682-78821e28662sm4689467b3.8.2025.11.15.12.12.08 (version=TLS1_2 cipher=ECDHE-ECDSA-AES128-GCM-SHA256 bits=128/128); Sat, 15 Nov 2025 12:12:08 -0800 (PST) X-Relaying-Domain: iol.unh.edu Date: Sat, 15 Nov 2025 12:12:08 -0800 (PST) Message-ID: <6918de98.050a0220.32ddf.7080SMTPIN_ADDED_MISSING@mx.google.com> Received: from [172.21.0.3] (unknown [172.18.0.240]) by postal.iol.unh.edu (Postfix) with ESMTP id D1DA36051830; Sat, 15 Nov 2025 15:12:07 -0500 (EST) Subject: |FAILURE| pw158825-158828 [PATCH] [4/4] test: use unit test runner f From: dpdklab@iol.unh.edu To: Test Report Cc: dpdk-test-reports@iol.unh.edu, Stephen Hemminger In-Reply-To: <20251115193409.99740-5-stephen@networkplumber.org> References: <20251115193409.99740-5-stephen@networkplumber.org> Content-Type: text/plain X-BeenThere: test-report@dpdk.org X-Mailman-Version: 2.1.29 Precedence: list List-Id: automatic DPDK test reports List-Unsubscribe: , List-Archive: List-Post: List-Help: List-Subscribe: , Errors-To: test-report-bounces@dpdk.org Test-Label: iol-compile-amd64-testing Test-Status: FAILURE http://dpdk.org/patch/158828 _Testing issues_ Submitter: Stephen Hemminger Date: Saturday, November 15 2025 19:33:10 DPDK git baseline: Repo:dpdk Branch: master CommitID:be0112878b4fc3a1b918370ed2fe615c52039d77 158825-158828 --> testing issues Upstream job id: Generic-DPDK-Compile-Meson#444862 Test environment and result as below: +-------------------------------+--------------------+------------------+-------------------------+-------------------+ | Environment | dpdk_meson_compile | dpdk_compile_ovs | dpdk_llvm_clang_compile | dpdk_msvc_compile | +===============================+====================+==================+=========================+===================+ | CentOS Stream 9 | PEND | SKIPPED | SKIPPED | SKIPPED | +-------------------------------+--------------------+------------------+-------------------------+-------------------+ | CentOS Stream 10 | PEND | SKIPPED | SKIPPED | SKIPPED | +-------------------------------+--------------------+------------------+-------------------------+-------------------+ | Debian GNU/Linux 12 | PEND | SKIPPED | SKIPPED | SKIPPED | +-------------------------------+--------------------+------------------+-------------------------+-------------------+ | Fedora Linux 42 | PEND | PEND | SKIPPED | SKIPPED | +-------------------------------+--------------------+------------------+-------------------------+-------------------+ | openSUSE Leap 15.6 | PASS | SKIPPED | SKIPPED | SKIPPED | +-------------------------------+--------------------+------------------+-------------------------+-------------------+ | Ubuntu 20.04 | PEND | SKIPPED | SKIPPED | SKIPPED | +-------------------------------+--------------------+------------------+-------------------------+-------------------+ | FreeBSD 14.2 | FAIL | SKIPPED | SKIPPED | SKIPPED | +-------------------------------+--------------------+------------------+-------------------------+-------------------+ | Red Hat Enterprise Linux 8.10 | FAIL | SKIPPED | SKIPPED | SKIPPED | +-------------------------------+--------------------+------------------+-------------------------+-------------------+ | Red Hat Enterprise Linux 9.5 | PEND | SKIPPED | SKIPPED | SKIPPED | +-------------------------------+--------------------+------------------+-------------------------+-------------------+ | Ubuntu 22.04 | PEND | SKIPPED | SKIPPED | SKIPPED | +-------------------------------+--------------------+------------------+-------------------------+-------------------+ | Ubuntu 24.04 | PEND | PEND | SKIPPED | SKIPPED | +-------------------------------+--------------------+------------------+-------------------------+-------------------+ | Alpine Linux 3.22.0 | PEND | SKIPPED | SKIPPED | SKIPPED | +-------------------------------+--------------------+------------------+-------------------------+-------------------+ | Windows Server 2022 | SKIPPED | SKIPPED | PEND | PEND | +-------------------------------+--------------------+------------------+-------------------------+-------------------+ ==== 20 line log output for Red Hat Enterprise Linux 8.10 (dpdk_meson_compile): ==== [3475/3651] Compiling C object app/dpdk-test.p/test_test_bpf.c.o [3476/3651] Compiling C object app/dpdk-test.p/test_test_bitmap.c.o [3477/3651] Compiling C object app/dpdk-test.p/test_test_bitops.c.o [3478/3651] Compiling C object app/dpdk-test.p/test_test_bitratestats.c.o [3479/3651] Compiling C object app/dpdk-test.p/test_test_cksum.c.o [3480/3651] Compiling C object app/dpdk-test.p/test_test_cksum_perf.c.o [3481/3651] Compiling C object app/dpdk-test.p/test_test_byteorder.c.o [3482/3651] Compiling C object app/dpdk-test.p/test_test_cmdline.c.o [3483/3651] Compiling C object app/dpdk-test.p/test_test_cfgfile.c.o FAILED: app/dpdk-test.p/test_test_cfgfile.c.o ccache cc -Iapp/dpdk-test.p -Iapp -I../app -Ilib/cmdline -I../lib/cmdline -Ilib/eal/common -I../lib/eal/common -I. -I.. -Iconfig -I../config -Ilib/eal/include -I../lib/eal/include -Ilib/eal/linux/include -I../lib/eal/linux/include -Ilib/eal/x86/include -I../lib/eal/x86/include -I../kernel/linux -Ilib/eal -I../lib/eal -Ilib/kvargs -I../lib/kvargs -Ilib/log -I../lib/log -Ilib/metrics -I../lib/metrics -Ilib/telemetry -I../lib/telemetry -Ilib/argparse -I../lib/argparse -Ilib/net -I../lib/net -Ilib/mbuf -I../lib/mbuf -Ilib/mempool -I../lib/mempool -Ilib/ring -I../lib/ring -Idrivers/net/ring -I../drivers/net/ring -Ilib/ethdev -I../lib/ethdev -Ilib/meter -I../lib/meter -Idrivers/bus/pci -I../drivers/bus/pci -I../drivers/bus/pci/linux -Ilib/pci -I../lib/pci -Idrivers/bus/vdev -I../drivers/bus/vdev -Ilib/acl -I../lib/acl -Ilib/hash -I../lib/hash -Ilib/rcu -I../lib/rcu -Ilib/bitratestats -I../lib/bitratestats -Ilib/bpf -I../lib/bpf -Ilib/cfgfile -I../lib/cfgfile -Ilib/compressdev -I../lib/comp ressdev -Ilib/cryptodev -I../lib/cryptodev -Ilib/security -I../lib/security -Ilib/dispatcher -I../lib/dispatcher -Ilib/eventdev -I../lib/eventdev -Ilib/timer -I../lib/timer -Ilib/dmadev -I../lib/dmadev -Ilib/distributor -I../lib/distributor -Ilib/efd -I../lib/efd -Ilib/fib -I../lib/fib -Ilib/rib -I../lib/rib -Ilib/table -I../lib/table -Ilib/port -I../lib/port -Ilib/sched -I../lib/sched -Ilib/ip_frag -I../lib/ip_frag -Ilib/lpm -I../lib/lpm -Ilib/graph -I../lib/graph -Ilib/pcapng -I../lib/pcapng -Ilib/ipsec -I../lib/ipsec -Ilib/latencystats -I../lib/latencystats -Idrivers/net/bonding -I../drivers/net/bonding -Ilib/member -I../lib/member -Ilib/pdcp -I../lib/pdcp -Ilib/reorder -I../lib/reorder -Ilib/pdump -I../lib/pdump -Ilib/pmu -I../lib/pmu -Ilib/power -I../lib/power -Idrivers/power/acpi -I../drivers/power/acpi -Idrivers/power/kvm_vm -I../drivers/power/kvm_vm -Idrivers/power/intel_pstate -I../drivers/power/intel_pstate -Idrivers/power/amd_pstate -I../drivers/power/amd_pstate -Idrivers /power/cppc -I../drivers/power/cppc -Idrivers/power/intel_uncore -I../drivers/power/intel_uncore -Ilib/ptr_compress -I../lib/ptr_compress -Ilib/rawdev -I../lib/rawdev -Idrivers/raw/skeleton -I../drivers/raw/skeleton -Ilib/stack -I../lib/stack -Ilib/pipeline -I../lib/pipeline -Idrivers/crypto/scheduler -I../drivers/crypto/scheduler -Iapp/test/test_cfgfiles -fdiagnostics-color=always -pipe -D_FILE_OFFSET_BITS=64 -Wall -Winvalid-pch -Wextra -Werror -std=c11 -O3 -include rte_config.h -Wvla -Wcast-qual -Wdeprecated -Wformat -Wformat-nonliteral -Wformat-security -Wmissing-declarations -Wmissing-prototypes -Wnested-externs -Wold-style-definition -Wpointer-arith -Wsign-compare -Wstrict-prototypes -Wundef -Wwrite-strings -Wno-packed-not-aligned -Wno-missing-field-initializers -D_GNU_SOURCE -march=native -mrtm -DALLOW_EXPERIMENTAL_API -Wno-vla -fno-strict-aliasing -DALLOW_INTERNAL_API -MD -MQ app/dpdk-test.p/test_test_cfgfile.c.o -MF app/dpdk-test.p/test_test_cfgfile.c.o.d -o app/dpdk-test.p/ test_test_cfgfile.c.o -c ../app/test/test_cfgfile.c ../app/test/test_cfgfile.c: In function 'test_cfgfile_realloc_sections': ../app/test/test_cfgfile.c:186:42: error: '%s' directive output may be truncated writing 12 bytes into a region of size between 1 and 4096 [-Werror=format-truncation=] snprintf(filename, sizeof(filename), "%s%s", tmp, "cfg_save.ini"); ^~ ~~~~~~~~~~~~~~ ../app/test/test_cfgfile.c:186:2: note: 'snprintf' output between 13 and 4108 bytes into a destination of size 4096 snprintf(filename, sizeof(filename), "%s%s", tmp, "cfg_save.ini"); ^~~~~~~~~~~~~~~~~~~~~~~~~~~~~~~~~~~~~~~~~~~~~~~~~~~~~~~~~~~~~~~~~ cc1: all warnings being treated as errors ninja: build stopped: subcommand failed. ==== End log output ==== CentOS Stream 9 Kernel: 5.15 Compiler: gcc gcc (GCC) 11.5.0 20240719 (Red Hat 11.5.0-11) CentOS Stream 10 Kernel: 5.15 Compiler: gcc gcc (GCC) 14.2.1 20250110 (Red Hat 14.2.1-8) Debian GNU/Linux 12 Kernel: 5.15 Compiler: gcc gcc (Debian 12.2.0-14+deb12u1) 12.2.0 Fedora Linux 42 Kernel: 5.15 Compiler: gcc gcc (GCC) 15.2.1 20250808 (Red Hat 15.2.1-1) openSUSE Leap 15.6 Kernel: 5.15 Compiler: gcc gcc (SUSE Linux) 7.5.0 Ubuntu 20.04 Kernel: 4.19 Compiler: gcc gcc (Ubuntu 9.4.0-1ubuntu1~20.04.2) 9.4.0 FreeBSD 14.2 Kernel: 14.2-RELEASE Compiler: clang 18.1.6 Red Hat Enterprise Linux 8.10 Kernel: 5.15 Compiler: gcc gcc (GCC) 8.5.0 20210514 (Red Hat 8.5.0-22) Red Hat Enterprise Linux 9.5 Kernel: 5.15 Compiler: gcc gcc (GCC) 11.5.0 20240719 (Red Hat 11.5.0-2) Ubuntu 22.04 Kernel: 5.15 Compiler: gcc gcc (Ubuntu 11.4.0-1ubuntu1~22.04) 11.4.0 Ubuntu 24.04 Kernel: 5.15 Compiler: gcc gcc (Ubuntu 13.3.0-6ubuntu2~24.04) 13.3.0 Alpine Linux 3.22.0 Kernel: 5.15 Compiler: gcc gcc (Alpine 14.2.0) 14.2.0 Windows Server 2022 Kernel: 10.0.20348.2031 Compiler: clang 15.0.7, gcc 14.1.0 (MinGW), and MSVC VS 19.39.33521 To view detailed results, visit: https://lab.dpdk.org/results/dashboard/patchsets/34605/ UNH-IOL DPDK Community Lab To manage your email subscriptions, visit: https://lab.dpdk.org/results/dashboard/preferences/subscriptions/