From mboxrd@z Thu Jan 1 00:00:00 1970 Return-Path: Received: from mails.dpdk.org (mails.dpdk.org [217.70.189.124]) by inbox.dpdk.org (Postfix) with ESMTP id B7BF348B1D for ; Sat, 15 Nov 2025 21:21:38 +0100 (CET) Received: from mails.dpdk.org (localhost [127.0.0.1]) by mails.dpdk.org (Postfix) with ESMTP id B34A34025E; Sat, 15 Nov 2025 21:21:38 +0100 (CET) Received: from mail-pl1-f228.google.com (mail-pl1-f228.google.com [209.85.214.228]) by mails.dpdk.org (Postfix) with ESMTP id EBC2E4025E for ; Sat, 15 Nov 2025 21:21:37 +0100 (CET) Received: by mail-pl1-f228.google.com with SMTP id d9443c01a7336-29806bd47b5so20012975ad.3 for ; Sat, 15 Nov 2025 12:21:37 -0800 (PST) DKIM-Signature: v=1; a=rsa-sha256; c=relaxed/relaxed; d=iol.unh.edu; s=unh-iol; t=1763238097; x=1763842897; darn=dpdk.org; h=references:in-reply-to:cc:to:from:subject:message-id:date:from:to :cc:subject:date:message-id:reply-to; bh=OoafB2CMObaWSw9KdZ2dEwF9kFLfhA4ZPz0AlXGDLMw=; b=Q3WMDioKGZZHUoGXIzuhpSNVfnhJd3x2eVhQMiTXryxPYd8gBAbZ5ZrocXII4V5v7R vaooY5e/xQPEr7G4uSSIWI64psIZhNrwcA25p5wzm5LXb5Hux4ppeu7jLxhSvlmiNzEQ nenOh9/iU+EC7u3bnT5qY7PsckGHesCJbmWGQ= X-Google-DKIM-Signature: v=1; a=rsa-sha256; c=relaxed/relaxed; d=1e100.net; s=20230601; t=1763238097; x=1763842897; h=references:in-reply-to:cc:to:from:subject:message-id:date:x-gm-gg :x-gm-message-state:from:to:cc:subject:date:message-id:reply-to; bh=OoafB2CMObaWSw9KdZ2dEwF9kFLfhA4ZPz0AlXGDLMw=; b=FxNCJl5ToXvThAYw8K+i+SgZY5GRh6VbeRmfpBGY8afFbIsksKW4YOUtrbEQeKOfVu 7NM02IR2qWiM7NV5RjFsJTn3dHzdOnZzTxjijeN8axxqXy7fZYyUFPuMZxfJ3Kri3NC1 wn2ua/F1e3kb2rMU52raXFxYOXWZhxrxBMsStVNxrFhW5Rnw9m0mhbpnbkgFm00uXrBY pchGsnIN/qBgDN7IDPzRKB/3537lbFauuSAH+c2X6YUxEQ9VoONctwb3mTCauj4q5+BF s2jQfeMrN5qwFUKB1eeSoWJJT9JHYK4hToljsfDUjw0wy57odMXkiL3a3cI8e9ne9H4n g8Aw== X-Gm-Message-State: AOJu0YxCXipN8TrM7g8Z94fdfo2rckoJDrKGfZc7FS5LmAE9xc1cgllt 686wpU8K5pL24X0kCQr43XNNuY9WijbdpMsF7uzadD7hh3tWR1dETs9OEKIBI9Asnstr/CKXPgY VFmm5FZCkjUAF4tzz2GHqJxtO9hoL1+eznvhpaU9O+yHG X-Gm-Gg: ASbGncutrE4ZvhcEsPt6FZRBCHZh0eMA/LB3Bz0SFyWuXdLX8DE1qyfTxMm4cW1VUyf Nxs3N4+/9KGqhT6uLr2g7Zq1cJkraU4rjtNntfEO/yhe5svu89NjJpHOPAVynMvQJMx4qtX3nab +tFoP9d+IiI6XOVeuhQJdVPcMgs4KAR143l6AfCzhcunXWxV9EBM0KHQilRksq1doEg5RvFU0eS 71NKYrU7s6qVNtWx75ACJVFUiGQHigFcLl2u49HWyEurGPxwf7StD2UUvvmjtyrb/fT+ZlnocLc siXdg42gtVicbR5cq/5H5q+OJtqIWbU70W0F0D3OnZ3yV1WhFSYWgzu7mAgbbeOQiJ0IhpUowWK hIQXotBnjw2pHVDgZAPoGH6ku95DPlGc= X-Google-Smtp-Source: AGHT+IGbtwu6G19tCvxNtRVVSBY67OZnLCuAf9Q6UA6q4Ti2q6l9Ko1xqiNm5k0Y7m49s/f18REKZwVKijtH X-Received: by 2002:a17:903:384d:b0:297:dabf:9900 with SMTP id d9443c01a7336-2986a5fbf90mr82136215ad.0.1763238097129; Sat, 15 Nov 2025 12:21:37 -0800 (PST) Received: from postal.iol.unh.edu (postal.iol.unh.edu. [132.177.123.84]) by smtp-relay.gmail.com with ESMTPS id d9443c01a7336-2985c234f47sm9640865ad.7.2025.11.15.12.21.37 (version=TLS1_2 cipher=ECDHE-ECDSA-AES128-GCM-SHA256 bits=128/128); Sat, 15 Nov 2025 12:21:37 -0800 (PST) X-Relaying-Domain: iol.unh.edu Date: Sat, 15 Nov 2025 12:21:37 -0800 (PST) Message-ID: <6918e0d1.170a0220.9fb76.1757SMTPIN_ADDED_MISSING@mx.google.com> Received: from [172.21.0.5] (unknown [172.18.0.240]) by postal.iol.unh.edu (Postfix) with ESMTP id 65B306051830; Sat, 15 Nov 2025 15:21:36 -0500 (EST) Subject: |FAILURE| pw158825-158828 [PATCH] [4/4] test: use unit test runner f From: dpdklab@iol.unh.edu To: Test Report Cc: dpdk-test-reports@iol.unh.edu, Stephen Hemminger In-Reply-To: <20251115193409.99740-5-stephen@networkplumber.org> References: <20251115193409.99740-5-stephen@networkplumber.org> Content-Type: text/plain X-BeenThere: test-report@dpdk.org X-Mailman-Version: 2.1.29 Precedence: list List-Id: automatic DPDK test reports List-Unsubscribe: , List-Archive: List-Post: List-Help: List-Subscribe: , Errors-To: test-report-bounces@dpdk.org Test-Label: iol-unit-amd64-testing Test-Status: FAILURE http://dpdk.org/patch/158828 _Testing issues_ Submitter: Stephen Hemminger Date: Saturday, November 15 2025 19:33:10 DPDK git baseline: Repo:dpdk Branch: master CommitID:be0112878b4fc3a1b918370ed2fe615c52039d77 158825-158828 --> testing issues Upstream job id: Generic-Unit-Test-DPDK#393116 Test environment and result as below: +-------------------------------+----------------+ | Environment | dpdk_unit_test | +===============================+================+ | CentOS Stream 9 | PASS | +-------------------------------+----------------+ | CentOS Stream 10 | PASS | +-------------------------------+----------------+ | Debian GNU/Linux 12 | PASS | +-------------------------------+----------------+ | Fedora Linux 40 | PEND | +-------------------------------+----------------+ | Fedora Linux 41 | PEND | +-------------------------------+----------------+ | Red Hat Enterprise Linux 8.10 | WARN | +-------------------------------+----------------+ | Fedora Linux 42 | PEND | +-------------------------------+----------------+ | Red Hat Enterprise Linux 9.5 | PEND | +-------------------------------+----------------+ | Ubuntu 20.04 | PEND | +-------------------------------+----------------+ | Ubuntu 22.04 | PEND | +-------------------------------+----------------+ | Ubuntu 24.04 | PEND | +-------------------------------+----------------+ | Windows Server 2022 | PEND | +-------------------------------+----------------+ ==== 20 line log output for Red Hat Enterprise Linux 8.10 (dpdk_unit_test): ==== [3432/3619] Compiling C object app/dpdk-test.p/test_commands.c.o [3433/3619] Compiling C object app/dpdk-test.p/test_test_bitset.c.o [3434/3619] Compiling C object app/dpdk-test.p/test_sample_packet_forward.c.o [3435/3619] Compiling C object app/dpdk-test.p/test_test_bitcount.c.o [3436/3619] Compiling C object app/dpdk-test.p/test_test_alarm.c.o [3437/3619] Compiling C object app/dpdk-test.p/test_test_cfgfile.c.o FAILED: app/dpdk-test.p/test_test_cfgfile.c.o ccache cc -Iapp/dpdk-test.p -Iapp -I../app -Ilib/cmdline -I../lib/cmdline -Ilib/eal/common -I../lib/eal/common -I. -I.. -Iconfig -I../config -Ilib/eal/include -I../lib/eal/include -Ilib/eal/linux/include -I../lib/eal/linux/include -Ilib/eal/x86/include -I../lib/eal/x86/include -I../kernel/linux -Ilib/eal -I../lib/eal -Ilib/kvargs -I../lib/kvargs -Ilib/log -I../lib/log -Ilib/metrics -I../lib/metrics -Ilib/telemetry -I../lib/telemetry -Ilib/argparse -I../lib/argparse -Ilib/net -I../lib/net -Ilib/mbuf -I../lib/mbuf -Ilib/mempool -I../lib/mempool -Ilib/ring -I../lib/ring -Idrivers/net/ring -I../drivers/net/ring -Ilib/ethdev -I../lib/ethdev -Ilib/meter -I../lib/meter -Idrivers/bus/pci -I../drivers/bus/pci -I../drivers/bus/pci/linux -Ilib/pci -I../lib/pci -Idrivers/bus/vdev -I../drivers/bus/vdev -Ilib/acl -I../lib/acl -Ilib/hash -I../lib/hash -Ilib/rcu -I../lib/rcu -Ilib/bitratestats -I../lib/bitratestats -Ilib/bpf -I../lib/bpf -Ilib/cfgfile -I../lib/cfgfile -Ilib/compressdev -I../lib/comp ressdev -Ilib/cryptodev -I../lib/cryptodev -Ilib/security -I../lib/security -Ilib/dispatcher -I../lib/dispatcher -Ilib/eventdev -I../lib/eventdev -Ilib/timer -I../lib/timer -Ilib/dmadev -I../lib/dmadev -Ilib/distributor -I../lib/distributor -Ilib/efd -I../lib/efd -Ilib/fib -I../lib/fib -Ilib/rib -I../lib/rib -Ilib/table -I../lib/table -Ilib/port -I../lib/port -Ilib/sched -I../lib/sched -Ilib/ip_frag -I../lib/ip_frag -Ilib/lpm -I../lib/lpm -Ilib/graph -I../lib/graph -Ilib/pcapng -I../lib/pcapng -Ilib/ipsec -I../lib/ipsec -Ilib/latencystats -I../lib/latencystats -Idrivers/net/bonding -I../drivers/net/bonding -Ilib/member -I../lib/member -Ilib/pdcp -I../lib/pdcp -Ilib/reorder -I../lib/reorder -Ilib/pdump -I../lib/pdump -Ilib/pmu -I../lib/pmu -Ilib/power -I../lib/power -Idrivers/power/acpi -I../drivers/power/acpi -Idrivers/power/kvm_vm -I../drivers/power/kvm_vm -Idrivers/power/intel_pstate -I../drivers/power/intel_pstate -Idrivers/power/amd_pstate -I../drivers/power/amd_pstate -Idrivers /power/cppc -I../drivers/power/cppc -Idrivers/power/intel_uncore -I../drivers/power/intel_uncore -Ilib/ptr_compress -I../lib/ptr_compress -Ilib/rawdev -I../lib/rawdev -Idrivers/raw/skeleton -I../drivers/raw/skeleton -Ilib/stack -I../lib/stack -Ilib/pipeline -I../lib/pipeline -Idrivers/crypto/scheduler -I../drivers/crypto/scheduler -Iapp/test/test_cfgfiles -fdiagnostics-color=always -pipe -D_FILE_OFFSET_BITS=64 -Wall -Winvalid-pch -Wextra -Werror -std=c11 -O3 -include rte_config.h -Wvla -Wcast-qual -Wdeprecated -Wformat -Wformat-nonliteral -Wformat-security -Wmissing-declarations -Wmissing-prototypes -Wnested-externs -Wold-style-definition -Wpointer-arith -Wsign-compare -Wstrict-prototypes -Wundef -Wwrite-strings -Wno-packed-not-aligned -Wno-missing-field-initializers -D_GNU_SOURCE -march=native -mrtm -DALLOW_EXPERIMENTAL_API -Wno-vla -fno-strict-aliasing -DALLOW_INTERNAL_API -MD -MQ app/dpdk-test.p/test_test_cfgfile.c.o -MF app/dpdk-test.p/test_test_cfgfile.c.o.d -o app/dpdk-test.p/ test_test_cfgfile.c.o -c ../app/test/test_cfgfile.c ../app/test/test_cfgfile.c: In function 'test_cfgfile_realloc_sections': ../app/test/test_cfgfile.c:186:42: error: '%s' directive output may be truncated writing 12 bytes into a region of size between 1 and 4096 [-Werror=format-truncation=] snprintf(filename, sizeof(filename), "%s%s", tmp, "cfg_save.ini"); ^~ ~~~~~~~~~~~~~~ ../app/test/test_cfgfile.c:186:2: note: 'snprintf' output between 13 and 4108 bytes into a destination of size 4096 snprintf(filename, sizeof(filename), "%s%s", tmp, "cfg_save.ini"); ^~~~~~~~~~~~~~~~~~~~~~~~~~~~~~~~~~~~~~~~~~~~~~~~~~~~~~~~~~~~~~~~~ cc1: all warnings being treated as errors [3438/3619] Compiling C object app/dpdk-test.p/test_test_bitmap.c.o [3439/3619] Compiling C object app/dpdk-test.p/test_test_acl.c.o [3440/3619] Compiling C object app/dpdk-test.p/test_test_argparse.c.o ninja: build stopped: subcommand failed. ==== End log output ==== CentOS Stream 9 Kernel: 5.15 Compiler: gcc gcc (GCC) 11.5.0 20240719 (Red Hat 11.5.0-11) CentOS Stream 10 Kernel: 5.15 Compiler: gcc gcc (GCC) 14.2.1 20250110 (Red Hat 14.2.1-8) Debian GNU/Linux 12 Kernel: 5.15 Compiler: gcc gcc (Debian 12.2.0-14+deb12u1) 12.2.0 Fedora Linux 40 Kernel: 5.15 Compiler: gcc gcc (GCC) 14.2.1 20240912 (Red Hat 14.2.1-3) Fedora Linux 41 Kernel: 5.15 Compiler: gcc gcc (GCC) 14.3.1 20250523 (Red Hat 14.3.1-1) Red Hat Enterprise Linux 8.10 Kernel: 5.15 Compiler: gcc gcc (GCC) 8.5.0 20210514 (Red Hat 8.5.0-22) Fedora Linux 42 Kernel: 5.15 Compiler: gcc gcc (GCC) 15.2.1 20250808 (Red Hat 15.2.1-1) Red Hat Enterprise Linux 9.5 Kernel: 5.15 Compiler: gcc gcc (GCC) 11.5.0 20240719 (Red Hat 11.5.0-2) Ubuntu 20.04 Kernel: 5.15 Compiler: gcc gcc (Ubuntu 9.4.0-1ubuntu1~20.04.2) 9.4.0 Ubuntu 22.04 Kernel: 5.15 Compiler: gcc gcc (Ubuntu 11.4.0-1ubuntu1~22.04) 11.4.0 Ubuntu 24.04 Kernel: 5.15 Compiler: gcc gcc (Ubuntu 13.3.0-6ubuntu2~24.04) 13.3.0 Windows Server 2022 Kernel: 10.0.20348.2031 Compiler: clang 15.0.7, gcc 14.1.0 (MinGW), and MSVC VS 19.39.33521 To view detailed results, visit: https://lab.dpdk.org/results/dashboard/patchsets/34605/ UNH-IOL DPDK Community Lab To manage your email subscriptions, visit: https://lab.dpdk.org/results/dashboard/preferences/subscriptions/