From mboxrd@z Thu Jan 1 00:00:00 1970 Return-Path: Received: from mails.dpdk.org (mails.dpdk.org [217.70.189.124]) by inbox.dpdk.org (Postfix) with ESMTP id D511648B1D for ; Sat, 15 Nov 2025 21:22:21 +0100 (CET) Received: from mails.dpdk.org (localhost [127.0.0.1]) by mails.dpdk.org (Postfix) with ESMTP id CDAF74025E; Sat, 15 Nov 2025 21:22:21 +0100 (CET) Received: from mail-pl1-f226.google.com (mail-pl1-f226.google.com [209.85.214.226]) by mails.dpdk.org (Postfix) with ESMTP id 2B32A4025E for ; Sat, 15 Nov 2025 21:22:21 +0100 (CET) Received: by mail-pl1-f226.google.com with SMTP id d9443c01a7336-298456bb53aso34018975ad.0 for ; Sat, 15 Nov 2025 12:22:21 -0800 (PST) DKIM-Signature: v=1; a=rsa-sha256; c=relaxed/relaxed; d=iol.unh.edu; s=unh-iol; t=1763238140; x=1763842940; darn=dpdk.org; h=cc:to:from:subject:message-id:date:from:to:cc:subject:date :message-id:reply-to; bh=uUhROYJAHwXzFMbPiiLP0t1G3W0o3mSbgBUsHfBFaiA=; b=UArXU4BcKJwnyoq+dYKO2a3GM3McD6DgJitRxlFM6zE1aBFRBfpjQfwaz3bKfZ7v8g /LO+H1cjprJ0NBs25Q6wRNyarL8kfjluFuM9qkL0+zlHUfUxxBRd3Gok6JrAMbiesPyR +ObOOzp7MxcF55ZkAn6lqzbHul/Nv/kQgua48= X-Google-DKIM-Signature: v=1; a=rsa-sha256; c=relaxed/relaxed; d=1e100.net; s=20230601; t=1763238140; x=1763842940; h=cc:to:from:subject:message-id:date:x-gm-gg:x-gm-message-state:from :to:cc:subject:date:message-id:reply-to; bh=uUhROYJAHwXzFMbPiiLP0t1G3W0o3mSbgBUsHfBFaiA=; b=SQofG7UxmJKNuacRQ39dh8JuUHyKOMwrjW6+V+uUnngYnpn/U2t5eCexjV/8UZcVf1 QTlMsIOHIUt5pqOFir09xUQ6TkMYWf9kQJEQacUClDwPEs5tLmnCPFm3TrEo63uD01d/ TKxB9IRqQ37UwGvHwMw297I8l4eFcS8NY8+DnubQEucxOi+LMj+e//0g1wL76168x9Ia 5TVPr2V+pR/FO5oWuYz1JpOiPlq3JyNNn50dNBKxfiDHnTUmHYJzNBxOV21WGlgnW9ng Oy+4UUV32RjOXlJ64Lh+K2XjULQNNiPZnQo8PlldTH83HnSbzvKaYRnXKuVcie+6Qj4z Ki2w== X-Gm-Message-State: AOJu0YwJbhJB5Pv2ch3Za9Lx4pWKWWmeKYzqk6zFFw1wnj5EbiBD/afR +m8qjPalT3gHC7zcVlWymfpgbz4Ia7eYLmcQduWzQRqjuSFxHwPLHcHYDozs/Nv+DnhrRoyeBbT x51+fdQWJmkyCobZTx/+r4xnKFAIud5UhiWVpD6nf6Nsx/S9o2InV X-Gm-Gg: ASbGncuROxNzKWHdfaTnJxviHmzUAKrkQZsvM61+LPcdGoAFc6XDHTQ/UhztoVQ8gd6 S94ktRpOdmMHPO7gCGw3E/QGt+OszZmERzBbbcug7ocH1i8FKxIa0xdt2stc0wtQgS1vLvBSMt+ cpDYUt6VB8ch5P7kszRFL72cvcnZAwUK7zEpaAi8R27McQdEAz4sd+KCf8idCwRx5pFDmJp2eGh E4OXVFhnhoAKx7ySexCRryr7OHEubW0NuqH8ZadlfHyfMwSPGC6QoY5TNmhvtFpyoALs1ybVyH6 3kKYhxvpLPUllIvH043oIwZeC5q8CpKAcK/347G0gG52myIvPIQj7I5DXGMWiMFL4XjJFU+qyHn GJP/EgstK X-Google-Smtp-Source: AGHT+IGMaiJpmTgLaQuoq9e2RjdsFOOYIFHtVOcKH8QLk/aNNFFBrnucmdDPNR7QArHdaKFXc3l034bWCLBc X-Received: by 2002:a17:903:247:b0:295:6511:c0a0 with SMTP id d9443c01a7336-2986a74140fmr85813435ad.33.1763238140422; Sat, 15 Nov 2025 12:22:20 -0800 (PST) Received: from postal.iol.unh.edu (postal.iol.unh.edu. [2606:4100:3880:1234::84]) by smtp-relay.gmail.com with ESMTPS id d9443c01a7336-299d40b0385sm990955ad.49.2025.11.15.12.22.20 (version=TLS1_2 cipher=ECDHE-ECDSA-AES128-GCM-SHA256 bits=128/128); Sat, 15 Nov 2025 12:22:20 -0800 (PST) X-Relaying-Domain: iol.unh.edu Date: Sat, 15 Nov 2025 12:22:20 -0800 (PST) Message-ID: <6918e0fc.170a0220.330e3c.5299SMTPIN_ADDED_MISSING@mx.google.com> Received: from [172.21.0.5] (unknown [172.18.0.240]) by postal.iol.unh.edu (Postfix) with ESMTP id A79C26051830; Sat, 15 Nov 2025 15:22:19 -0500 (EST) Subject: |FAILURE| [GIT MASTER] 62f583c49bf67dd4d6733ece14e55fe6839e66d1 From: dpdklab@iol.unh.edu To: Test Report Cc: dpdk-test-reports@iol.unh.edu, Xueming Li , Christian Ehrhardt , Kevin Traynor , Luca Boccassi Content-Type: text/plain X-BeenThere: test-report@dpdk.org X-Mailman-Version: 2.1.29 Precedence: list List-Id: automatic DPDK test reports List-Unsubscribe: , List-Archive: List-Post: List-Help: List-Subscribe: , Errors-To: test-report-bounces@dpdk.org _Testing issues_ Branch: tags/v23.11 62f583c49bf67dd4d6733ece14e55fe6839e66d1 --> testing issues Upstream job id: Generic-DPDK-Compile-Meson#444803 Test environment and result as below: +------------------------------+--------------------+ | Environment | dpdk_meson_compile | +==============================+====================+ | Red Hat Enterprise Linux 9.5 | PASS | +------------------------------+--------------------+ | Ubuntu 20.04 | PASS | +------------------------------+--------------------+ | Debian GNU/Linux 12 | PASS | +------------------------------+--------------------+ | Fedora Linux 42 | PASS | +------------------------------+--------------------+ | Ubuntu 22.04 | PASS | +------------------------------+--------------------+ | Ubuntu 24.04 | PASS | +------------------------------+--------------------+ | CentOS Stream 9 | PASS | +------------------------------+--------------------+ | CentOS Stream 10 | PASS | +------------------------------+--------------------+ Red Hat Enterprise Linux 9.5 Kernel: 5.4 Compiler: gcc gcc (GCC) 11.5.0 20240719 (Red Hat 11.5.0-2) Ubuntu 20.04 Kernel: 5.15 Compiler: aarch64-linux-gnu-gcc gcc (Ubuntu 9.4.0-1ubuntu1~20.04.2) 9.4.0 Debian GNU/Linux 12 Kernel: 5.4 Compiler: gcc gcc (Debian 12.2.0-14+deb12u1) 12.2.0 Fedora Linux 42 Kernel: 5.4 Compiler: gcc gcc (GCC) 15.2.1 20250808 (Red Hat 15.2.1-1) Ubuntu 22.04 Kernel: 5.4 Compiler: gcc gcc (Ubuntu 11.4.0-1ubuntu1~22.04) 11.4.0 Ubuntu 24.04 Kernel: 5.4 Compiler: gcc gcc (Ubuntu 13.3.0-6ubuntu2~24.04) 13.3.0 CentOS Stream 9 Kernel: 5.4 Compiler: gcc gcc (GCC) 11.5.0 20240719 (Red Hat 11.5.0-11) CentOS Stream 10 Kernel: 5.4 Compiler: gcc gcc (GCC) 14.2.1 20250110 (Red Hat 14.2.1-8) To view detailed results, visit: https://lab.dpdk.org/results/dashboard/tarballs/35607/ UNH-IOL DPDK Community Lab To manage your email subscriptions, visit: https://lab.dpdk.org/results/dashboard/preferences/subscriptions/