From mboxrd@z Thu Jan 1 00:00:00 1970 Return-Path: Received: from mails.dpdk.org (mails.dpdk.org [217.70.189.124]) by inbox.dpdk.org (Postfix) with ESMTP id 8B77148B1D for ; Sat, 15 Nov 2025 21:45:56 +0100 (CET) Received: from mails.dpdk.org (localhost [127.0.0.1]) by mails.dpdk.org (Postfix) with ESMTP id 869104025E; Sat, 15 Nov 2025 21:45:56 +0100 (CET) Received: from mail-io1-f99.google.com (mail-io1-f99.google.com [209.85.166.99]) by mails.dpdk.org (Postfix) with ESMTP id 0AF6F4025E for ; Sat, 15 Nov 2025 21:45:55 +0100 (CET) Received: by mail-io1-f99.google.com with SMTP id ca18e2360f4ac-948d45692b1so113927039f.0 for ; Sat, 15 Nov 2025 12:45:54 -0800 (PST) DKIM-Signature: v=1; a=rsa-sha256; c=relaxed/relaxed; d=iol.unh.edu; s=unh-iol; t=1763239554; x=1763844354; darn=dpdk.org; h=references:in-reply-to:cc:to:from:subject:message-id:date:from:to :cc:subject:date:message-id:reply-to; bh=spA3EG9938bwwbEgVFRPLFiAH8usIvvHAyB4EJqEEfk=; b=TfQcsJWsZ5qy/3vDVFPOASM3+2z1eF0z7InHJ4HGo+5v+JWTV4ZjCtWhtIcgqcHxdK 1Qv0VWTwqSleKVhulNe2OQk6LPmts1kHFsG2qMbi0NzTnUuTA8FnW1pklHjA6Qa/H0D4 aryInEIxfjrZxXZb6ZHLlk+r36ZF6iTCVvOu4= X-Google-DKIM-Signature: v=1; a=rsa-sha256; c=relaxed/relaxed; d=1e100.net; s=20230601; t=1763239554; x=1763844354; h=references:in-reply-to:cc:to:from:subject:message-id:date:x-gm-gg :x-gm-message-state:from:to:cc:subject:date:message-id:reply-to; bh=spA3EG9938bwwbEgVFRPLFiAH8usIvvHAyB4EJqEEfk=; b=AbhA0WxaMg1JGc2c/s7aqOCUV0F64HanL4ua1FsDe57daxL2GXV5pE6D284RlbSxlx DR+Fe1vY5qYuieiEqQnkqwHGm1yT+tpLyh0dBbRMpvx+XN64iFyKy4vtwg2ERgtMylZF P7ECoYS6cwXlurLSe9kTEyKwTrzTEgQ9ZepMee9Ie2zaVqkA97QWV12YibCOFKRVVm8x b9Hepy/LBoAJrfqrn7l09TvezfxuUHYhiKot6uJ74xykh7wIWPYFGEHqK7D4dAedWXB9 RCjyzCq+6qDYqkyxj43TCCcuD2rQhAOm9LeI0/xln9t+Dx514z0bgAXI9NsZNQJDxzVo 4TMg== X-Gm-Message-State: AOJu0Yz2puXHYoL30cj9cztUgfZ0DBwICbGITsGnKivbMfDzTX0qaeq7 Py527To/R2SYOWqm0pG11UpdG1zRD1+P84SkjBE2MIHteC0oJzup6AYGBCavzeHBk9/LoXy45KW +M4LFVbJK9hMneqOPvdYMwaAZd1423zfXj4uLAxU0nnuKG2Mc/16YBJ5EpBNk X-Gm-Gg: ASbGncv93EyxONelJZr/DIIBh7p/7HE4K+M+PkNj/X7D8Mcf9zU9PAiSHNVv0yVmgCv 90xCTwvS4h/gSjUt3yKnjtmIvRRpWG6gTW1M65mGdXC75zMKWTLhrLgbGbV8yfyGQULN5/QSB9A F0MsN3w/2XnmIJmWbwyLMmB2oSxghqPyOiWrNuVphyXvt7sv00o4yN+1FndfIJCD739XoYTAY5X TxWmrEyhjbTCCuaTBsD7rnjydKM+EJTqGqHSqoLEXnF/IVdlg04XcAWCXHcDJyL1pJIqMdFf00m SuBbHczIfjoAscw4VwRwYA7iw9+7MxbFxwac1H5BGZsgvr46i3OJyej5b3wqJr5oos3+mKH3U+1 xSQlfg1L/ X-Google-Smtp-Source: AGHT+IEL/yvEuBIybNC5LU7//cLj36oBZIs5Ofu+9j1T8/NbzWw4Dxly8snVFjxJ5HK9qFJrw4ebcN+bmvun X-Received: by 2002:a02:c04e:0:b0:5b7:2ec7:e8c1 with SMTP id 8926c6da1cb9f-5b7c9c3de75mr3784725173.4.1763239554339; Sat, 15 Nov 2025 12:45:54 -0800 (PST) Received: from postal.iol.unh.edu (postal.iol.unh.edu. [2606:4100:3880:1234::84]) by smtp-relay.gmail.com with ESMTPS id 8926c6da1cb9f-5b7bd246c89sm484564173.6.2025.11.15.12.45.54 (version=TLS1_2 cipher=ECDHE-ECDSA-AES128-GCM-SHA256 bits=128/128); Sat, 15 Nov 2025 12:45:54 -0800 (PST) X-Relaying-Domain: iol.unh.edu Date: Sat, 15 Nov 2025 12:45:54 -0800 (PST) Message-ID: <6918e682.050a0220.3b1900.8ee7SMTPIN_ADDED_MISSING@mx.google.com> Received: from [172.21.0.3] (unknown [172.18.0.240]) by postal.iol.unh.edu (Postfix) with ESMTP id E29536051830; Sat, 15 Nov 2025 15:45:53 -0500 (EST) Subject: |FAILURE| pw158825-158828 [PATCH] [4/4] test: use unit test runner f From: dpdklab@iol.unh.edu To: Test Report Cc: dpdk-test-reports@iol.unh.edu, Stephen Hemminger In-Reply-To: <20251115193409.99740-5-stephen@networkplumber.org> References: <20251115193409.99740-5-stephen@networkplumber.org> Content-Type: text/plain X-BeenThere: test-report@dpdk.org X-Mailman-Version: 2.1.29 Precedence: list List-Id: automatic DPDK test reports List-Unsubscribe: , List-Archive: List-Post: List-Help: List-Subscribe: , Errors-To: test-report-bounces@dpdk.org Test-Label: iol-compile-arm64-testing Test-Status: FAILURE http://dpdk.org/patch/158828 _Testing issues_ Submitter: Stephen Hemminger Date: Saturday, November 15 2025 19:33:10 DPDK git baseline: Repo:dpdk Branch: master CommitID:be0112878b4fc3a1b918370ed2fe615c52039d77 158825-158828 --> testing issues Upstream job id: Generic-DPDK-Compile-Meson#444878 Test environment and result as below: +------------------------------+--------------------+ | Environment | dpdk_meson_compile | +==============================+====================+ | Ubuntu 20.04 | FAIL | +------------------------------+--------------------+ | Red Hat Enterprise Linux 9.5 | PEND | +------------------------------+--------------------+ | Debian GNU/Linux 12 | PEND | +------------------------------+--------------------+ | Fedora Linux 42 | FAIL | +------------------------------+--------------------+ | Ubuntu 22.04 | PEND | +------------------------------+--------------------+ | Ubuntu 24.04 | FAIL | +------------------------------+--------------------+ | CentOS Stream 9 | PEND | +------------------------------+--------------------+ | CentOS Stream 10 | PEND | +------------------------------+--------------------+ ==== 20 line log output for Ubuntu 24.04 (dpdk_meson_compile): ==== | ~~~~~~~~~~~~~~~~~~~~~~~~~~~~~ 56 | __va_arg_pack ()); | ~~~~~~~~~~~~~~~~~ In function 'rte_strlcpy', inlined from 'setup_acl_pipeline.isra' at ../app/test/test_table_acl.c:597:4: ../lib/eal/include/rte_string_fns.h:63:24: error: '%s' directive output may be truncated writing up to 639 bytes into a region of size 128 [-Werror=format-truncation=] 63 | return (size_t)snprintf(dst, size, "%s", src); | ^~~~~~~~~~~~~~~~~~~~~~~~~~~~~~ In function 'snprintf', inlined from 'rte_strlcpy' at ../lib/eal/include/rte_string_fns.h:63:17, inlined from 'setup_acl_pipeline.isra' at ../app/test/test_table_acl.c:597:4: /usr/include/aarch64-linux-gnu/bits/stdio2.h:54:10: note: '__builtin_snprintf' output between 1 and 640 bytes into a destination of size 128 54 | return __builtin___snprintf_chk (__s, __n, __USE_FORTIFY_LEVEL - 1, | ^~~~~~~~~~~~~~~~~~~~~~~~~~~~~~~~~~~~~~~~~~~~~~~~~~~~~~~~~~~~ 55 | __glibc_objsize (__s), __fmt, | ~~~~~~~~~~~~~~~~~~~~~~~~~~~~~ 56 | __va_arg_pack ()); | ~~~~~~~~~~~~~~~~~ cc1: all warnings being treated as errors ninja: build stopped: subcommand failed. ==== End log output ==== Ubuntu 20.04 Kernel: 5.15 Compiler: aarch64-linux-gnu-gcc gcc (Ubuntu 9.4.0-1ubuntu1~20.04.2) 9.4.0 Red Hat Enterprise Linux 9.5 Kernel: 5.4 Compiler: gcc gcc (GCC) 11.5.0 20240719 (Red Hat 11.5.0-2) Debian GNU/Linux 12 Kernel: 5.4 Compiler: gcc gcc (Debian 12.2.0-14+deb12u1) 12.2.0 Fedora Linux 42 Kernel: 5.4 Compiler: clang gcc (GCC) 15.2.1 20250808 (Red Hat 15.2.1-1) Ubuntu 22.04 Kernel: 5.4 Compiler: gcc gcc (Ubuntu 11.4.0-1ubuntu1~22.04) 11.4.0 Ubuntu 24.04 Kernel: 5.4 Compiler: gcc gcc (Ubuntu 13.3.0-6ubuntu2~24.04) 13.3.0 CentOS Stream 9 Kernel: 5.4 Compiler: gcc gcc (GCC) 11.5.0 20240719 (Red Hat 11.5.0-11) CentOS Stream 10 Kernel: 5.4 Compiler: gcc gcc (GCC) 14.2.1 20250110 (Red Hat 14.2.1-8) To view detailed results, visit: https://lab.dpdk.org/results/dashboard/patchsets/34605/ UNH-IOL DPDK Community Lab To manage your email subscriptions, visit: https://lab.dpdk.org/results/dashboard/preferences/subscriptions/