From mboxrd@z Thu Jan 1 00:00:00 1970 Return-Path: Received: from mails.dpdk.org (mails.dpdk.org [217.70.189.124]) by inbox.dpdk.org (Postfix) with ESMTP id A2C1D48B1D for ; Sat, 15 Nov 2025 21:46:15 +0100 (CET) Received: from mails.dpdk.org (localhost [127.0.0.1]) by mails.dpdk.org (Postfix) with ESMTP id 9B14E4025E; Sat, 15 Nov 2025 21:46:15 +0100 (CET) Received: from mail-pl1-f227.google.com (mail-pl1-f227.google.com [209.85.214.227]) by mails.dpdk.org (Postfix) with ESMTP id 0D8D84025E for ; Sat, 15 Nov 2025 21:46:14 +0100 (CET) Received: by mail-pl1-f227.google.com with SMTP id d9443c01a7336-29812589890so40046485ad.3 for ; Sat, 15 Nov 2025 12:46:13 -0800 (PST) DKIM-Signature: v=1; a=rsa-sha256; c=relaxed/relaxed; d=iol.unh.edu; s=unh-iol; t=1763239573; x=1763844373; darn=dpdk.org; h=references:in-reply-to:cc:to:from:subject:message-id:date:from:to :cc:subject:date:message-id:reply-to; bh=/kil1XdF1xtUNM+7KKUqs0sRM8sZG+GIEkjyHJmXKaM=; b=jcP7EOIywGyBZ2j2eD7gKJjWEL/W8ncTjnNXR+uxhUMXNtNvxyggprEEeHGZYq9nOt F5dJe3Z49g/01txfgPLTY7a7B8pL/u9q9QWJ2yo9XmUosgXG3eLFiuwLCxky03E/wlkr kZkk+shLM6rq4NyaZVrr1iY//amNI2mQF94Qw= X-Google-DKIM-Signature: v=1; a=rsa-sha256; c=relaxed/relaxed; d=1e100.net; s=20230601; t=1763239573; x=1763844373; h=references:in-reply-to:cc:to:from:subject:message-id:date:x-gm-gg :x-gm-message-state:from:to:cc:subject:date:message-id:reply-to; bh=/kil1XdF1xtUNM+7KKUqs0sRM8sZG+GIEkjyHJmXKaM=; b=HdbyC0W/H4/ey9YX85bEXmPDMB82W8Tyfva2q+1XDu1poZyWbb4xIJB3TXM2Wwdam0 BMAJtoZe4Ho/hys5+s7xf1bS/eZcA5r90YrVHZl7FS/00NMfyXB4KTTHV29C5AOqHkp9 jGtLWsgakzTlAMVUdUGs2wet6mFTJlLa7jSfN2EPEabjy+Vwt8GrfYXiw9Aslzjccw4+ oA7lxUJZMgXAJRNgP3GDOPxUqktnyCut/SucNaxkB0QzjiJY3SGE27ZVvij7XrpMV9mg O0Y6alRb6WZ3mmVjXZw8h6KHVvgxAGeKt5sLmWSi+tWwmvl/yAigmpR37/5xLIpXXY7s y6cA== X-Gm-Message-State: AOJu0YyTBcUhXydCiD190F+B0IMu+f9AQLRqAxeliG/9gSzUF8VWsBKn jINqaxsCcJhgF0VHADeYhJR2SwcBKaiGn0JEXPvjUkPIRLxzhT5Zg8scP48gwkHJ7RmX7e56c9C K422sPBnLHDDzqMTEz/LF6eXdRxbhL3sTDSM2hi3x5EBI X-Gm-Gg: ASbGnctuT98C6Zgc/DcBrnR8SOkCqYxffu5lK34kIgiJOXt9pSnS8bwiVgeN4ZDiY39 BY/0BT29OxsUtGExuDyyPnBnRu2WmNxHb38sQaLvXu6HtvKJZ0FUgYECcWH6bYX7eXtIYIBGueS 8uBHjvZF3QYGceJDcEgtSiiGmKAk5/Q+G6t3Cx4/p3W//B+airTm2NaSCvaRTDoAAJEdxl8bmJc QlUvYJfmla7LI/wGRrxj6FanNJThuMGjAa9pO6YDTTUaikQcVHrjL5l7ljNjTaccbk/l434SMNX c82bfpYE087dPzoG/WpZi9dXzl6yr1KK2X/328tUSy2d4ID5zLMgZTn/ThQtgQ+NVTtAoEbf3a/ WNQFhCZBxQy/ctAZfwvGQiGxSXGfe770= X-Google-Smtp-Source: AGHT+IEzSNcSO5/Z/bjU/upGbnbNR0AsrAeP2jDerGJL7mr9XwMV6UjNqFMAD5IOLHjS1e2oFc/V6RRTJ2fK X-Received: by 2002:a17:903:247:b0:295:290d:4afa with SMTP id d9443c01a7336-2986a6bf9b5mr83073445ad.23.1763239573300; Sat, 15 Nov 2025 12:46:13 -0800 (PST) Received: from postal.iol.unh.edu (postal.iol.unh.edu. [132.177.123.84]) by smtp-relay.gmail.com with ESMTPS id d9443c01a7336-2985c2c3c26sm9836625ad.58.2025.11.15.12.46.13 (version=TLS1_2 cipher=ECDHE-ECDSA-AES128-GCM-SHA256 bits=128/128); Sat, 15 Nov 2025 12:46:13 -0800 (PST) X-Relaying-Domain: iol.unh.edu Date: Sat, 15 Nov 2025 12:46:13 -0800 (PST) Message-ID: <6918e695.170a0220.393872.0786SMTPIN_ADDED_MISSING@mx.google.com> Received: from [172.21.0.4] (unknown [172.18.0.240]) by postal.iol.unh.edu (Postfix) with ESMTP id 2EA6B6051830; Sat, 15 Nov 2025 15:46:12 -0500 (EST) Subject: |FAILURE| pw158825-158828 [PATCH] [4/4] test: use unit test runner f From: dpdklab@iol.unh.edu To: Test Report Cc: dpdk-test-reports@iol.unh.edu, Stephen Hemminger In-Reply-To: <20251115193409.99740-5-stephen@networkplumber.org> References: <20251115193409.99740-5-stephen@networkplumber.org> Content-Type: text/plain X-BeenThere: test-report@dpdk.org X-Mailman-Version: 2.1.29 Precedence: list List-Id: automatic DPDK test reports List-Unsubscribe: , List-Archive: List-Post: List-Help: List-Subscribe: , Errors-To: test-report-bounces@dpdk.org Test-Label: iol-compile-arm64-testing Test-Status: FAILURE http://dpdk.org/patch/158828 _Testing issues_ Submitter: Stephen Hemminger Date: Saturday, November 15 2025 19:33:10 DPDK git baseline: Repo:dpdk Branch: master CommitID:be0112878b4fc3a1b918370ed2fe615c52039d77 158825-158828 --> testing issues Upstream job id: Generic-DPDK-Compile-Meson#444872 Test environment and result as below: +------------------------------+--------------------+ | Environment | dpdk_meson_compile | +==============================+====================+ | Ubuntu 20.04 | FAIL | +------------------------------+--------------------+ | Red Hat Enterprise Linux 9.5 | PEND | +------------------------------+--------------------+ | Debian GNU/Linux 12 | PEND | +------------------------------+--------------------+ | Fedora Linux 42 | FAIL | +------------------------------+--------------------+ | Ubuntu 22.04 | FAIL | +------------------------------+--------------------+ | Ubuntu 24.04 | FAIL | +------------------------------+--------------------+ | CentOS Stream 9 | FAIL | +------------------------------+--------------------+ | CentOS Stream 10 | PEND | +------------------------------+--------------------+ ==== 20 line log output for CentOS Stream 9 (dpdk_meson_compile): ==== from ../app/test/test_table_acl.c:7: ../app/test/test_table_acl.c: In function 'setup_acl_pipeline.isra': ../lib/eal/include/rte_string_fns.h:63:24: error: '%s' directive output may be truncated writing up to 639 bytes into a region of size 128 [-Werror=format-truncation=] 63 | return (size_t)snprintf(dst, size, "%s", src); | ^~~~~~~~~~~~~~~~~~~~~~~~~~~~~~ ../lib/eal/include/rte_string_fns.h:63:24: note: 'snprintf' output between 1 and 640 bytes into a destination of size 128 ../lib/eal/include/rte_string_fns.h:63:24: error: '%s' directive output may be truncated writing up to 639 bytes into a region of size 128 [-Werror=format-truncation=] 63 | return (size_t)snprintf(dst, size, "%s", src); | ^~~~~~~~~~~~~~~~~~~~~~~~~~~~~~ ../lib/eal/include/rte_string_fns.h:63:24: note: 'snprintf' output between 1 and 640 bytes into a destination of size 128 ../lib/eal/include/rte_string_fns.h:63:24: error: '%s' directive output may be truncated writing up to 639 bytes into a region of size 128 [-Werror=format-truncation=] 63 | return (size_t)snprintf(dst, size, "%s", src); | ^~~~~~~~~~~~~~~~~~~~~~~~~~~~~~ ../lib/eal/include/rte_string_fns.h:63:24: note: 'snprintf' output between 1 and 640 bytes into a destination of size 128 ../lib/eal/include/rte_string_fns.h:63:24: error: '%s' directive output may be truncated writing up to 639 bytes into a region of size 128 [-Werror=format-truncation=] 63 | return (size_t)snprintf(dst, size, "%s", src); | ^~~~~~~~~~~~~~~~~~~~~~~~~~~~~~ ../lib/eal/include/rte_string_fns.h:63:24: note: 'snprintf' output between 1 and 640 bytes into a destination of size 128 cc1: all warnings being treated as errors ninja: build stopped: subcommand failed. ==== End log output ==== Ubuntu 20.04 Kernel: 5.15 Compiler: aarch64-linux-gnu-gcc gcc (Ubuntu 9.4.0-1ubuntu1~20.04.2) 9.4.0 Red Hat Enterprise Linux 9.5 Kernel: 5.4 Compiler: gcc gcc (GCC) 11.5.0 20240719 (Red Hat 11.5.0-2) Debian GNU/Linux 12 Kernel: 5.4 Compiler: gcc gcc (Debian 12.2.0-14+deb12u1) 12.2.0 Fedora Linux 42 Kernel: 5.4 Compiler: clang gcc (GCC) 15.2.1 20250808 (Red Hat 15.2.1-1) Ubuntu 22.04 Kernel: 5.4 Compiler: gcc gcc (Ubuntu 11.4.0-1ubuntu1~22.04) 11.4.0 Ubuntu 24.04 Kernel: 5.4 Compiler: gcc gcc (Ubuntu 13.3.0-6ubuntu2~24.04) 13.3.0 CentOS Stream 9 Kernel: 5.4 Compiler: gcc gcc (GCC) 11.5.0 20240719 (Red Hat 11.5.0-11) CentOS Stream 10 Kernel: 5.4 Compiler: gcc gcc (GCC) 14.2.1 20250110 (Red Hat 14.2.1-8) To view detailed results, visit: https://lab.dpdk.org/results/dashboard/patchsets/34605/ UNH-IOL DPDK Community Lab To manage your email subscriptions, visit: https://lab.dpdk.org/results/dashboard/preferences/subscriptions/