From mboxrd@z Thu Jan 1 00:00:00 1970 Return-Path: Received: from mails.dpdk.org (mails.dpdk.org [217.70.189.124]) by inbox.dpdk.org (Postfix) with ESMTP id BA1AE48B1D for ; Sat, 15 Nov 2025 21:46:46 +0100 (CET) Received: from mails.dpdk.org (localhost [127.0.0.1]) by mails.dpdk.org (Postfix) with ESMTP id B47314025E; Sat, 15 Nov 2025 21:46:46 +0100 (CET) Received: from mail-pg1-f228.google.com (mail-pg1-f228.google.com [209.85.215.228]) by mails.dpdk.org (Postfix) with ESMTP id 89D444025E for ; Sat, 15 Nov 2025 21:46:45 +0100 (CET) Received: by mail-pg1-f228.google.com with SMTP id 41be03b00d2f7-b4755f37c3eso2137932a12.3 for ; Sat, 15 Nov 2025 12:46:45 -0800 (PST) DKIM-Signature: v=1; a=rsa-sha256; c=relaxed/relaxed; d=iol.unh.edu; s=unh-iol; t=1763239605; x=1763844405; darn=dpdk.org; h=references:in-reply-to:cc:to:from:subject:message-id:date:from:to :cc:subject:date:message-id:reply-to; bh=9T0nl6T/KOWSc5zePfFiazJKfQvtLp9AogngBPZLDnE=; b=NANe1u7Vzl5oTBay1ZLBHu7s0RIXpSglXix1Tfi4s3NXmi/FsuDhPmmd82w+nXPpRs RpQYd6ahiIaIF7C+MFSp84642PNPjNQWY5ah6edCAQk7YCefnmOjuF8iWzY4lt5KoH0F jqs6tFk6w3KpZnJ5NZ400otOnrh2qW//iRg0M= X-Google-DKIM-Signature: v=1; a=rsa-sha256; c=relaxed/relaxed; d=1e100.net; s=20230601; t=1763239605; x=1763844405; h=references:in-reply-to:cc:to:from:subject:message-id:date:x-gm-gg :x-gm-message-state:from:to:cc:subject:date:message-id:reply-to; bh=9T0nl6T/KOWSc5zePfFiazJKfQvtLp9AogngBPZLDnE=; b=TVap6qi7+mNA2jlX5ZSK18OPzwck3f+ARajCNYM3E5TTxYDwlRax38NhVzm3+ZoCxP iL2Qv8tJtlOU1dr+CV8SI4KZSZ2T5eKfUuzJunran+sgF0M9Q7Jla0VwBoZ3bOF4AeZG /EdReWwRR1BwVOIEuY0Ujnq2bvqbWOgwP1rO1TDGs/bsgO/gY4edkf7PehWqbspOwKZc 1QPXUVt7KbCM4jFLpVoEpdMOjc1gb8PCB9xJz9+3vbhNT+npOA26AOL9vT7PulRrrz0i AgObJGWY1A307QNoJCspAXc34pJgrdDQu2q5+6h9wzQV3MOMaMXniyhrmmNvCU81R+xR pjSQ== X-Gm-Message-State: AOJu0Yytw8RFBhuysQbIi9uUaKHkxigsy+5XIusnFTrgyRkfXErRKGfL A8sGnko0G4KXYbnkkhsvrmtfBoR/Wc3mWo8NWhidygF4u/tZhB5Y4+XSLMZ5S7RKb2DTXMVF1oj /Ju1ntHa1m8LrBgAaIT9HPRyjKSe2vAdgA9kV/HHp83tjdOygaGBZjJQxi7QV X-Gm-Gg: ASbGncvMMw6BygnvJCoW/4CeET9hBgJ2YE7UePbO38K/8ycC19sN+roVBfam19oHXuB lGmuWYabUxqgFvs6wnW3BWehS63wJsAtLr1bQ99qX4BFKSoCY52wSpQT6VpnDcMBJJ/+HJFLgRZ Z1G0dJ+8OUaW5NRf8rFPUeUMUiRKjCUwKj6RLx7yhIoQJGoHVwZDInu3KQC+drH+9MfTXGtKnlr rhlziFDiKx2KD84U/nzNiG0kTAyCb2Mo4gvSQ+oHGtvCDn7n6jz8iJ2E4ij5O/P69ld84fMqvtB r6yC0M4yfueICvS6Oh6yQkJfZKRXEubgmjZcSUFbOvmFM5Co4sLYxYbWNUAAmsf0T1AZ3fnyOn2 wxbvbFzqu X-Google-Smtp-Source: AGHT+IEfto/KLl71a3W89rG9cLKZ2c1h+5whLnmxJLseUvMcpnJo3B97guK+UUjV0tPVVS2y60zNpV+0nWdI X-Received: by 2002:a05:7301:2e85:b0:2a4:3593:c7d2 with SMTP id 5a478bee46e88-2a4abb32d65mr3332264eec.18.1763239604644; Sat, 15 Nov 2025 12:46:44 -0800 (PST) Received: from postal.iol.unh.edu (postal.iol.unh.edu. [2606:4100:3880:1234::84]) by smtp-relay.gmail.com with ESMTPS id 5a478bee46e88-2a49da02784sm759983eec.1.2025.11.15.12.46.44 (version=TLS1_2 cipher=ECDHE-ECDSA-AES128-GCM-SHA256 bits=128/128); Sat, 15 Nov 2025 12:46:44 -0800 (PST) X-Relaying-Domain: iol.unh.edu Date: Sat, 15 Nov 2025 12:46:44 -0800 (PST) Message-ID: <6918e6b4.050a0220.3d5c8.5c1fSMTPIN_ADDED_MISSING@mx.google.com> Received: from [172.21.0.4] (unknown [172.18.0.240]) by postal.iol.unh.edu (Postfix) with ESMTP id B09F16051830; Sat, 15 Nov 2025 15:46:43 -0500 (EST) Subject: |FAILURE| pw158825-158828 [PATCH] [4/4] test: use unit test runner f From: dpdklab@iol.unh.edu To: Test Report Cc: dpdk-test-reports@iol.unh.edu, Stephen Hemminger In-Reply-To: <20251115193409.99740-5-stephen@networkplumber.org> References: <20251115193409.99740-5-stephen@networkplumber.org> Content-Type: text/plain X-BeenThere: test-report@dpdk.org X-Mailman-Version: 2.1.29 Precedence: list List-Id: automatic DPDK test reports List-Unsubscribe: , List-Archive: List-Post: List-Help: List-Subscribe: , Errors-To: test-report-bounces@dpdk.org Test-Label: iol-compile-arm64-testing Test-Status: FAILURE http://dpdk.org/patch/158828 _Testing issues_ Submitter: Stephen Hemminger Date: Saturday, November 15 2025 19:33:10 DPDK git baseline: Repo:dpdk Branch: master CommitID:be0112878b4fc3a1b918370ed2fe615c52039d77 158825-158828 --> testing issues Upstream job id: Generic-DPDK-Compile-Meson#444879 Test environment and result as below: +------------------------------+--------------------+ | Environment | dpdk_meson_compile | +==============================+====================+ | Ubuntu 20.04 | FAIL | +------------------------------+--------------------+ | Red Hat Enterprise Linux 9.5 | FAIL | +------------------------------+--------------------+ | Debian GNU/Linux 12 | PEND | +------------------------------+--------------------+ | Fedora Linux 42 | FAIL | +------------------------------+--------------------+ | Ubuntu 22.04 | FAIL | +------------------------------+--------------------+ | Ubuntu 24.04 | FAIL | +------------------------------+--------------------+ | CentOS Stream 9 | FAIL | +------------------------------+--------------------+ | CentOS Stream 10 | FAIL | +------------------------------+--------------------+ ==== 20 line log output for CentOS Stream 10 (dpdk_meson_compile): ==== In function 'rte_strlcpy', inlined from 'setup_acl_pipeline.isra' at ../app/test/test_table_acl.c:510:4: ../lib/eal/include/rte_string_fns.h:63:24: error: '%s' directive output may be truncated writing up to 639 bytes into a region of size 128 [-Werror=format-truncation=] 63 | return (size_t)snprintf(dst, size, "%s", src); | ^~~~~~~~~~~~~~~~~~~~~~~~~~~~~~ ../lib/eal/include/rte_string_fns.h:63:24: note: 'snprintf' output between 1 and 640 bytes into a destination of size 128 In function 'rte_strlcpy', inlined from 'setup_acl_pipeline.isra' at ../app/test/test_table_acl.c:545:4: ../lib/eal/include/rte_string_fns.h:63:24: error: '%s' directive output may be truncated writing up to 639 bytes into a region of size 128 [-Werror=format-truncation=] 63 | return (size_t)snprintf(dst, size, "%s", src); | ^~~~~~~~~~~~~~~~~~~~~~~~~~~~~~ ../lib/eal/include/rte_string_fns.h:63:24: note: 'snprintf' output between 1 and 640 bytes into a destination of size 128 In function 'rte_strlcpy', inlined from 'setup_acl_pipeline.isra' at ../app/test/test_table_acl.c:597:4: ../lib/eal/include/rte_string_fns.h:63:24: error: '%s' directive output may be truncated writing up to 639 bytes into a region of size 128 [-Werror=format-truncation=] 63 | return (size_t)snprintf(dst, size, "%s", src); | ^~~~~~~~~~~~~~~~~~~~~~~~~~~~~~ ../lib/eal/include/rte_string_fns.h:63:24: note: 'snprintf' output between 1 and 640 bytes into a destination of size 128 cc1: all warnings being treated as errors ninja: build stopped: subcommand failed. ==== End log output ==== Ubuntu 20.04 Kernel: 5.15 Compiler: aarch64-linux-gnu-gcc gcc (Ubuntu 9.4.0-1ubuntu1~20.04.2) 9.4.0 Red Hat Enterprise Linux 9.5 Kernel: 5.4 Compiler: gcc gcc (GCC) 11.5.0 20240719 (Red Hat 11.5.0-2) Debian GNU/Linux 12 Kernel: 5.4 Compiler: gcc gcc (Debian 12.2.0-14+deb12u1) 12.2.0 Fedora Linux 42 Kernel: 5.4 Compiler: clang gcc (GCC) 15.2.1 20250808 (Red Hat 15.2.1-1) Ubuntu 22.04 Kernel: 5.4 Compiler: gcc gcc (Ubuntu 11.4.0-1ubuntu1~22.04) 11.4.0 Ubuntu 24.04 Kernel: 5.4 Compiler: gcc gcc (Ubuntu 13.3.0-6ubuntu2~24.04) 13.3.0 CentOS Stream 9 Kernel: 5.4 Compiler: gcc gcc (GCC) 11.5.0 20240719 (Red Hat 11.5.0-11) CentOS Stream 10 Kernel: 5.4 Compiler: gcc gcc (GCC) 14.2.1 20250110 (Red Hat 14.2.1-8) To view detailed results, visit: https://lab.dpdk.org/results/dashboard/patchsets/34605/ UNH-IOL DPDK Community Lab To manage your email subscriptions, visit: https://lab.dpdk.org/results/dashboard/preferences/subscriptions/