From mboxrd@z Thu Jan 1 00:00:00 1970 Return-Path: Received: from mails.dpdk.org (mails.dpdk.org [217.70.189.124]) by inbox.dpdk.org (Postfix) with ESMTP id C774148B1D for ; Sat, 15 Nov 2025 21:47:07 +0100 (CET) Received: from mails.dpdk.org (localhost [127.0.0.1]) by mails.dpdk.org (Postfix) with ESMTP id C3FBB4025E; Sat, 15 Nov 2025 21:47:07 +0100 (CET) Received: from mail-vs1-f97.google.com (mail-vs1-f97.google.com [209.85.217.97]) by mails.dpdk.org (Postfix) with ESMTP id E7AEA4025E for ; Sat, 15 Nov 2025 21:47:05 +0100 (CET) Received: by mail-vs1-f97.google.com with SMTP id ada2fe7eead31-5dfa9e34adbso2386746137.0 for ; Sat, 15 Nov 2025 12:47:05 -0800 (PST) DKIM-Signature: v=1; a=rsa-sha256; c=relaxed/relaxed; d=iol.unh.edu; s=unh-iol; t=1763239625; x=1763844425; darn=dpdk.org; h=references:in-reply-to:cc:to:from:subject:message-id:date:from:to :cc:subject:date:message-id:reply-to; bh=O2vROPBoE3i2sxm6xxLNtW339mxKknG4kmVrLo2nnXQ=; b=Sm+LO/POo1FK4UdA1FV5RFWDSQw+Kts2TXhKM+g6iBkeve4qp/QAAAkPwcjBsjl4gx XomeveTvAIvraOrPvNtFZom6ZG13U4aTjnIAUsFfIhyY8ci45ktvnLVFesPu0+/c/2B6 +K65cnYJ79aLwjE4DEF7pJjiuYtajCrl3Ifsg= X-Google-DKIM-Signature: v=1; a=rsa-sha256; c=relaxed/relaxed; d=1e100.net; s=20230601; t=1763239625; x=1763844425; h=references:in-reply-to:cc:to:from:subject:message-id:date:x-gm-gg :x-gm-message-state:from:to:cc:subject:date:message-id:reply-to; bh=O2vROPBoE3i2sxm6xxLNtW339mxKknG4kmVrLo2nnXQ=; b=HPzlPgjntRxhZNGU+z5oJsorv+qMHXXXx9UrcehsI8ngilmS4PtKhuIq14EVzEXRj5 3Cl5ecaFxNjJQxrjrHPe1vwaQ+xR53aa7eKN5Y9vHsdwJuQB8HkaCxRrHWkFjn17nk7z RO5AXEjVUa4RFduPn4KgT2L8cJq4m2yzhhrNKDqLd6rD5yQoNusPGLoe+HdpqibgZbRs GKEqjt7FCzHY+oQGhk/LAo1rd8A/iLbobkw2FizO29tauvoGMP4w9KhfsGCGliNnNSBq 6XXswSm88r0OU2lO6IYBgEVoO0KNM1ZN8Dz4c6+Dv+gLf6bHk3AqPZIqwhhh9LWsrX+8 VA8w== X-Gm-Message-State: AOJu0YymRY7wH55wFVAdwXUrsKAqKJXZvB1VG29hDxrHAsqYDaGjNOQM 6fXPzS3OaPGvd8Y4Df26uOjhLqBp/tjfsGptKwA5yDKvij280PYaA5Ss/Dg0DkK/fhj9HE+o/Q1 wtWr5ZEFntwwR3IUrCJAVE+u/uQKWLRacPNRHUIEjshHW X-Gm-Gg: ASbGncv248ehrkl+WZd/lpLnLQmN7RcZuelugvIvdtVLpfPeN8PFrZU3eVuW3eq/0UI BZeMt0TJMmkR7GA3bU7fnVmTJuepacef9sWVEoHa/+Rv+g4cRzMPJSMN41cVRAhGEtvgda/aisD H3q2fc3qGCwuLdbKO5R5McOfHfL3eF9LRkLz6TzhlEIz5C6zYNHQb8+ld+POuMugkPLOFJDX0iR eerfcNI47sfFcG+jP+1JMZViljpRQN5Y/vubsYq0tGELmhO1HEP/8zJZhRQ3hyy365bWZNejFWr VIQWN+HZ43g7wOppHDa3caE5WWE2bCV/+CuLz0Nke0Zj6OdU98PKpQcnpGX1mUYE1rGttSlkWY/ 3o+41p1U6luoJTRV4KS3Hw2XUaRlZuxw= X-Google-Smtp-Source: AGHT+IHJ3BE7fTwxjrnrfDfm7vgdAL2LWYqpfj6z6NPseT5uRnhpYatv1O8D+GY8T1KsNdS2leikMptOE6Wb X-Received: by 2002:a05:6102:424b:b0:5dd:896e:7b48 with SMTP id ada2fe7eead31-5dfc55892b6mr2542907137.14.1763239625257; Sat, 15 Nov 2025 12:47:05 -0800 (PST) Received: from postal.iol.unh.edu (postal.iol.unh.edu. [132.177.123.84]) by smtp-relay.gmail.com with ESMTPS id ada2fe7eead31-5dfb6c7a0d0sm920603137.0.2025.11.15.12.47.05 (version=TLS1_2 cipher=ECDHE-ECDSA-AES128-GCM-SHA256 bits=128/128); Sat, 15 Nov 2025 12:47:05 -0800 (PST) X-Relaying-Domain: iol.unh.edu Date: Sat, 15 Nov 2025 12:47:05 -0800 (PST) Message-ID: <6918e6c9.050a0220.19b74f.ee2fSMTPIN_ADDED_MISSING@mx.google.com> Received: from [172.21.0.3] (unknown [172.18.0.240]) by postal.iol.unh.edu (Postfix) with ESMTP id D9AC66051830; Sat, 15 Nov 2025 15:47:04 -0500 (EST) Subject: |FAILURE| pw158825-158828 [PATCH] [4/4] test: use unit test runner f From: dpdklab@iol.unh.edu To: Test Report Cc: dpdk-test-reports@iol.unh.edu, Stephen Hemminger In-Reply-To: <20251115193409.99740-5-stephen@networkplumber.org> References: <20251115193409.99740-5-stephen@networkplumber.org> Content-Type: text/plain X-BeenThere: test-report@dpdk.org X-Mailman-Version: 2.1.29 Precedence: list List-Id: automatic DPDK test reports List-Unsubscribe: , List-Archive: List-Post: List-Help: List-Subscribe: , Errors-To: test-report-bounces@dpdk.org Test-Label: iol-compile-arm64-testing Test-Status: FAILURE http://dpdk.org/patch/158828 _Testing issues_ Submitter: Stephen Hemminger Date: Saturday, November 15 2025 19:33:10 DPDK git baseline: Repo:dpdk Branch: master CommitID:be0112878b4fc3a1b918370ed2fe615c52039d77 158825-158828 --> testing issues Upstream job id: Generic-DPDK-Compile-Meson#444868 Test environment and result as below: +------------------------------+--------------------+ | Environment | dpdk_meson_compile | +==============================+====================+ | Ubuntu 20.04 | FAIL | +------------------------------+--------------------+ | Red Hat Enterprise Linux 9.5 | FAIL | +------------------------------+--------------------+ | Debian GNU/Linux 12 | PEND | +------------------------------+--------------------+ | Fedora Linux 42 | FAIL | +------------------------------+--------------------+ | Ubuntu 22.04 | FAIL | +------------------------------+--------------------+ | Ubuntu 24.04 | FAIL | +------------------------------+--------------------+ | CentOS Stream 9 | FAIL | +------------------------------+--------------------+ | CentOS Stream 10 | FAIL | +------------------------------+--------------------+ ==== 20 line log output for CentOS Stream 10 (dpdk_meson_compile): ==== In function 'rte_strlcpy', inlined from 'setup_acl_pipeline.isra' at ../app/test/test_table_acl.c:510:4: ../lib/eal/include/rte_string_fns.h:63:24: error: '%s' directive output may be truncated writing up to 639 bytes into a region of size 128 [-Werror=format-truncation=] 63 | return (size_t)snprintf(dst, size, "%s", src); | ^~~~~~~~~~~~~~~~~~~~~~~~~~~~~~ ../lib/eal/include/rte_string_fns.h:63:24: note: 'snprintf' output between 1 and 640 bytes into a destination of size 128 In function 'rte_strlcpy', inlined from 'setup_acl_pipeline.isra' at ../app/test/test_table_acl.c:545:4: ../lib/eal/include/rte_string_fns.h:63:24: error: '%s' directive output may be truncated writing up to 639 bytes into a region of size 128 [-Werror=format-truncation=] 63 | return (size_t)snprintf(dst, size, "%s", src); | ^~~~~~~~~~~~~~~~~~~~~~~~~~~~~~ ../lib/eal/include/rte_string_fns.h:63:24: note: 'snprintf' output between 1 and 640 bytes into a destination of size 128 In function 'rte_strlcpy', inlined from 'setup_acl_pipeline.isra' at ../app/test/test_table_acl.c:597:4: ../lib/eal/include/rte_string_fns.h:63:24: error: '%s' directive output may be truncated writing up to 639 bytes into a region of size 128 [-Werror=format-truncation=] 63 | return (size_t)snprintf(dst, size, "%s", src); | ^~~~~~~~~~~~~~~~~~~~~~~~~~~~~~ ../lib/eal/include/rte_string_fns.h:63:24: note: 'snprintf' output between 1 and 640 bytes into a destination of size 128 cc1: all warnings being treated as errors ninja: build stopped: subcommand failed. ==== End log output ==== Ubuntu 20.04 Kernel: 5.15 Compiler: aarch64-linux-gnu-gcc gcc (Ubuntu 9.4.0-1ubuntu1~20.04.2) 9.4.0 Red Hat Enterprise Linux 9.5 Kernel: 5.4 Compiler: gcc gcc (GCC) 11.5.0 20240719 (Red Hat 11.5.0-2) Debian GNU/Linux 12 Kernel: 5.4 Compiler: gcc gcc (Debian 12.2.0-14+deb12u1) 12.2.0 Fedora Linux 42 Kernel: 5.4 Compiler: clang gcc (GCC) 15.2.1 20250808 (Red Hat 15.2.1-1) Ubuntu 22.04 Kernel: 5.4 Compiler: gcc gcc (Ubuntu 11.4.0-1ubuntu1~22.04) 11.4.0 Ubuntu 24.04 Kernel: 5.4 Compiler: gcc gcc (Ubuntu 13.3.0-6ubuntu2~24.04) 13.3.0 CentOS Stream 9 Kernel: 5.4 Compiler: gcc gcc (GCC) 11.5.0 20240719 (Red Hat 11.5.0-11) CentOS Stream 10 Kernel: 5.4 Compiler: gcc gcc (GCC) 14.2.1 20250110 (Red Hat 14.2.1-8) To view detailed results, visit: https://lab.dpdk.org/results/dashboard/patchsets/34605/ UNH-IOL DPDK Community Lab To manage your email subscriptions, visit: https://lab.dpdk.org/results/dashboard/preferences/subscriptions/