From mboxrd@z Thu Jan 1 00:00:00 1970 Return-Path: Received: from mails.dpdk.org (mails.dpdk.org [217.70.189.124]) by inbox.dpdk.org (Postfix) with ESMTP id D59CF48B1D for ; Sat, 15 Nov 2025 21:47:23 +0100 (CET) Received: from mails.dpdk.org (localhost [127.0.0.1]) by mails.dpdk.org (Postfix) with ESMTP id D0C9A4025E; Sat, 15 Nov 2025 21:47:23 +0100 (CET) Received: from mail-il1-f226.google.com (mail-il1-f226.google.com [209.85.166.226]) by mails.dpdk.org (Postfix) with ESMTP id 4BB3D4025E for ; Sat, 15 Nov 2025 21:47:22 +0100 (CET) Received: by mail-il1-f226.google.com with SMTP id e9e14a558f8ab-43321629a25so25028675ab.3 for ; Sat, 15 Nov 2025 12:47:22 -0800 (PST) DKIM-Signature: v=1; a=rsa-sha256; c=relaxed/relaxed; d=iol.unh.edu; s=unh-iol; t=1763239641; x=1763844441; darn=dpdk.org; h=references:in-reply-to:cc:to:from:subject:message-id:date:from:to :cc:subject:date:message-id:reply-to; bh=RtKt0b1nrv5Gwre3g6jj3kdO+cl+9POzl0smUQD9/t0=; b=eYlcZtROK++RNVTiXldpe8vVi0geJW+sKdY7Nr76kSskX5McGTtHAg8MD9MzHsTv+W A0b8GDfCcneiS/Y5x9bM6IFTvTTo6IMyxQjBD9PHE3O1AFuzjnpd/0wzO6+6l//3ATZ5 mVghYC8xG+Ietv4bNg8C2yGKBSH0pCJ/spdsY= X-Google-DKIM-Signature: v=1; a=rsa-sha256; c=relaxed/relaxed; d=1e100.net; s=20230601; t=1763239641; x=1763844441; h=references:in-reply-to:cc:to:from:subject:message-id:date:x-gm-gg :x-gm-message-state:from:to:cc:subject:date:message-id:reply-to; bh=RtKt0b1nrv5Gwre3g6jj3kdO+cl+9POzl0smUQD9/t0=; b=r78MmP6P4LYaefkNwbpOVaqixMxYKh6gUSD89eMKR+nNMkkL5HGIh6MbUp5GLFAEij wVelvCS1W8jEJSK+K4M1XPSn76QTermnibafEwSpJQ1Xv9chr7WJg1HSWDbgdYEntNkk 1Q9m5Xy0mqNT1v4n3k+xrytNqqx8MShrC1PrISDAGJoUDeKFUTjQKhvNYtqPDd1s5h7x keHNdbYd1uvNm4GjSvh/hFwUqmDncXqVp8nPGAAqVhpDcejoOz58f9Fprn0hMzdMBQZb nOcnhN2lAoRnLcuxxg9GW8vgb3/8UB4oEcNAaV8v4mysHjgEAECtSm1iqq58v3xvFnIL IBJw== X-Gm-Message-State: AOJu0YxUq9xC1jLAE+Fm4v/HABOoCoDfE98DoV20cF/Lh0wSYxUg6nIn esBBLgoGm6VrrjhH6xy45GgHAONUfUaE2nGxrvTobhgiEdsp61xegHP2XPqxWzJlROxZ4W9yI4U sPh1j/XN14IuooOu61K4rb/PaJW6oLVpiOFys+bPNY8GzFJHzaZARpy41L87A X-Gm-Gg: ASbGnctAZwFauD+OCug2a6zCB9GXV1BgqhR2x6a0RbVvg8BJJkhAuPseRDu7Q0KT/iW DxcrD1OeldXhHm45nNEOoUqxUk3+HPvorHFfVTp8ToYZMrAU1tMLhvwsbZLLIc0csvjIdcPTsj4 PUCiSOy/h8To5SihfQyWjzJl1TtXwoBBsfI52Ic9OJP+Ifjm0oj1Ab9PfhX+01bmsSXzXJvtgnC F3DxdX8MxlK0k7LNQtj6lODRSheDtaXAWsxJrylxuVc5y5a9cLaQRh4W4O/Bt0YrHvJH9dYed3G 09UAJwYP4Yti3k2hARfc6CF6ANzryS+PEWnkRtw+z3inVXGJtSlVLdWVjdu/yZPgMtGf5TGy+zz bb9RCkb+O X-Google-Smtp-Source: AGHT+IGyQjjTbQvbk+vKFqWD/ZVtn5o/B2+GdpavynOo7WMUqYueyDmLe1vaz+fsIrAv05UaofTvjANzat9l X-Received: by 2002:a05:6e02:b4d:b0:433:3406:1335 with SMTP id e9e14a558f8ab-4348c851d1cmr112047105ab.3.1763239641537; Sat, 15 Nov 2025 12:47:21 -0800 (PST) Received: from postal.iol.unh.edu (postal.iol.unh.edu. [2606:4100:3880:1234::84]) by smtp-relay.gmail.com with ESMTPS id e9e14a558f8ab-434839b238asm8050915ab.24.2025.11.15.12.47.21 (version=TLS1_2 cipher=ECDHE-ECDSA-AES128-GCM-SHA256 bits=128/128); Sat, 15 Nov 2025 12:47:21 -0800 (PST) X-Relaying-Domain: iol.unh.edu Date: Sat, 15 Nov 2025 12:47:21 -0800 (PST) Message-ID: <6918e6d9.050a0220.ea2aa.7d62SMTPIN_ADDED_MISSING@mx.google.com> Received: from [172.21.0.6] (unknown [172.18.0.240]) by postal.iol.unh.edu (Postfix) with ESMTP id 1453D6051830; Sat, 15 Nov 2025 15:47:21 -0500 (EST) Subject: |FAILURE| pw158825-158828 [PATCH] [4/4] test: use unit test runner f From: dpdklab@iol.unh.edu To: Test Report Cc: dpdk-test-reports@iol.unh.edu, Stephen Hemminger In-Reply-To: <20251115193409.99740-5-stephen@networkplumber.org> References: <20251115193409.99740-5-stephen@networkplumber.org> Content-Type: text/plain X-BeenThere: test-report@dpdk.org X-Mailman-Version: 2.1.29 Precedence: list List-Id: automatic DPDK test reports List-Unsubscribe: , List-Archive: List-Post: List-Help: List-Subscribe: , Errors-To: test-report-bounces@dpdk.org Test-Label: iol-compile-arm64-testing Test-Status: FAILURE http://dpdk.org/patch/158828 _Testing issues_ Submitter: Stephen Hemminger Date: Saturday, November 15 2025 19:33:10 DPDK git baseline: Repo:dpdk Branch: master CommitID:be0112878b4fc3a1b918370ed2fe615c52039d77 158825-158828 --> testing issues Upstream job id: Generic-DPDK-Compile-Meson#444880 Test environment and result as below: +------------------------------+--------------------+ | Environment | dpdk_meson_compile | +==============================+====================+ | Ubuntu 20.04 | FAIL | +------------------------------+--------------------+ | Red Hat Enterprise Linux 9.5 | FAIL | +------------------------------+--------------------+ | Debian GNU/Linux 12 | FAIL | +------------------------------+--------------------+ | Fedora Linux 42 | FAIL | +------------------------------+--------------------+ | Ubuntu 22.04 | FAIL | +------------------------------+--------------------+ | Ubuntu 24.04 | FAIL | +------------------------------+--------------------+ | CentOS Stream 9 | FAIL | +------------------------------+--------------------+ | CentOS Stream 10 | FAIL | +------------------------------+--------------------+ ==== 20 line log output for CentOS Stream 10 (dpdk_meson_compile): ==== In function 'rte_strlcpy', inlined from 'setup_acl_pipeline.isra' at ../app/test/test_table_acl.c:510:4: ../lib/eal/include/rte_string_fns.h:63:24: error: '%s' directive output may be truncated writing up to 639 bytes into a region of size 128 [-Werror=format-truncation=] 63 | return (size_t)snprintf(dst, size, "%s", src); | ^~~~~~~~~~~~~~~~~~~~~~~~~~~~~~ ../lib/eal/include/rte_string_fns.h:63:24: note: 'snprintf' output between 1 and 640 bytes into a destination of size 128 In function 'rte_strlcpy', inlined from 'setup_acl_pipeline.isra' at ../app/test/test_table_acl.c:545:4: ../lib/eal/include/rte_string_fns.h:63:24: error: '%s' directive output may be truncated writing up to 639 bytes into a region of size 128 [-Werror=format-truncation=] 63 | return (size_t)snprintf(dst, size, "%s", src); | ^~~~~~~~~~~~~~~~~~~~~~~~~~~~~~ ../lib/eal/include/rte_string_fns.h:63:24: note: 'snprintf' output between 1 and 640 bytes into a destination of size 128 In function 'rte_strlcpy', inlined from 'setup_acl_pipeline.isra' at ../app/test/test_table_acl.c:597:4: ../lib/eal/include/rte_string_fns.h:63:24: error: '%s' directive output may be truncated writing up to 639 bytes into a region of size 128 [-Werror=format-truncation=] 63 | return (size_t)snprintf(dst, size, "%s", src); | ^~~~~~~~~~~~~~~~~~~~~~~~~~~~~~ ../lib/eal/include/rte_string_fns.h:63:24: note: 'snprintf' output between 1 and 640 bytes into a destination of size 128 cc1: all warnings being treated as errors ninja: build stopped: subcommand failed. ==== End log output ==== Ubuntu 20.04 Kernel: 5.15 Compiler: aarch64-linux-gnu-gcc gcc (Ubuntu 9.4.0-1ubuntu1~20.04.2) 9.4.0 Red Hat Enterprise Linux 9.5 Kernel: 5.4 Compiler: gcc gcc (GCC) 11.5.0 20240719 (Red Hat 11.5.0-2) Debian GNU/Linux 12 Kernel: 5.4 Compiler: gcc gcc (Debian 12.2.0-14+deb12u1) 12.2.0 Fedora Linux 42 Kernel: 5.4 Compiler: clang gcc (GCC) 15.2.1 20250808 (Red Hat 15.2.1-1) Ubuntu 22.04 Kernel: 5.4 Compiler: gcc gcc (Ubuntu 11.4.0-1ubuntu1~22.04) 11.4.0 Ubuntu 24.04 Kernel: 5.4 Compiler: gcc gcc (Ubuntu 13.3.0-6ubuntu2~24.04) 13.3.0 CentOS Stream 9 Kernel: 5.4 Compiler: gcc gcc (GCC) 11.5.0 20240719 (Red Hat 11.5.0-11) CentOS Stream 10 Kernel: 5.4 Compiler: gcc gcc (GCC) 14.2.1 20250110 (Red Hat 14.2.1-8) To view detailed results, visit: https://lab.dpdk.org/results/dashboard/patchsets/34605/ UNH-IOL DPDK Community Lab To manage your email subscriptions, visit: https://lab.dpdk.org/results/dashboard/preferences/subscriptions/