From mboxrd@z Thu Jan 1 00:00:00 1970 Return-Path: Received: from mails.dpdk.org (mails.dpdk.org [217.70.189.124]) by inbox.dpdk.org (Postfix) with ESMTP id E9F0048B1D for ; Sat, 15 Nov 2025 21:47:43 +0100 (CET) Received: from mails.dpdk.org (localhost [127.0.0.1]) by mails.dpdk.org (Postfix) with ESMTP id E25784025E; Sat, 15 Nov 2025 21:47:43 +0100 (CET) Received: from mail-pl1-f227.google.com (mail-pl1-f227.google.com [209.85.214.227]) by mails.dpdk.org (Postfix) with ESMTP id 922054025E for ; Sat, 15 Nov 2025 21:47:42 +0100 (CET) Received: by mail-pl1-f227.google.com with SMTP id d9443c01a7336-297d4ac44fbso30869145ad.0 for ; Sat, 15 Nov 2025 12:47:42 -0800 (PST) DKIM-Signature: v=1; a=rsa-sha256; c=relaxed/relaxed; d=iol.unh.edu; s=unh-iol; t=1763239662; x=1763844462; darn=dpdk.org; h=references:in-reply-to:cc:to:from:subject:message-id:date:from:to :cc:subject:date:message-id:reply-to; bh=GT9BJHzBpSpYM/OqFqinxr4B0YslIR9YWwVSrsrkNDk=; b=BtldDIj5qij54r4JIEm5HDph/5lDGXOIDcxH9RPNv1nYGNkTZ7NchdEtg1yiUhuqTs qc/4HhlxWP6r2MT6D1fLmkanZhgBVQOYVIVCTS/rbfaSoZc36pPEDAMscEtgCuP3LSSk uWNHh9UAOBJcyPm7A3QxOK9/2vF2QfJupP4Gg= X-Google-DKIM-Signature: v=1; a=rsa-sha256; c=relaxed/relaxed; d=1e100.net; s=20230601; t=1763239662; x=1763844462; h=references:in-reply-to:cc:to:from:subject:message-id:date:x-gm-gg :x-gm-message-state:from:to:cc:subject:date:message-id:reply-to; bh=GT9BJHzBpSpYM/OqFqinxr4B0YslIR9YWwVSrsrkNDk=; b=jvRmhxu4xX50AJyF9IBUXaad41G0pAwEfr8bCuAlD/pmLz/Ss9jE4mRLPeFW/i9Z+V +xiI9ALtp3wUPy8vS7Y5koE3KnWEKR5gkRnruy7t/GZIwbdGMar4/LsVSr8hb3956xSx zcbVTbrHt7eoG4+9vYErkifvTFisqRqN3zXnBQG5NMd/XjHaVxwcJVAYKAHwi6H5hsZ1 PDBLeTrXkEoqSAIv3md34ISzDo0GvZAbiAvyiJ9eSIaQekMiXcGO5z0sOIcmwzLKS50s R4NjJXMFMrVDG3TiwAdeEujgNKeOYm9jOUpxjI0MvC65sPfFn63tiDjVAAE6LiJ2KuyI 45Xw== X-Gm-Message-State: AOJu0Yy+6aALpGd5iPMdPldRQQCfrzN16Kd1qY96JgQAFpeRSy6hAysG fEwweITgVzEzk3mhMLuc92evgZS1qVd3NAyoKB0vlClA3rBWJ3CfXWB7GIi2JXXy9/DjieWoabU mjNZ3A0fDcdkTuq9kGDg4BTY5EoC5nOcam19X1gR5Nm+rVqHwAWS6BHZ91J1H X-Gm-Gg: ASbGncunWlITXORO87ZDAIOA6fgbzMw8Nwyy28dGgGyD1Xqck2LV0cCLXZwkJ/yc14D EgCGY3FA34PdjdvzHC2DYFwNJHqmKLJyfLCxM5/G3Vo2z74H+jK7kbz9/G/ThiV/9OOyWiSpB1R tKWdXIBsoTKqGWDXVihu2YNsptQsEE0n1XD5vqiagZrtob4R2eDk2gbvcFa7hsSNzvhAlabAXZV Qy/M68J8dxhEqelU/R4Dn87LMuYQxktRrYfIet09DlYbIIs5y2Z/3b7eQS2Fq34A3lBeuMkVcM8 Mf+4cexNv2yswa/0uamDvYt7d0S0quLFiL6q7xTM5BSMAL7kdk1cIQezr81subbaMEMbT1ME0bv bMGqHtHff X-Google-Smtp-Source: AGHT+IE09x/QMR1KbHmLbshvVbe0oolhoVHk1oPV8hN1Ps/G9z7DxhLYTH/zsb2nV8KOq/GLXntjKXtB85gF X-Received: by 2002:a17:902:e952:b0:295:5898:ff5c with SMTP id d9443c01a7336-29867f9b41bmr97404065ad.16.1763239661814; Sat, 15 Nov 2025 12:47:41 -0800 (PST) Received: from postal.iol.unh.edu (postal.iol.unh.edu. [2606:4100:3880:1234::84]) by smtp-relay.gmail.com with ESMTPS id d9443c01a7336-2985c242313sm9286015ad.24.2025.11.15.12.47.41 (version=TLS1_2 cipher=ECDHE-ECDSA-AES128-GCM-SHA256 bits=128/128); Sat, 15 Nov 2025 12:47:41 -0800 (PST) X-Relaying-Domain: iol.unh.edu Date: Sat, 15 Nov 2025 12:47:41 -0800 (PST) Message-ID: <6918e6ed.170a0220.3c6b57.f646SMTPIN_ADDED_MISSING@mx.google.com> Received: from [172.21.0.5] (unknown [172.18.0.240]) by postal.iol.unh.edu (Postfix) with ESMTP id 1677B6051830; Sat, 15 Nov 2025 15:47:41 -0500 (EST) Subject: |FAILURE| pw158825-158828 [PATCH] [4/4] test: use unit test runner f From: dpdklab@iol.unh.edu To: Test Report Cc: dpdk-test-reports@iol.unh.edu, Stephen Hemminger In-Reply-To: <20251115193409.99740-5-stephen@networkplumber.org> References: <20251115193409.99740-5-stephen@networkplumber.org> Content-Type: text/plain X-BeenThere: test-report@dpdk.org X-Mailman-Version: 2.1.29 Precedence: list List-Id: automatic DPDK test reports List-Unsubscribe: , List-Archive: List-Post: List-Help: List-Subscribe: , Errors-To: test-report-bounces@dpdk.org Test-Label: iol-compile-arm64-testing Test-Status: FAILURE http://dpdk.org/patch/158828 _Testing issues_ Submitter: Stephen Hemminger Date: Saturday, November 15 2025 19:33:10 DPDK git baseline: Repo:dpdk Branch: master CommitID:be0112878b4fc3a1b918370ed2fe615c52039d77 158825-158828 --> testing issues Upstream job id: Generic-DPDK-Compile-Meson#444881 Test environment and result as below: +------------------------------+--------------------+ | Environment | dpdk_meson_compile | +==============================+====================+ | Ubuntu 20.04 | FAIL | +------------------------------+--------------------+ | Red Hat Enterprise Linux 9.5 | FAIL | +------------------------------+--------------------+ | Debian GNU/Linux 12 | FAIL | +------------------------------+--------------------+ | Fedora Linux 42 | FAIL | +------------------------------+--------------------+ | Ubuntu 22.04 | FAIL | +------------------------------+--------------------+ | Ubuntu 24.04 | FAIL | +------------------------------+--------------------+ | CentOS Stream 9 | FAIL | +------------------------------+--------------------+ | CentOS Stream 10 | FAIL | +------------------------------+--------------------+ ==== 20 line log output for CentOS Stream 10 (dpdk_meson_compile): ==== In function 'rte_strlcpy', inlined from 'setup_acl_pipeline.isra' at ../app/test/test_table_acl.c:510:4: ../lib/eal/include/rte_string_fns.h:63:24: error: '%s' directive output may be truncated writing up to 639 bytes into a region of size 128 [-Werror=format-truncation=] 63 | return (size_t)snprintf(dst, size, "%s", src); | ^~~~~~~~~~~~~~~~~~~~~~~~~~~~~~ ../lib/eal/include/rte_string_fns.h:63:24: note: 'snprintf' output between 1 and 640 bytes into a destination of size 128 In function 'rte_strlcpy', inlined from 'setup_acl_pipeline.isra' at ../app/test/test_table_acl.c:545:4: ../lib/eal/include/rte_string_fns.h:63:24: error: '%s' directive output may be truncated writing up to 639 bytes into a region of size 128 [-Werror=format-truncation=] 63 | return (size_t)snprintf(dst, size, "%s", src); | ^~~~~~~~~~~~~~~~~~~~~~~~~~~~~~ ../lib/eal/include/rte_string_fns.h:63:24: note: 'snprintf' output between 1 and 640 bytes into a destination of size 128 In function 'rte_strlcpy', inlined from 'setup_acl_pipeline.isra' at ../app/test/test_table_acl.c:597:4: ../lib/eal/include/rte_string_fns.h:63:24: error: '%s' directive output may be truncated writing up to 639 bytes into a region of size 128 [-Werror=format-truncation=] 63 | return (size_t)snprintf(dst, size, "%s", src); | ^~~~~~~~~~~~~~~~~~~~~~~~~~~~~~ ../lib/eal/include/rte_string_fns.h:63:24: note: 'snprintf' output between 1 and 640 bytes into a destination of size 128 cc1: all warnings being treated as errors ninja: build stopped: subcommand failed. ==== End log output ==== Ubuntu 20.04 Kernel: 5.15 Compiler: aarch64-linux-gnu-gcc gcc (Ubuntu 9.4.0-1ubuntu1~20.04.2) 9.4.0 Red Hat Enterprise Linux 9.5 Kernel: 5.4 Compiler: gcc gcc (GCC) 11.5.0 20240719 (Red Hat 11.5.0-2) Debian GNU/Linux 12 Kernel: 5.4 Compiler: gcc gcc (Debian 12.2.0-14+deb12u1) 12.2.0 Fedora Linux 42 Kernel: 5.4 Compiler: clang gcc (GCC) 15.2.1 20250808 (Red Hat 15.2.1-1) Ubuntu 22.04 Kernel: 5.4 Compiler: gcc gcc (Ubuntu 11.4.0-1ubuntu1~22.04) 11.4.0 Ubuntu 24.04 Kernel: 5.4 Compiler: gcc gcc (Ubuntu 13.3.0-6ubuntu2~24.04) 13.3.0 CentOS Stream 9 Kernel: 5.4 Compiler: gcc gcc (GCC) 11.5.0 20240719 (Red Hat 11.5.0-11) CentOS Stream 10 Kernel: 5.4 Compiler: gcc gcc (GCC) 14.2.1 20250110 (Red Hat 14.2.1-8) To view detailed results, visit: https://lab.dpdk.org/results/dashboard/patchsets/34605/ UNH-IOL DPDK Community Lab To manage your email subscriptions, visit: https://lab.dpdk.org/results/dashboard/preferences/subscriptions/