From mboxrd@z Thu Jan 1 00:00:00 1970 Return-Path: Received: from mails.dpdk.org (mails.dpdk.org [217.70.189.124]) by inbox.dpdk.org (Postfix) with ESMTP id 8C6B248B1E for ; Sat, 15 Nov 2025 22:10:04 +0100 (CET) Received: from mails.dpdk.org (localhost [127.0.0.1]) by mails.dpdk.org (Postfix) with ESMTP id 67E654025E; Sat, 15 Nov 2025 22:10:04 +0100 (CET) Received: from mail-pl1-f228.google.com (mail-pl1-f228.google.com [209.85.214.228]) by mails.dpdk.org (Postfix) with ESMTP id 8808C4025E for ; Sat, 15 Nov 2025 22:10:02 +0100 (CET) Received: by mail-pl1-f228.google.com with SMTP id d9443c01a7336-2984dfae0acso40079195ad.0 for ; Sat, 15 Nov 2025 13:10:02 -0800 (PST) DKIM-Signature: v=1; a=rsa-sha256; c=relaxed/relaxed; d=iol.unh.edu; s=unh-iol; t=1763241001; x=1763845801; darn=dpdk.org; h=references:in-reply-to:cc:to:from:subject:message-id:date:from:to :cc:subject:date:message-id:reply-to; bh=+iQpqWzByJ+WahwEq2GTDZAr8Z9NWpqzLHxtXjVVUpQ=; b=EpbSYqtfvc6EWpxn0Hy6qj5IaxDdRAY3Qgmm2ewHfiarK7UcST/FC0gWw8Eyl3I16v yGGBeqfmErKSmgF4FpqCoLVOclKiu16yFQ5TayFPbRXv1uzlr3FleZCauJJDnK+3pH3m uGwkAmaAVTl3gauS/jtWoz/8PcolqUdZ9WR2g= X-Google-DKIM-Signature: v=1; a=rsa-sha256; c=relaxed/relaxed; d=1e100.net; s=20230601; t=1763241001; x=1763845801; h=references:in-reply-to:cc:to:from:subject:message-id:date:x-gm-gg :x-gm-message-state:from:to:cc:subject:date:message-id:reply-to; bh=+iQpqWzByJ+WahwEq2GTDZAr8Z9NWpqzLHxtXjVVUpQ=; b=M1ghgYIBdqcb3fep9l1TY57Ogh9LqeD+AnAt35qaal40Q/xXDAwqM7lXm8VOo6p7ud YRDn6tiDaHLMI4k79newpFdxXsswsUCyt7jxQh99je6r4t35dAlUhwgVBPM6MszqW9qO fS7rvBB0wftkUgtgc/x8iARTUcZGpeHfdaX4nmg2atpXtZFwp2jk5embRQX3lDvgAg+A /Z+qJPhs6L/WGYzUZVAdn7scLaH3jgUM9KKqhpPPyP6bm7xe/Jxgp7nfKY1G87CRn+E5 SA2zohcC0xIEOIdXcjkBe2Ol58ECN3RpisfVG3/jJegNEVWH5hRSCTGWQ9P2P5WkfU3R prug== X-Gm-Message-State: AOJu0Yyjp837ABNFXLr5nQj/NkrainAScbKfP3NOfV44C+dHm9+jTUek smztIvkh01TEbckWj2xMOMe8BWqpiT25WEDmLgjUgpFXuP09xUTVUAlXEfkJmJmGk1l9UY03/Nv B1H7it5i1lfz577tMjmZZ5W71VAK6P8/lqiHAsz2t5uDg X-Gm-Gg: ASbGncsT+ivPCTBI2QrQx3KCz4IIxepShYuPOaMnOqpAM4S6fox3ELCDjbtp1ervftL 3J+lqQkFtTQECi51cpfICwS4NShyFQ4Gz6/igHQJna3N29gdV+1mLw11GxItBrIrSY4Yhx7cmP2 kqOHIk10HwP9YfAeYZYFdciIh5zTXquM1Anjbvi6d3yb9gYltirp+jjya1cmVuOOByDaLzF6YkU hjo9PlMIq5pKdLHMdK3CyNXthAm+nakOh7OJ0+D8VgvKQrUz53qFxE76UH5SvNL1Vvk0xEPHoW8 UokniStVz/4jGsEHmDz7jSLhS/OhY1gCQl7pEuyMPtYjZ6wNdI7kTgOEs4xV2X7/hD9lot78WbZ yJo3ga5lB7kWsSl/0UtTIZSEHqOey0EE= X-Google-Smtp-Source: AGHT+IEE3+3jkL1uRZtIkvrLntgDl7hu2LAEeMm2csFovuqzjs+D3MW7p7iVXD6DloasIhs7F6PtHG8AN0iV X-Received: by 2002:a17:902:f552:b0:297:c889:ba2b with SMTP id d9443c01a7336-2986a73aed2mr90291065ad.33.1763241001695; Sat, 15 Nov 2025 13:10:01 -0800 (PST) Received: from postal.iol.unh.edu (postal.iol.unh.edu. [132.177.123.84]) by smtp-relay.gmail.com with ESMTPS id d9443c01a7336-2985c2a8b47sm10069145ad.40.2025.11.15.13.10.01 (version=TLS1_2 cipher=ECDHE-ECDSA-AES128-GCM-SHA256 bits=128/128); Sat, 15 Nov 2025 13:10:01 -0800 (PST) X-Relaying-Domain: iol.unh.edu Date: Sat, 15 Nov 2025 13:10:01 -0800 (PST) Message-ID: <6918ec29.170a0220.1c235c.1eabSMTPIN_ADDED_MISSING@mx.google.com> Received: from [172.21.0.3] (unknown [172.18.0.240]) by postal.iol.unh.edu (Postfix) with ESMTP id D54B26051830; Sat, 15 Nov 2025 16:10:00 -0500 (EST) Subject: |FAILURE| pw158825-158828 [PATCH] [4/4] test: use unit test runner f From: dpdklab@iol.unh.edu To: Test Report Cc: dpdk-test-reports@iol.unh.edu, Stephen Hemminger In-Reply-To: <20251115193409.99740-5-stephen@networkplumber.org> References: <20251115193409.99740-5-stephen@networkplumber.org> Content-Type: text/plain X-BeenThere: test-report@dpdk.org X-Mailman-Version: 2.1.29 Precedence: list List-Id: automatic DPDK test reports List-Unsubscribe: , List-Archive: List-Post: List-Help: List-Subscribe: , Errors-To: test-report-bounces@dpdk.org Test-Label: iol-unit-amd64-testing Test-Status: FAILURE http://dpdk.org/patch/158828 _Testing issues_ Submitter: Stephen Hemminger Date: Saturday, November 15 2025 19:33:10 DPDK git baseline: Repo:dpdk Branch: master CommitID:be0112878b4fc3a1b918370ed2fe615c52039d77 158825-158828 --> testing issues Upstream job id: Generic-VM-Unit-Test-DPDK#32602 Test environment and result as below: +-------------------------------+----------------+ | Environment | dpdk_unit_test | +===============================+================+ | CentOS Stream 9 | PASS | +-------------------------------+----------------+ | CentOS Stream 10 | PASS | +-------------------------------+----------------+ | Debian GNU/Linux 12 | PASS | +-------------------------------+----------------+ | Fedora Linux 40 | PASS | +-------------------------------+----------------+ | Fedora Linux 41 | PASS | +-------------------------------+----------------+ | Red Hat Enterprise Linux 8.10 | WARN | +-------------------------------+----------------+ | Fedora Linux 42 | PASS | +-------------------------------+----------------+ | Red Hat Enterprise Linux 9.5 | PASS | +-------------------------------+----------------+ | Ubuntu 20.04 | FAIL | +-------------------------------+----------------+ | Ubuntu 22.04 | PASS | +-------------------------------+----------------+ | Ubuntu 24.04 | PASS | +-------------------------------+----------------+ | Windows Server 2022 | PASS | +-------------------------------+----------------+ ==== Unit test summary for Ubuntu 20.04 (dpdk_unit_test): ==== Failed to get the unit test results. Displaying the unit test results is not supported for some environments, such as our aarch32 testing, where meson is not used to run the tests. Download the logs available on our CI site. ==== End log output ==== CentOS Stream 9 Kernel: 5.15 Compiler: gcc gcc (GCC) 11.5.0 20240719 (Red Hat 11.5.0-11) CentOS Stream 10 Kernel: 5.15 Compiler: gcc gcc (GCC) 14.2.1 20250110 (Red Hat 14.2.1-8) Debian GNU/Linux 12 Kernel: 5.15 Compiler: gcc gcc (Debian 12.2.0-14+deb12u1) 12.2.0 Fedora Linux 40 Kernel: 5.15 Compiler: gcc gcc (GCC) 14.2.1 20240912 (Red Hat 14.2.1-3) Fedora Linux 41 Kernel: 5.15 Compiler: gcc gcc (GCC) 14.3.1 20250523 (Red Hat 14.3.1-1) Red Hat Enterprise Linux 8.10 Kernel: 5.15 Compiler: gcc gcc (GCC) 8.5.0 20210514 (Red Hat 8.5.0-22) Fedora Linux 42 Kernel: 5.15 Compiler: gcc gcc (GCC) 15.2.1 20250808 (Red Hat 15.2.1-1) Red Hat Enterprise Linux 9.5 Kernel: 5.15 Compiler: gcc gcc (GCC) 11.5.0 20240719 (Red Hat 11.5.0-2) Ubuntu 20.04 Kernel: 5.15 Compiler: gcc gcc (Ubuntu 9.4.0-1ubuntu1~20.04.2) 9.4.0 Ubuntu 22.04 Kernel: 5.15 Compiler: gcc gcc (Ubuntu 11.4.0-1ubuntu1~22.04) 11.4.0 Ubuntu 24.04 Kernel: 5.15 Compiler: gcc gcc (Ubuntu 13.3.0-6ubuntu2~24.04) 13.3.0 Windows Server 2022 Kernel: 10.0.20348.2031 Compiler: clang 15.0.7, gcc 14.1.0 (MinGW), and MSVC VS 19.39.33521 To view detailed results, visit: https://lab.dpdk.org/results/dashboard/patchsets/34605/ UNH-IOL DPDK Community Lab To manage your email subscriptions, visit: https://lab.dpdk.org/results/dashboard/preferences/subscriptions/