automatic DPDK test reports
 help / color / mirror / Atom feed
From: dpdklab@iol.unh.edu
To: Test Report <test-report@dpdk.org>
Cc: dpdk-test-reports@iol.unh.edu,
	Stephen Hemminger <stephen@networkplumber.org>
Subject: |FAILURE| pw158825-158828 [PATCH] [4/4] test: use unit test runner f
Date: Sat, 15 Nov 2025 13:25:47 -0800 (PST)	[thread overview]
Message-ID: <6918efdb.050a0220.338768.8652SMTPIN_ADDED_MISSING@mx.google.com> (raw)
In-Reply-To: <20251115193409.99740-5-stephen@networkplumber.org>

Test-Label: iol-compile-amd64-testing
Test-Status: FAILURE
http://dpdk.org/patch/158828

_Testing issues_

Submitter: Stephen Hemminger <stephen@networkplumber.org>
Date: Saturday, November 15 2025 19:33:10 
DPDK git baseline: Repo:dpdk
  Branch: master
  CommitID:be0112878b4fc3a1b918370ed2fe615c52039d77

158825-158828 --> testing issues

Upstream job id: Generic-DPDK-Compile-Meson#444860

Test environment and result as below:

+-------------------------------+--------------------+------------------+-------------------------+-------------------+----------------------+
|          Environment          | dpdk_meson_compile | dpdk_compile_ovs | dpdk_llvm_clang_compile | dpdk_msvc_compile | dpdk_mingw64_compile |
+===============================+====================+==================+=========================+===================+======================+
| CentOS Stream 9               | PASS               | SKIPPED          | SKIPPED                 | SKIPPED           | SKIPPED              |
+-------------------------------+--------------------+------------------+-------------------------+-------------------+----------------------+
| CentOS Stream 10              | PASS               | SKIPPED          | SKIPPED                 | SKIPPED           | SKIPPED              |
+-------------------------------+--------------------+------------------+-------------------------+-------------------+----------------------+
| Debian GNU/Linux 12           | PASS               | SKIPPED          | SKIPPED                 | SKIPPED           | SKIPPED              |
+-------------------------------+--------------------+------------------+-------------------------+-------------------+----------------------+
| Fedora Linux 42               | PASS               | PASS             | SKIPPED                 | SKIPPED           | SKIPPED              |
+-------------------------------+--------------------+------------------+-------------------------+-------------------+----------------------+
| openSUSE Leap 15.6            | PASS               | SKIPPED          | SKIPPED                 | SKIPPED           | SKIPPED              |
+-------------------------------+--------------------+------------------+-------------------------+-------------------+----------------------+
| Ubuntu 20.04                  | FAIL               | SKIPPED          | SKIPPED                 | SKIPPED           | SKIPPED              |
+-------------------------------+--------------------+------------------+-------------------------+-------------------+----------------------+
| FreeBSD 14.2                  | FAIL               | SKIPPED          | SKIPPED                 | SKIPPED           | SKIPPED              |
+-------------------------------+--------------------+------------------+-------------------------+-------------------+----------------------+
| Red Hat Enterprise Linux 8.10 | FAIL               | SKIPPED          | SKIPPED                 | SKIPPED           | SKIPPED              |
+-------------------------------+--------------------+------------------+-------------------------+-------------------+----------------------+
| Red Hat Enterprise Linux 9.5  | PASS               | SKIPPED          | SKIPPED                 | SKIPPED           | SKIPPED              |
+-------------------------------+--------------------+------------------+-------------------------+-------------------+----------------------+
| Ubuntu 22.04                  | PASS               | SKIPPED          | SKIPPED                 | SKIPPED           | SKIPPED              |
+-------------------------------+--------------------+------------------+-------------------------+-------------------+----------------------+
| Ubuntu 24.04                  | FAIL               | PASS             | SKIPPED                 | SKIPPED           | SKIPPED              |
+-------------------------------+--------------------+------------------+-------------------------+-------------------+----------------------+
| Alpine Linux 3.22.0           | PASS               | SKIPPED          | SKIPPED                 | SKIPPED           | SKIPPED              |
+-------------------------------+--------------------+------------------+-------------------------+-------------------+----------------------+
| Windows Server 2022           | SKIPPED            | SKIPPED          | PASS                    | PASS              | PASS                 |
+-------------------------------+--------------------+------------------+-------------------------+-------------------+----------------------+

==== 20 line log output for Ubuntu 24.04 (dpdk_meson_compile): ====
|                                    ~~~~~~~~~~~~~~~~~~~~~~~~~~~~~
56 |                                    __va_arg_pack ());
|                                    ~~~~~~~~~~~~~~~~~
In function 'rte_strlcpy',
inlined from 'setup_acl_pipeline.isra' at ../app/test/test_table_acl.c:597:4:
../lib/eal/include/rte_string_fns.h:63:24: error: '%s' directive output may be truncated writing up to 639 bytes into a region of size 128 [-Werror=format-truncation=]
63 |         return (size_t)snprintf(dst, size, "%s", src);
|                        ^~~~~~~~~~~~~~~~~~~~~~~~~~~~~~
In function 'snprintf',
inlined from 'rte_strlcpy' at ../lib/eal/include/rte_string_fns.h:63:17,
inlined from 'setup_acl_pipeline.isra' at ../app/test/test_table_acl.c:597:4:
/usr/i686-linux-gnu/include/bits/stdio2.h:54:10: note: '__builtin_snprintf' output between 1 and 640 bytes into a destination of size 128
54 |   return __builtin___snprintf_chk (__s, __n, __USE_FORTIFY_LEVEL - 1,
|          ^~~~~~~~~~~~~~~~~~~~~~~~~~~~~~~~~~~~~~~~~~~~~~~~~~~~~~~~~~~~
55 |                                    __glibc_objsize (__s), __fmt,
|                                    ~~~~~~~~~~~~~~~~~~~~~~~~~~~~~
56 |                                    __va_arg_pack ());
|                                    ~~~~~~~~~~~~~~~~~
cc1: all warnings being treated as errors
ninja: build stopped: subcommand failed.
==== End log output ====

CentOS Stream 9
	Kernel: 5.15
	Compiler: gcc gcc (GCC) 11.5.0 20240719 (Red Hat 11.5.0-11)

CentOS Stream 10
	Kernel: 5.15
	Compiler: gcc gcc (GCC) 14.2.1 20250110 (Red Hat 14.2.1-8)

Debian GNU/Linux 12
	Kernel: 5.15
	Compiler: gcc gcc (Debian 12.2.0-14+deb12u1) 12.2.0

Fedora Linux 42
	Kernel: 5.15
	Compiler: gcc gcc (GCC) 15.2.1 20250808 (Red Hat 15.2.1-1)

openSUSE Leap 15.6
	Kernel: 5.15
	Compiler: gcc gcc (SUSE Linux) 7.5.0

Ubuntu 20.04
	Kernel: 4.19
	Compiler: gcc gcc (Ubuntu 9.4.0-1ubuntu1~20.04.2) 9.4.0

FreeBSD 14.2
	Kernel: 14.2-RELEASE
	Compiler: clang 18.1.6

Red Hat Enterprise Linux 8.10
	Kernel: 5.15
	Compiler: gcc gcc (GCC) 8.5.0 20210514 (Red Hat 8.5.0-22)

Red Hat Enterprise Linux 9.5
	Kernel: 5.15
	Compiler: gcc gcc (GCC) 11.5.0 20240719 (Red Hat 11.5.0-2)

Ubuntu 22.04
	Kernel: 5.15
	Compiler: gcc gcc (Ubuntu 11.4.0-1ubuntu1~22.04) 11.4.0

Ubuntu 24.04
	Kernel: 5.15
	Compiler: gcc gcc (Ubuntu 13.3.0-6ubuntu2~24.04) 13.3.0

Alpine Linux 3.22.0
	Kernel: 5.15
	Compiler: gcc gcc (Alpine 14.2.0) 14.2.0

Windows Server 2022
	Kernel: 10.0.20348.2031
	Compiler: clang 15.0.7, gcc 14.1.0 (MinGW), and MSVC VS 19.39.33521

To view detailed results, visit:
https://lab.dpdk.org/results/dashboard/patchsets/34605/

UNH-IOL DPDK Community Lab

To manage your email subscriptions, visit: 
https://lab.dpdk.org/results/dashboard/preferences/subscriptions/

  parent reply	other threads:[~2025-11-15 21:25 UTC|newest]

Thread overview: 36+ messages / expand[flat|nested]  mbox.gz  Atom feed  top
     [not found] <20251115193409.99740-5-stephen@networkplumber.org>
2025-11-15 19:13 ` |SUCCESS| pw158825-158828 [PATCH 4/4] test: use unit test runner for eal flags qemudev
2025-11-15 19:18 ` qemudev
2025-11-15 19:33 ` |SUCCESS| pw158828 " checkpatch
2025-11-15 20:03 ` |FAILURE| pw158825-158828 [PATCH] [4/4] test: use unit test runner f dpdklab
2025-11-15 20:05 ` |SUCCESS| " dpdklab
2025-11-15 20:07 ` |PENDING| " dpdklab
2025-11-15 20:09 ` |SUCCESS| " dpdklab
2025-11-15 20:11 ` |FAILURE| " dpdklab
2025-11-15 20:12 ` dpdklab
2025-11-15 20:12 ` dpdklab
2025-11-15 20:12 ` |WARNING| " dpdklab
2025-11-15 20:13 ` dpdklab
2025-11-15 20:21 ` |SUCCESS| " dpdklab
2025-11-15 20:21 ` |FAILURE| " dpdklab
2025-11-15 20:22 ` dpdklab
2025-11-15 20:22 ` dpdklab
2025-11-15 20:23 ` dpdklab
2025-11-15 20:24 ` |PENDING| " dpdklab
2025-11-15 20:24 ` |SUCCESS| " dpdklab
2025-11-15 20:26 ` dpdklab
2025-11-15 20:26 ` dpdklab
2025-11-15 20:42 ` |FAILURE| " dpdklab
2025-11-15 20:44 ` |WARNING| " dpdklab
2025-11-15 20:45 ` |FAILURE| " dpdklab
2025-11-15 20:46 ` dpdklab
2025-11-15 20:46 ` dpdklab
2025-11-15 20:47 ` dpdklab
2025-11-15 20:47 ` dpdklab
2025-11-15 20:47 ` dpdklab
2025-11-15 20:48 ` |FAILURE| pw158828 [PATCH 4/4] test: use unit test runner for eal flags 0-day Robot
2025-11-15 20:55 ` |SUCCESS| pw158825-158828 [PATCH] [4/4] test: use unit test runner f dpdklab
2025-11-15 21:06 ` dpdklab
2025-11-15 21:06 ` |WARNING| " dpdklab
2025-11-15 21:10 ` |FAILURE| " dpdklab
2025-11-15 21:25 ` dpdklab [this message]
2025-11-15 23:24 ` dpdklab

Reply instructions:

You may reply publicly to this message via plain-text email
using any one of the following methods:

* Save the following mbox file, import it into your mail client,
  and reply-to-all from there: mbox

  Avoid top-posting and favor interleaved quoting:
  https://en.wikipedia.org/wiki/Posting_style#Interleaved_style

* Reply using the --to, --cc, and --in-reply-to
  switches of git-send-email(1):

  git send-email \
    --in-reply-to=6918efdb.050a0220.338768.8652SMTPIN_ADDED_MISSING@mx.google.com \
    --to=dpdklab@iol.unh.edu \
    --cc=dpdk-test-reports@iol.unh.edu \
    --cc=stephen@networkplumber.org \
    --cc=test-report@dpdk.org \
    /path/to/YOUR_REPLY

  https://kernel.org/pub/software/scm/git/docs/git-send-email.html

* If your mail client supports setting the In-Reply-To header
  via mailto: links, try the mailto: link
Be sure your reply has a Subject: header at the top and a blank line before the message body.
This is a public inbox, see mirroring instructions
for how to clone and mirror all data and code used for this inbox;
as well as URLs for NNTP newsgroup(s).