From mboxrd@z Thu Jan 1 00:00:00 1970 Return-Path: Received: from mails.dpdk.org (mails.dpdk.org [217.70.189.124]) by inbox.dpdk.org (Postfix) with ESMTP id 22F4548B1E for ; Sat, 15 Nov 2025 22:25:49 +0100 (CET) Received: from mails.dpdk.org (localhost [127.0.0.1]) by mails.dpdk.org (Postfix) with ESMTP id 003074025E; Sat, 15 Nov 2025 22:25:48 +0100 (CET) Received: from mail-io1-f98.google.com (mail-io1-f98.google.com [209.85.166.98]) by mails.dpdk.org (Postfix) with ESMTP id 9C7DA4025E for ; Sat, 15 Nov 2025 22:25:48 +0100 (CET) Received: by mail-io1-f98.google.com with SMTP id ca18e2360f4ac-9486d008fdbso143023939f.1 for ; Sat, 15 Nov 2025 13:25:48 -0800 (PST) DKIM-Signature: v=1; a=rsa-sha256; c=relaxed/relaxed; d=iol.unh.edu; s=unh-iol; t=1763241948; x=1763846748; darn=dpdk.org; h=references:in-reply-to:cc:to:from:subject:message-id:date:from:to :cc:subject:date:message-id:reply-to; bh=aHLS77OzqXjDEc8DL/J6fiOJlVKhxui8Qt4w8DJvGNk=; b=QE6gk+ALZKLQEg/FAeAEAsRqnrZQRU8/4QUSy8OYkf2Ht4pBJe8EzWQGOUPu62DgLx j8oYy+GWXJRIelcKGZ5ueS0ysOObz952newkqoVQFmIWWAlHtNs8LyrZBvns3eA/xG7u tJpcSUQpi3e00dlwyovfuqVxQ+JsJ8+T1mY7s= X-Google-DKIM-Signature: v=1; a=rsa-sha256; c=relaxed/relaxed; d=1e100.net; s=20230601; t=1763241948; x=1763846748; h=references:in-reply-to:cc:to:from:subject:message-id:date:x-gm-gg :x-gm-message-state:from:to:cc:subject:date:message-id:reply-to; bh=aHLS77OzqXjDEc8DL/J6fiOJlVKhxui8Qt4w8DJvGNk=; b=JmZpq93O7Czz2US+e5eh5qXfw4L0Cj2xcsT9TghswzrjumQe1v8YNukO8BvWiS1wVF 4A4YVHMaZBZkL75o1Sz/imY8E1vXilTR6MJh8GGz7VXsrFXAciLww57PIE2vtYZCHfSh /9VZaZgY4/22aNG8+UeRVRDAgtapgC8F6ICNqz/fAmELpBvYZNgRqtWKCtngWEx7o18l 37+Owuul/UT8yHEjfejViA+gZXlCBE0BDuZqHgb/guE6oShlmuMUDM1JPZ8x/sCTgcMO pRYD0g7u8yU3dtZxgHlOnDukE8h6WM3knTAHcRtkvaRbcATG9z+rcb5qMsrx7pYkWs1T clFA== X-Gm-Message-State: AOJu0YwdBJMzMXJnxbYYlkXDfDa7ZfnKiMNGPOj6vgLWgg9HJ91idVsl Sa31U9KITAaFHZ2rf2zHv8joybGYoLgjHAlmYKHsWFHrbHYhY5v8CrEAVV1vHmZN+WGm215GT2/ 210UZBU38ZXL3O7HSaVR16/frBMQUTSMFkCuxW8c9QiTsnF+ihUDqZAUbWSUP X-Gm-Gg: ASbGnctOfNhfa2yFscCbT0VFoNHbAXa/Ge/13CLlwxSSoR8TU61vIBEUg0OpmiiTPoT NtUeFORTw+7ya+NsJ3s6LnRQD9yfoYI5rnVDF5KbK+9HJLqcPfM/Jl8JkdG5lKu5Of9qQ8D7sJZ SxhBurvABwjvtcDSYxI5RjpXpqv8ERuJmfIqZwEejXEkU+46TIvWIu24o4upB+VLNxnMiLAfLws wbA/YCGdn0ReKi0M54gRW2+02TcF+PR+fgBXqtAAIJhb+HbLeesm/bC+x6H9qDeOit+0+qAjzKd xF2OrLgNz2R9R83F+yaPgmt+OFON8mDV4zM7QRlexzr6+Mmrkpy4KpY1Ro0PDZrq6LHzfLQiGwu Ssy4FtwoD X-Google-Smtp-Source: AGHT+IEDN0XJxVVIi8tY3X5ztDqs4firIR+XDyVlwD6t1y8Tgg9YBd178dNYwUQE96EqwjbIxED1cEOHqyEC X-Received: by 2002:a05:6638:a208:b0:5b4:a0e5:a3d9 with SMTP id 8926c6da1cb9f-5b7bac75b15mr3023086173.3.1763241947875; Sat, 15 Nov 2025 13:25:47 -0800 (PST) Received: from postal.iol.unh.edu (postal.iol.unh.edu. [2606:4100:3880:1234::84]) by smtp-relay.gmail.com with ESMTPS id 8926c6da1cb9f-5b7bd3356c2sm506545173.32.2025.11.15.13.25.47 (version=TLS1_2 cipher=ECDHE-ECDSA-AES128-GCM-SHA256 bits=128/128); Sat, 15 Nov 2025 13:25:47 -0800 (PST) X-Relaying-Domain: iol.unh.edu Date: Sat, 15 Nov 2025 13:25:47 -0800 (PST) Message-ID: <6918efdb.050a0220.338768.8652SMTPIN_ADDED_MISSING@mx.google.com> Received: from [172.21.0.2] (unknown [172.18.0.240]) by postal.iol.unh.edu (Postfix) with ESMTP id 5CE106051830; Sat, 15 Nov 2025 16:25:47 -0500 (EST) Subject: |FAILURE| pw158825-158828 [PATCH] [4/4] test: use unit test runner f From: dpdklab@iol.unh.edu To: Test Report Cc: dpdk-test-reports@iol.unh.edu, Stephen Hemminger In-Reply-To: <20251115193409.99740-5-stephen@networkplumber.org> References: <20251115193409.99740-5-stephen@networkplumber.org> Content-Type: text/plain X-BeenThere: test-report@dpdk.org X-Mailman-Version: 2.1.29 Precedence: list List-Id: automatic DPDK test reports List-Unsubscribe: , List-Archive: List-Post: List-Help: List-Subscribe: , Errors-To: test-report-bounces@dpdk.org Test-Label: iol-compile-amd64-testing Test-Status: FAILURE http://dpdk.org/patch/158828 _Testing issues_ Submitter: Stephen Hemminger Date: Saturday, November 15 2025 19:33:10 DPDK git baseline: Repo:dpdk Branch: master CommitID:be0112878b4fc3a1b918370ed2fe615c52039d77 158825-158828 --> testing issues Upstream job id: Generic-DPDK-Compile-Meson#444860 Test environment and result as below: +-------------------------------+--------------------+------------------+-------------------------+-------------------+----------------------+ | Environment | dpdk_meson_compile | dpdk_compile_ovs | dpdk_llvm_clang_compile | dpdk_msvc_compile | dpdk_mingw64_compile | +===============================+====================+==================+=========================+===================+======================+ | CentOS Stream 9 | PASS | SKIPPED | SKIPPED | SKIPPED | SKIPPED | +-------------------------------+--------------------+------------------+-------------------------+-------------------+----------------------+ | CentOS Stream 10 | PASS | SKIPPED | SKIPPED | SKIPPED | SKIPPED | +-------------------------------+--------------------+------------------+-------------------------+-------------------+----------------------+ | Debian GNU/Linux 12 | PASS | SKIPPED | SKIPPED | SKIPPED | SKIPPED | +-------------------------------+--------------------+------------------+-------------------------+-------------------+----------------------+ | Fedora Linux 42 | PASS | PASS | SKIPPED | SKIPPED | SKIPPED | +-------------------------------+--------------------+------------------+-------------------------+-------------------+----------------------+ | openSUSE Leap 15.6 | PASS | SKIPPED | SKIPPED | SKIPPED | SKIPPED | +-------------------------------+--------------------+------------------+-------------------------+-------------------+----------------------+ | Ubuntu 20.04 | FAIL | SKIPPED | SKIPPED | SKIPPED | SKIPPED | +-------------------------------+--------------------+------------------+-------------------------+-------------------+----------------------+ | FreeBSD 14.2 | FAIL | SKIPPED | SKIPPED | SKIPPED | SKIPPED | +-------------------------------+--------------------+------------------+-------------------------+-------------------+----------------------+ | Red Hat Enterprise Linux 8.10 | FAIL | SKIPPED | SKIPPED | SKIPPED | SKIPPED | +-------------------------------+--------------------+------------------+-------------------------+-------------------+----------------------+ | Red Hat Enterprise Linux 9.5 | PASS | SKIPPED | SKIPPED | SKIPPED | SKIPPED | +-------------------------------+--------------------+------------------+-------------------------+-------------------+----------------------+ | Ubuntu 22.04 | PASS | SKIPPED | SKIPPED | SKIPPED | SKIPPED | +-------------------------------+--------------------+------------------+-------------------------+-------------------+----------------------+ | Ubuntu 24.04 | FAIL | PASS | SKIPPED | SKIPPED | SKIPPED | +-------------------------------+--------------------+------------------+-------------------------+-------------------+----------------------+ | Alpine Linux 3.22.0 | PASS | SKIPPED | SKIPPED | SKIPPED | SKIPPED | +-------------------------------+--------------------+------------------+-------------------------+-------------------+----------------------+ | Windows Server 2022 | SKIPPED | SKIPPED | PASS | PASS | PASS | +-------------------------------+--------------------+------------------+-------------------------+-------------------+----------------------+ ==== 20 line log output for Ubuntu 24.04 (dpdk_meson_compile): ==== | ~~~~~~~~~~~~~~~~~~~~~~~~~~~~~ 56 | __va_arg_pack ()); | ~~~~~~~~~~~~~~~~~ In function 'rte_strlcpy', inlined from 'setup_acl_pipeline.isra' at ../app/test/test_table_acl.c:597:4: ../lib/eal/include/rte_string_fns.h:63:24: error: '%s' directive output may be truncated writing up to 639 bytes into a region of size 128 [-Werror=format-truncation=] 63 | return (size_t)snprintf(dst, size, "%s", src); | ^~~~~~~~~~~~~~~~~~~~~~~~~~~~~~ In function 'snprintf', inlined from 'rte_strlcpy' at ../lib/eal/include/rte_string_fns.h:63:17, inlined from 'setup_acl_pipeline.isra' at ../app/test/test_table_acl.c:597:4: /usr/i686-linux-gnu/include/bits/stdio2.h:54:10: note: '__builtin_snprintf' output between 1 and 640 bytes into a destination of size 128 54 | return __builtin___snprintf_chk (__s, __n, __USE_FORTIFY_LEVEL - 1, | ^~~~~~~~~~~~~~~~~~~~~~~~~~~~~~~~~~~~~~~~~~~~~~~~~~~~~~~~~~~~ 55 | __glibc_objsize (__s), __fmt, | ~~~~~~~~~~~~~~~~~~~~~~~~~~~~~ 56 | __va_arg_pack ()); | ~~~~~~~~~~~~~~~~~ cc1: all warnings being treated as errors ninja: build stopped: subcommand failed. ==== End log output ==== CentOS Stream 9 Kernel: 5.15 Compiler: gcc gcc (GCC) 11.5.0 20240719 (Red Hat 11.5.0-11) CentOS Stream 10 Kernel: 5.15 Compiler: gcc gcc (GCC) 14.2.1 20250110 (Red Hat 14.2.1-8) Debian GNU/Linux 12 Kernel: 5.15 Compiler: gcc gcc (Debian 12.2.0-14+deb12u1) 12.2.0 Fedora Linux 42 Kernel: 5.15 Compiler: gcc gcc (GCC) 15.2.1 20250808 (Red Hat 15.2.1-1) openSUSE Leap 15.6 Kernel: 5.15 Compiler: gcc gcc (SUSE Linux) 7.5.0 Ubuntu 20.04 Kernel: 4.19 Compiler: gcc gcc (Ubuntu 9.4.0-1ubuntu1~20.04.2) 9.4.0 FreeBSD 14.2 Kernel: 14.2-RELEASE Compiler: clang 18.1.6 Red Hat Enterprise Linux 8.10 Kernel: 5.15 Compiler: gcc gcc (GCC) 8.5.0 20210514 (Red Hat 8.5.0-22) Red Hat Enterprise Linux 9.5 Kernel: 5.15 Compiler: gcc gcc (GCC) 11.5.0 20240719 (Red Hat 11.5.0-2) Ubuntu 22.04 Kernel: 5.15 Compiler: gcc gcc (Ubuntu 11.4.0-1ubuntu1~22.04) 11.4.0 Ubuntu 24.04 Kernel: 5.15 Compiler: gcc gcc (Ubuntu 13.3.0-6ubuntu2~24.04) 13.3.0 Alpine Linux 3.22.0 Kernel: 5.15 Compiler: gcc gcc (Alpine 14.2.0) 14.2.0 Windows Server 2022 Kernel: 10.0.20348.2031 Compiler: clang 15.0.7, gcc 14.1.0 (MinGW), and MSVC VS 19.39.33521 To view detailed results, visit: https://lab.dpdk.org/results/dashboard/patchsets/34605/ UNH-IOL DPDK Community Lab To manage your email subscriptions, visit: https://lab.dpdk.org/results/dashboard/preferences/subscriptions/