From mboxrd@z Thu Jan 1 00:00:00 1970 Return-Path: Received: from mails.dpdk.org (mails.dpdk.org [217.70.189.124]) by inbox.dpdk.org (Postfix) with ESMTP id 1B4CA48B1E for ; Sun, 16 Nov 2025 04:48:02 +0100 (CET) Received: from mails.dpdk.org (localhost [127.0.0.1]) by mails.dpdk.org (Postfix) with ESMTP id F14504026C; Sun, 16 Nov 2025 04:48:01 +0100 (CET) Received: from mail-pl1-f226.google.com (mail-pl1-f226.google.com [209.85.214.226]) by mails.dpdk.org (Postfix) with ESMTP id 6519D4026C for ; Sun, 16 Nov 2025 04:48:00 +0100 (CET) Received: by mail-pl1-f226.google.com with SMTP id d9443c01a7336-29844c68068so30454605ad.2 for ; Sat, 15 Nov 2025 19:48:00 -0800 (PST) DKIM-Signature: v=1; a=rsa-sha256; c=relaxed/relaxed; d=iol.unh.edu; s=unh-iol; t=1763264879; x=1763869679; darn=dpdk.org; h=references:in-reply-to:cc:to:from:subject:message-id:date:from:to :cc:subject:date:message-id:reply-to; bh=OeUeipeeHPUIbHjRxJhp/XCdExWTQRV8SXEkIieNBKI=; b=KAjX6Fx3/Gl/6jXLJZ2YRCDhSFnewK7k9dTDSbayi0C5lvbeK2PuQixf41ppwJTTmk jNDJI9/QHX/YfJYUImWt3YyHvY1ChRxHy+gmBceWIUDW/jb1mv5+KkdoV8dvRout9Psr 6T+yJmZYOGtqrLFv9jIU6MX7tIIOT+56QOXow= X-Google-DKIM-Signature: v=1; a=rsa-sha256; c=relaxed/relaxed; d=1e100.net; s=20230601; t=1763264879; x=1763869679; h=references:in-reply-to:cc:to:from:subject:message-id:date:x-gm-gg :x-gm-message-state:from:to:cc:subject:date:message-id:reply-to; bh=OeUeipeeHPUIbHjRxJhp/XCdExWTQRV8SXEkIieNBKI=; b=ENeraZAqIUtutcbvFa9JwXmvjD8k3b00X1ck3o/V4PqX1oZSt8/XkbzuSUDwwtCGjW SVb+RPoD8zRygMPbi9prIN2LweGqC/02NFrlzgUJ9K9yTc/MevoT4aSGuxQd6pUI0nSl MesnUa/5kHkl6hzfBHXp/5uJVNU1bejWNLA3dVRpgvbDdkcPGBD7XFly5MPORh9Q5V70 pvmyGqp9rmN3jWiMF8m3ifL9NfPIGY8iLzGEEQr3lduqsWZY88scF6bXSf4Kudngkvnq A/J3JmVPBEtL+1grt5SGOCcrT+7wofLNo6ObsgbOilQJnb1UOit7VqTFgDWtVo+Afn61 rtSg== X-Gm-Message-State: AOJu0YxJCGhuW5hpEOMB8OBzep0/rqMK3uw21Uj84XtcPwg8C4n6HO1W wGznV8y3YZRtCof/hBgAg69akvgMxie1xQryyPENXRGwI6FtW7chN0sRfwAYF7pSe0Itjez8ipz /nLhQ9oplxhz8qA4BCTOdsyJ9gANyIGzjPIrhkCxl1giw X-Gm-Gg: ASbGncvHkmLiBUNZmJC3tHS2L+wNCntAM3jBgeUAUujQw6r7yNmOZYwt42bIQJ2erZ7 rfBxOjX6JZnNQqu+0q5v2Ts0jb2xTSkWZqGbyolNwl2x6a6Kv3wP42r09nv1F/grpFyooNjx988 EPgwoQabtYa7THrAXqIXUl7kPahr8DLfsVmnRf9SfJKa+cYO1dCVw7Zr5TA1KAohSMblzNII6Z2 RylPKIZpIropeFdcZ5QEAjUFqUGW5eF7CNaM2i9EbO0YIIgwmN13ZV+AgEmiN5zrWd99iO+4osd YX0eYWFRCVyNwMVgYH7E69Ma54Uw0CkRNbXNx5Revwm4/1ETv51ZblX9jS71ft9drmgqKPAqYMe AeRsdz7tITsKXt1KaBVp+GIWo9/luKcc= X-Google-Smtp-Source: AGHT+IHp3UUtskJTQ65JtSIpx5GJ+74W7nKT65d/mRjAcDE/fXv2csaK/MY1KQk6E0UDG6g3hY1lo3oinGCK X-Received: by 2002:a17:903:1446:b0:294:f310:5224 with SMTP id d9443c01a7336-2986a73b980mr93793285ad.29.1763264879491; Sat, 15 Nov 2025 19:47:59 -0800 (PST) Received: from postal.iol.unh.edu (postal.iol.unh.edu. [132.177.123.84]) by smtp-relay.gmail.com with ESMTPS id d9443c01a7336-2985c2b8544sm10375965ad.51.2025.11.15.19.47.59 (version=TLS1_2 cipher=ECDHE-ECDSA-AES128-GCM-SHA256 bits=128/128); Sat, 15 Nov 2025 19:47:59 -0800 (PST) X-Relaying-Domain: iol.unh.edu Date: Sat, 15 Nov 2025 19:47:59 -0800 (PST) Message-ID: <6919496f.170a0220.347d27.3471SMTPIN_ADDED_MISSING@mx.google.com> Received: from [172.21.0.2] (unknown [172.18.0.240]) by postal.iol.unh.edu (Postfix) with ESMTP id 58C0460003F4; Sat, 15 Nov 2025 22:47:58 -0500 (EST) Subject: |FAILURE| pw158825-158828 [PATCH] [4/4] test: use unit test runner f From: dpdklab@iol.unh.edu To: Test Report Cc: dpdk-test-reports@iol.unh.edu, Stephen Hemminger In-Reply-To: <20251115193409.99740-5-stephen@networkplumber.org> References: <20251115193409.99740-5-stephen@networkplumber.org> Content-Type: text/plain X-BeenThere: test-report@dpdk.org X-Mailman-Version: 2.1.29 Precedence: list List-Id: automatic DPDK test reports List-Unsubscribe: , List-Archive: List-Post: List-Help: List-Subscribe: , Errors-To: test-report-bounces@dpdk.org Test-Label: iol-unit-arm64-testing Test-Status: FAILURE http://dpdk.org/patch/158828 _Testing issues_ Submitter: Stephen Hemminger Date: Saturday, November 15 2025 19:33:10 DPDK git baseline: Repo:dpdk Branch: master CommitID:be0112878b4fc3a1b918370ed2fe615c52039d77 158825-158828 --> testing issues Upstream job id: Generic-Unit-Test-DPDK#393096 Test environment and result as below: +------------------------------+---------------------------+--------------+------------------------------+----------------+ | Environment | cryptodev_sw_zuc_autotest | lpm_autotest | cryptodev_sw_snow3g_autotest | dpdk_unit_test | +==============================+===========================+==============+==============================+================+ | Debian 12 (arm) | WARN | SKIPPED | PEND | SKIPPED | +------------------------------+---------------------------+--------------+------------------------------+----------------+ | Ubuntu 20.04 | SKIPPED | PASS | SKIPPED | PEND | +------------------------------+---------------------------+--------------+------------------------------+----------------+ | CentOS Stream 9 | SKIPPED | SKIPPED | SKIPPED | PEND | +------------------------------+---------------------------+--------------+------------------------------+----------------+ | Debian GNU/Linux 12 | SKIPPED | SKIPPED | SKIPPED | PEND | +------------------------------+---------------------------+--------------+------------------------------+----------------+ | CentOS Stream 10 | SKIPPED | SKIPPED | SKIPPED | PEND | +------------------------------+---------------------------+--------------+------------------------------+----------------+ | Fedora Linux 41 | SKIPPED | SKIPPED | SKIPPED | PEND | +------------------------------+---------------------------+--------------+------------------------------+----------------+ | Fedora Linux 40 | SKIPPED | SKIPPED | SKIPPED | PEND | +------------------------------+---------------------------+--------------+------------------------------+----------------+ | Fedora Linux 42 | SKIPPED | SKIPPED | SKIPPED | PEND | +------------------------------+---------------------------+--------------+------------------------------+----------------+ | Ubuntu 22.04 | SKIPPED | SKIPPED | SKIPPED | PASS | +------------------------------+---------------------------+--------------+------------------------------+----------------+ | Red Hat Enterprise Linux 9.5 | SKIPPED | SKIPPED | SKIPPED | PEND | +------------------------------+---------------------------+--------------+------------------------------+----------------+ | Ubuntu 24.04 | SKIPPED | SKIPPED | SKIPPED | PEND | +------------------------------+---------------------------+--------------+------------------------------+----------------+ ==== 20 line log output for Debian 12 (arm) (cryptodev_sw_zuc_autotest): ==== 63 | return (size_t)snprintf(dst, size, "%s", src); | ^~~~~~~~~~~~~~~~~~~~~~~~~~~~~~ ../lib/eal/include/rte_string_fns.h:63:24: note: 'snprintf' output between 1 and 640 bytes into a destination of size 128 In function 'rte_strlcpy', inlined from 'setup_acl_pipeline.isra' at ../app/test/test_table_acl.c:545:4: ../lib/eal/include/rte_string_fns.h:63:24: error: '%s' directive output may be truncated writing up to 639 bytes into a region of size 128 [-Werror=format-truncation=] 63 | return (size_t)snprintf(dst, size, "%s", src); | ^~~~~~~~~~~~~~~~~~~~~~~~~~~~~~ ../lib/eal/include/rte_string_fns.h:63:24: note: 'snprintf' output between 1 and 640 bytes into a destination of size 128 In function 'rte_strlcpy', inlined from 'setup_acl_pipeline.isra' at ../app/test/test_table_acl.c:597:4: ../lib/eal/include/rte_string_fns.h:63:24: error: '%s' directive output may be truncated writing up to 639 bytes into a region of size 128 [-Werror=format-truncation=] 63 | return (size_t)snprintf(dst, size, "%s", src); | ^~~~~~~~~~~~~~~~~~~~~~~~~~~~~~ ../lib/eal/include/rte_string_fns.h:63:24: note: 'snprintf' output between 1 and 640 bytes into a destination of size 128 cc1: all warnings being treated as errors [3806/3829] Compiling C object app/dpdk-test.p/test_test_ring.c.o [3807/3829] Compiling C object app/dpdk-test.p/test_test_ring_perf.c.o [3808/3829] Compiling C object app/dpdk-test.p/test_test_table_combined.c.o ninja: build stopped: subcommand failed. ==== End log output ==== Debian 12 (arm) Kernel: Depends on container host Compiler: gcc (Debian 12.2.0-14) 12.2.0 Ubuntu 20.04 Kernel: 5.4 Compiler: gcc gcc (Ubuntu 9.4.0-1ubuntu1~20.04.2) 9.4.0 CentOS Stream 9 Kernel: 5.4 Compiler: gcc gcc (GCC) 11.5.0 20240719 (Red Hat 11.5.0-11) Debian GNU/Linux 12 Kernel: 5.4 Compiler: gcc gcc (Debian 12.2.0-14+deb12u1) 12.2.0 CentOS Stream 10 Kernel: 5.4 Compiler: gcc gcc (GCC) 14.2.1 20250110 (Red Hat 14.2.1-8) Fedora Linux 41 Kernel: 5.4 Compiler: clang gcc (GCC) 14.3.1 20250523 (Red Hat 14.3.1-1) Fedora Linux 40 Kernel: 5.4 Compiler: clang gcc (GCC) 14.2.1 20240912 (Red Hat 14.2.1-3) Fedora Linux 42 Kernel: 5.4 Compiler: clang gcc (GCC) 15.2.1 20250808 (Red Hat 15.2.1-1) Ubuntu 22.04 Kernel: 5.4 Compiler: gcc gcc (Ubuntu 11.4.0-1ubuntu1~22.04) 11.4.0 Red Hat Enterprise Linux 9.5 Kernel: 5.4 Compiler: gcc gcc (GCC) 11.5.0 20240719 (Red Hat 11.5.0-2) Ubuntu 24.04 Kernel: 5.4 Compiler: gcc gcc (Ubuntu 13.3.0-6ubuntu2~24.04) 13.3.0 To view detailed results, visit: https://lab.dpdk.org/results/dashboard/patchsets/34605/ UNH-IOL DPDK Community Lab To manage your email subscriptions, visit: https://lab.dpdk.org/results/dashboard/preferences/subscriptions/