From mboxrd@z Thu Jan 1 00:00:00 1970 Return-Path: Received: from mails.dpdk.org (mails.dpdk.org [217.70.189.124]) by inbox.dpdk.org (Postfix) with ESMTP id 4585148B20 for ; Sun, 16 Nov 2025 06:41:47 +0100 (CET) Received: from mails.dpdk.org (localhost [127.0.0.1]) by mails.dpdk.org (Postfix) with ESMTP id 28F664026C; Sun, 16 Nov 2025 06:41:47 +0100 (CET) Received: from mail-oo1-f98.google.com (mail-oo1-f98.google.com [209.85.161.98]) by mails.dpdk.org (Postfix) with ESMTP id 27E7A4026C for ; Sun, 16 Nov 2025 06:41:46 +0100 (CET) Received: by mail-oo1-f98.google.com with SMTP id 006d021491bc7-657534478a0so9714eaf.1 for ; Sat, 15 Nov 2025 21:41:46 -0800 (PST) DKIM-Signature: v=1; a=rsa-sha256; c=relaxed/relaxed; d=iol.unh.edu; s=unh-iol; t=1763271705; x=1763876505; darn=dpdk.org; h=cc:to:from:subject:message-id:date:from:to:cc:subject:date :message-id:reply-to; bh=/6zxcvNezO2HntJDicJY7C5FOx2eV3vF6uV8zJY4ctk=; b=fg4XOkNydOneV7an0kSw5N9MlpB8lBzdp3dMQhjwHIiq9EClPt1m/YTo32McVvG5Ch J+1Xr08JKPrH/iiMvulvBg3+wbGnwf9eSsZnfVuVlrDBUBhjWwr3/OqCZTfzcZ4gtBvN ZB2avbRHHhD0NEynPW8WFmOQXMr8jkF+/4+iM= X-Google-DKIM-Signature: v=1; a=rsa-sha256; c=relaxed/relaxed; d=1e100.net; s=20230601; t=1763271705; x=1763876505; h=cc:to:from:subject:message-id:date:x-gm-gg:x-gm-message-state:from :to:cc:subject:date:message-id:reply-to; bh=/6zxcvNezO2HntJDicJY7C5FOx2eV3vF6uV8zJY4ctk=; b=v7JA63MPf+dbJGzwx3T2RyVsjlgpT0+hY0testIthEfeLW+E8I1pA/GGqJsv9da/cH wjpypCzb2WMkobH0y0WdZPRoWDlI2Na+2EllMXZE5C2tXp4oznbX53W55QQGoUP0uGG9 OR/CTAzu3y+z83+qbjBw0Ez9qpfDqaoEKcrDdC7Zj78hvaco667CjVEsy4Ga6RyiNnvE nm3VeYvpOJrlpZyHOzbcfTj49L3E+k8R02EvhEsCIj3u1oJVPEQ5tEobID3FR6ePQWhR Pl38l2Uu8T06iemRZxyGPJaXmFZacA8WXRV9Srr17Q7bShGKDU4x1NcVHG+ZMgiN2dNz /6eQ== X-Gm-Message-State: AOJu0Yx43yqvR+/1h2tuJF5pzfhDVRifOhmIDjX2jS5Pr1yt6i9BFkvw S2ymcBW8H1Y8VboD4C+9w8iDW/qZmJKDAr1345okCaypPs9kx0T2EJr+nd1BhK3tRBmM1IueYv0 FTy71wm+Auvn5Q5jDfhDD59BqFmZOiBjR7ptT X-Gm-Gg: ASbGncsbT648d8hH3ew6Eihh2TeCKQkRj82vh4QwmWHIEYDOZGHCSDB/GaaBUFucOlQ eXylmsm/3CocsTIgNnBwLrEhAhaDVKL6ZalotK2bnSuUzEwQ5cuEMUaHpY4UYElj0NBfVwPfrdO 2NygAGZLMRQpNOZwXrDhCn3d3VQL0mGMSPP/qBtEhauABI21koVMYWjwbksm5pugQrGTYZIoa27 1SvI1vBL6MXD1crGPbdNpFY2kliYDR3mxdFAWm0g4MCZWeVstB1qmnYOlQlJRhWsM7n38w6lByW +qVjE1F23RcrJCOTPNMLx89WBCd25jyZmfK1AtmNC1/RZlhPTFldoCOQ7ZZ6DfPpdQ9LMvQBrew ATgFsox/zjKvRWkUgxQFg953AOZGn6Sg= X-Google-Smtp-Source: AGHT+IEEE6C29m6i1rgU1qS9NMD5MJ9sI4ngNHXI6PrLp7GnTYqn66NlveVlayOfkBFa5cLsNQ+9yw7YcP3o X-Received: by 2002:a05:6870:41d5:b0:3d3:b73d:38b7 with SMTP id 586e51a60fabf-3e868f1a992mr3713282fac.17.1763271705289; Sat, 15 Nov 2025 21:41:45 -0800 (PST) Received: from postal.iol.unh.edu (postal.iol.unh.edu. [132.177.123.84]) by smtp-relay.gmail.com with ESMTPS id 46e09a7af769-7c73a35dcedsm1011859a34.7.2025.11.15.21.41.45 (version=TLS1_2 cipher=ECDHE-ECDSA-AES128-GCM-SHA256 bits=128/128); Sat, 15 Nov 2025 21:41:45 -0800 (PST) X-Relaying-Domain: iol.unh.edu Date: Sat, 15 Nov 2025 21:41:45 -0800 (PST) Message-ID: <69196419.050a0220.19c9e0.29f2SMTPIN_ADDED_MISSING@mx.google.com> Received: from [172.21.0.3] (unknown [172.18.0.240]) by postal.iol.unh.edu (Postfix) with ESMTP id 414766051830; Sun, 16 Nov 2025 00:41:44 -0500 (EST) Subject: |FAILURE| [GIT MASTER] 62f583c49bf67dd4d6733ece14e55fe6839e66d1 From: dpdklab@iol.unh.edu To: Test Report Cc: dpdk-test-reports@iol.unh.edu, Xueming Li , Christian Ehrhardt , Kevin Traynor , Luca Boccassi Content-Type: text/plain X-BeenThere: test-report@dpdk.org X-Mailman-Version: 2.1.29 Precedence: list List-Id: automatic DPDK test reports List-Unsubscribe: , List-Archive: List-Post: List-Help: List-Subscribe: , Errors-To: test-report-bounces@dpdk.org _Testing issues_ Branch: tags/v23.11 62f583c49bf67dd4d6733ece14e55fe6839e66d1 --> testing issues Upstream job id: Windows-Compile-DPDK-Native#32440 Test environment and result as below: +-------------------------------+--------------------+------------------+-------------------+-------------------------+ | Environment | dpdk_meson_compile | dpdk_compile_ovs | dpdk_msvc_compile | dpdk_llvm_clang_compile | +===============================+====================+==================+===================+=========================+ | Ubuntu 20.04 | PEND | SKIPPED | SKIPPED | SKIPPED | +-------------------------------+--------------------+------------------+-------------------+-------------------------+ | FreeBSD 14.2 | PASS | SKIPPED | SKIPPED | SKIPPED | +-------------------------------+--------------------+------------------+-------------------+-------------------------+ | CentOS Stream 10 | PEND | SKIPPED | SKIPPED | SKIPPED | +-------------------------------+--------------------+------------------+-------------------+-------------------------+ | CentOS Stream 9 | PEND | SKIPPED | SKIPPED | SKIPPED | +-------------------------------+--------------------+------------------+-------------------+-------------------------+ | Fedora Linux 42 | PEND | PEND | SKIPPED | SKIPPED | +-------------------------------+--------------------+------------------+-------------------+-------------------------+ | openSUSE Leap 15.6 | PEND | SKIPPED | SKIPPED | SKIPPED | +-------------------------------+--------------------+------------------+-------------------+-------------------------+ | Debian GNU/Linux 12 | PEND | SKIPPED | SKIPPED | SKIPPED | +-------------------------------+--------------------+------------------+-------------------+-------------------------+ | Red Hat Enterprise Linux 9.5 | PEND | SKIPPED | SKIPPED | SKIPPED | +-------------------------------+--------------------+------------------+-------------------+-------------------------+ | Red Hat Enterprise Linux 8.10 | PEND | SKIPPED | SKIPPED | SKIPPED | +-------------------------------+--------------------+------------------+-------------------+-------------------------+ | Alpine Linux 3.22.0 | PEND | SKIPPED | SKIPPED | SKIPPED | +-------------------------------+--------------------+------------------+-------------------+-------------------------+ | Ubuntu 24.04 | PEND | PEND | SKIPPED | SKIPPED | +-------------------------------+--------------------+------------------+-------------------+-------------------------+ | Ubuntu 22.04 | PEND | SKIPPED | SKIPPED | SKIPPED | +-------------------------------+--------------------+------------------+-------------------+-------------------------+ | Windows Server 2022 | SKIPPED | SKIPPED | PASS | FAIL | +-------------------------------+--------------------+------------------+-------------------+-------------------------+ ==== 20 line log output for Windows Server 2022 (dpdk_llvm_clang_compile): ==== Compiler for C supports arguments -mavx512f: YES (cached) Compiler for C supports arguments -mavx512bw: YES (cached) Compiler for C supports arguments -mavx512dq: YES (cached) Compiler for C supports arguments -march=skylake-avx512: YES Message: drivers/common/idpf: Defining dependency "common_idpf" Message: drivers/bus/auxiliary: Defining dependency "bus_auxiliary" Compiler for C supports arguments -Wno-cast-qual: YES (cached) Compiler for C supports arguments -Wno-pointer-arith: YES (cached) Message: drivers/bus/pci: Defining dependency "bus_pci" Message: drivers/bus/vdev: Defining dependency "bus_vdev" Compiler for C supports arguments -std=c11: YES Compiler for C supports arguments -Wno-strict-prototypes: YES Compiler for C supports arguments -D_BSD_SOURCE: YES Compiler for C supports arguments -D_DEFAULT_SOURCE: YES Compiler for C supports arguments -D_XOPEN_SOURCE=600: YES Has header "mlx5devx.h" : YES drivers\common\mlx5\windows\meson.build:10:13: ERROR: C shared or static library 'mlx5devx' not found A full log can be found at C:\Users\builder\jenkins\workspace\Windows-Compile-DPDK-Native\dpdk\build\meson-logs\meson-log.txt ==== End log output ==== Ubuntu 20.04 Kernel: 4.19 Compiler: gcc gcc (Ubuntu 9.4.0-1ubuntu1~20.04.2) 9.4.0 FreeBSD 14.2 Kernel: 14.2-RELEASE Compiler: clang 18.1.6 CentOS Stream 10 Kernel: 5.15 Compiler: gcc gcc (GCC) 14.2.1 20250110 (Red Hat 14.2.1-8) CentOS Stream 9 Kernel: 5.15 Compiler: gcc gcc (GCC) 11.5.0 20240719 (Red Hat 11.5.0-11) Fedora Linux 42 Kernel: 5.15 Compiler: gcc gcc (GCC) 15.2.1 20250808 (Red Hat 15.2.1-1) openSUSE Leap 15.6 Kernel: 5.15 Compiler: gcc gcc (SUSE Linux) 7.5.0 Debian GNU/Linux 12 Kernel: 5.15 Compiler: gcc gcc (Debian 12.2.0-14+deb12u1) 12.2.0 Red Hat Enterprise Linux 9.5 Kernel: 5.15 Compiler: gcc gcc (GCC) 11.5.0 20240719 (Red Hat 11.5.0-2) Red Hat Enterprise Linux 8.10 Kernel: 5.15 Compiler: gcc gcc (GCC) 8.5.0 20210514 (Red Hat 8.5.0-22) Alpine Linux 3.22.0 Kernel: 5.15 Compiler: gcc gcc (Alpine 14.2.0) 14.2.0 Ubuntu 24.04 Kernel: 5.15 Compiler: gcc gcc (Ubuntu 13.3.0-6ubuntu2~24.04) 13.3.0 Ubuntu 22.04 Kernel: 5.15 Compiler: gcc gcc (Ubuntu 11.4.0-1ubuntu1~22.04) 11.4.0 Windows Server 2022 Kernel: 10.0.20348.2031 Compiler: clang 15.0.7, gcc 14.1.0 (MinGW), and MSVC VS 19.39.33521 To view detailed results, visit: https://lab.dpdk.org/results/dashboard/tarballs/35615/ UNH-IOL DPDK Community Lab To manage your email subscriptions, visit: https://lab.dpdk.org/results/dashboard/preferences/subscriptions/