From mboxrd@z Thu Jan 1 00:00:00 1970 Return-Path: Received: from mails.dpdk.org (mails.dpdk.org [217.70.189.124]) by inbox.dpdk.org (Postfix) with ESMTP id 9E66F48B24 for ; Sun, 16 Nov 2025 08:16:59 +0100 (CET) Received: from mails.dpdk.org (localhost [127.0.0.1]) by mails.dpdk.org (Postfix) with ESMTP id 92F624026C; Sun, 16 Nov 2025 08:16:59 +0100 (CET) Received: from mail-io1-f99.google.com (mail-io1-f99.google.com [209.85.166.99]) by mails.dpdk.org (Postfix) with ESMTP id D9E914026C for ; Sun, 16 Nov 2025 08:16:57 +0100 (CET) Received: by mail-io1-f99.google.com with SMTP id ca18e2360f4ac-949022f1c85so22513639f.0 for ; Sat, 15 Nov 2025 23:16:57 -0800 (PST) DKIM-Signature: v=1; a=rsa-sha256; c=relaxed/relaxed; d=iol.unh.edu; s=unh-iol; t=1763277417; x=1763882217; darn=dpdk.org; h=cc:to:from:subject:message-id:date:from:to:cc:subject:date :message-id:reply-to; bh=+E0AbkZv+2FdOBSt416LrGODun3GXgiErqbCP+Qrnng=; b=S4u1MPAh1SHElyxyy9fhroELZV3TsfUUBvmqU/Nn1tpJ1Y5vywMbKbUlFvcDTmdM/2 dzvTmOB21m0IaxKefU3eEI+Mx1iFwEcGvAGr8ZQ55odOrtUYbWKh2LJ/7Og04oo6GxtM 3sTRlZI+zNpEz07jaSJgMGU69Vvr7dI1+YBAg= X-Google-DKIM-Signature: v=1; a=rsa-sha256; c=relaxed/relaxed; d=1e100.net; s=20230601; t=1763277417; x=1763882217; h=cc:to:from:subject:message-id:date:x-gm-gg:x-gm-message-state:from :to:cc:subject:date:message-id:reply-to; bh=+E0AbkZv+2FdOBSt416LrGODun3GXgiErqbCP+Qrnng=; b=ctTQl8BgofNizhHfy3PyEOJeUfVVUzl7aLI18QrcS1bPsBQdAb5O1PfTnQ+wKskzoZ 3H7ViHpviPLEuL9IelUOOEfcrTs7CLcsmgkg/5N5iZFarlI/iblna/HP4VGVsjWks31e r/fXLT1yt0dHBNl7bRha1TjlYMPHt3tMPoQN0LoSu1AXV5O7gF3RFCuPTAdMXDYcMijW kMdg1StqyqIGF3KU+55ZFyy4S8D0kWsBhZl5Nm9u9JRxIC+YzKc0Fcda7Rg7jYx4ACqA PB7T9P3lgQtVVNqwF9/gYrbsC82C4RTVqaelpZ4GiaVmv0fXcIKSPUMHOge0haT4auDD m6/A== X-Gm-Message-State: AOJu0YxF9B89I4daBMQkcldad0mX1CRr5fS90r/E/CqoGSP1Y5r52htJ ca4V/iGOjmNUZerYdC0+10Ehguc19LOemohfm6EMTOqSHanJuvZMaeZyNo52Rjav5lhgOwOQO/F PJ0D7lIJkrBnD5F37NSrSufvoiNSwUuaiE3a9 X-Gm-Gg: ASbGncuWn2d8aZ2nTaPyGU9C8MLPddfp5p1nMO3otQZEOJtzHSbAs4wo6sXCHxNHZH5 d0+DhORTMAzf8OiaaMRBW33P/mHsoBir1BSpZ/Ax1mOadKCo2j3/HI19dKcTc3vlmNQAlJFDZD/ eFMhR86iWFQm/fvmfFA6JVxIgpMpYXXrnAGWKpbMPX/upgf3Rr4NCPirVdZrK6lW8p8mAtSV2nY C692hwwnxZHKdefEBav3Bz54Op3rJ7rkZd9y9K8cxyxxI/nNVHelxLeLUa3Afeg5mZrNTj9pEpa N8ozKCwEqtrvNSZTCZITYTwCw0RHtWqoqRI66wXoHpK34xr9bniKmxcnriS4zLRR5Km4MwFr59B 02zKcxbI1mMsyLCHAql0HspVSLnwfeB0= X-Google-Smtp-Source: AGHT+IFErWyfr/O+SwMtq5VP4mwxnoT1CQ7SshcP3dIPX5rx0t70yWJI6r3xCO97R5kNbXEKg7luzqhdJmEs X-Received: by 2002:a05:6638:285a:b0:5ac:3c17:59de with SMTP id 8926c6da1cb9f-5b7c9c31616mr4072561173.3.1763277417173; Sat, 15 Nov 2025 23:16:57 -0800 (PST) Received: from postal.iol.unh.edu (postal.iol.unh.edu. [132.177.123.84]) by smtp-relay.gmail.com with ESMTPS id 8926c6da1cb9f-5b7bd319dcbsm593598173.20.2025.11.15.23.16.57 (version=TLS1_2 cipher=ECDHE-ECDSA-AES128-GCM-SHA256 bits=128/128); Sat, 15 Nov 2025 23:16:57 -0800 (PST) X-Relaying-Domain: iol.unh.edu Date: Sat, 15 Nov 2025 23:16:57 -0800 (PST) Message-ID: <69197a69.050a0220.7580c.c922SMTPIN_ADDED_MISSING@mx.google.com> Received: from [172.21.0.2] (unknown [172.18.0.240]) by postal.iol.unh.edu (Postfix) with ESMTP id CAB6D6051830; Sun, 16 Nov 2025 02:16:56 -0500 (EST) Subject: |FAILURE| [GIT MASTER] 62f583c49bf67dd4d6733ece14e55fe6839e66d1 From: dpdklab@iol.unh.edu To: Test Report Cc: dpdk-test-reports@iol.unh.edu, Xueming Li , Christian Ehrhardt , Kevin Traynor , Luca Boccassi Content-Type: text/plain X-BeenThere: test-report@dpdk.org X-Mailman-Version: 2.1.29 Precedence: list List-Id: automatic DPDK test reports List-Unsubscribe: , List-Archive: List-Post: List-Help: List-Subscribe: , Errors-To: test-report-bounces@dpdk.org _Testing issues_ Branch: tags/v23.11 62f583c49bf67dd4d6733ece14e55fe6839e66d1 --> testing issues Upstream job id: Generic-Unit-Test-DPDK#393249 Test environment and result as below: +-------------------------------+----------------+ | Environment | dpdk_unit_test | +===============================+================+ | CentOS Stream 9 | PASS | +-------------------------------+----------------+ | CentOS Stream 10 | PASS | +-------------------------------+----------------+ | Debian GNU/Linux 12 | PASS | +-------------------------------+----------------+ | Fedora Linux 41 | PASS | +-------------------------------+----------------+ | Fedora Linux 40 | PASS | +-------------------------------+----------------+ | Red Hat Enterprise Linux 8.10 | PASS | +-------------------------------+----------------+ | Fedora Linux 42 | PASS | +-------------------------------+----------------+ | Red Hat Enterprise Linux 9.5 | PASS | +-------------------------------+----------------+ | Ubuntu 22.04 | PASS | +-------------------------------+----------------+ | Ubuntu 20.04 | PASS | +-------------------------------+----------------+ | Ubuntu 24.04 | PASS | +-------------------------------+----------------+ | Windows Server 2022 | FAIL | +-------------------------------+----------------+ ==== Unit test summary for Windows Server 2022 (dpdk_unit_test): ==== Failed to get the unit test results. Displaying the unit test results is not supported for some environments, such as our aarch32 testing, where meson is not used to run the tests. Download the logs available on our CI site. ==== End log output ==== CentOS Stream 9 Kernel: 5.15 Compiler: gcc gcc (GCC) 11.5.0 20240719 (Red Hat 11.5.0-11) CentOS Stream 10 Kernel: 5.15 Compiler: gcc gcc (GCC) 14.2.1 20250110 (Red Hat 14.2.1-8) Debian GNU/Linux 12 Kernel: 5.15 Compiler: gcc gcc (Debian 12.2.0-14+deb12u1) 12.2.0 Fedora Linux 41 Kernel: 5.15 Compiler: clang gcc (GCC) 14.3.1 20250523 (Red Hat 14.3.1-1) Fedora Linux 40 Kernel: 5.15 Compiler: gcc gcc (GCC) 14.2.1 20240912 (Red Hat 14.2.1-3) Red Hat Enterprise Linux 8.10 Kernel: 5.15 Compiler: gcc gcc (GCC) 8.5.0 20210514 (Red Hat 8.5.0-22) Fedora Linux 42 Kernel: 5.15 Compiler: gcc gcc (GCC) 15.2.1 20250808 (Red Hat 15.2.1-1) Red Hat Enterprise Linux 9.5 Kernel: 5.15 Compiler: gcc gcc (GCC) 11.5.0 20240719 (Red Hat 11.5.0-2) Ubuntu 22.04 Kernel: 5.15 Compiler: gcc gcc (Ubuntu 11.4.0-1ubuntu1~22.04) 11.4.0 Ubuntu 20.04 Kernel: 5.15 Compiler: gcc gcc (Ubuntu 9.4.0-1ubuntu1~20.04.2) 9.4.0 Ubuntu 24.04 Kernel: 5.15 Compiler: gcc gcc (Ubuntu 13.3.0-6ubuntu2~24.04) 13.3.0 Windows Server 2022 Kernel: 10.0.20348.2031 Compiler: clang 15.0.7, gcc 14.1.0 (MinGW), and MSVC VS 19.39.33521 To view detailed results, visit: https://lab.dpdk.org/results/dashboard/tarballs/35615/ UNH-IOL DPDK Community Lab To manage your email subscriptions, visit: https://lab.dpdk.org/results/dashboard/preferences/subscriptions/