From mboxrd@z Thu Jan 1 00:00:00 1970 Return-Path: Received: from mails.dpdk.org (mails.dpdk.org [217.70.189.124]) by inbox.dpdk.org (Postfix) with ESMTP id 01B6448B26 for ; Sun, 16 Nov 2025 10:41:58 +0100 (CET) Received: from mails.dpdk.org (localhost [127.0.0.1]) by mails.dpdk.org (Postfix) with ESMTP id DD3084026C; Sun, 16 Nov 2025 10:41:58 +0100 (CET) Received: from mail-yx1-f98.google.com (mail-yx1-f98.google.com [74.125.224.98]) by mails.dpdk.org (Postfix) with ESMTP id 4F7764026C for ; Sun, 16 Nov 2025 10:41:57 +0100 (CET) Received: by mail-yx1-f98.google.com with SMTP id 956f58d0204a3-641e9422473so1823805d50.2 for ; Sun, 16 Nov 2025 01:41:57 -0800 (PST) DKIM-Signature: v=1; a=rsa-sha256; c=relaxed/relaxed; d=iol.unh.edu; s=unh-iol; t=1763286116; x=1763890916; darn=dpdk.org; h=cc:to:from:subject:message-id:date:from:to:cc:subject:date :message-id:reply-to; bh=069a9c9LLPBl4iT67XLKrLd/9Pdb0yLdkAfGsYKVXX4=; b=OVoX24RL+aBaqJSdXfdLuq1hXeUWOFPFu3cQfJdMoMZeqpoBgpiRSHGM4seuo3oVuG MN/0WQNP9SjZbDBSReM/DRoVrmUw4e8fTP+WCoXT7stb0lASrhixkWME/+Y/zeYweS5J D9QM9/JOYSoprXhAZsXYvLA4AY5Ak3rlkHqYs= X-Google-DKIM-Signature: v=1; a=rsa-sha256; c=relaxed/relaxed; d=1e100.net; s=20230601; t=1763286116; x=1763890916; h=cc:to:from:subject:message-id:date:x-gm-gg:x-gm-message-state:from :to:cc:subject:date:message-id:reply-to; bh=069a9c9LLPBl4iT67XLKrLd/9Pdb0yLdkAfGsYKVXX4=; b=D2NN305MXVqJdnEdiE5o3reTNd8LZLLhIqX8wu4HCECTvvjt+aOQG/Tj1TVuMjmDX3 ewoFpeOIJlKluSGe3DEFnH4XdJ5lECg/MDMn33zf6HW5PXf7fgKkS8nPXijv3Wi1PDdF 4oNbrcwQAgaM4IJNJphT8D5/UVYP8Y+ul6L7Zo2fyDEP3IYUK0ZsdHMY+vWR0vEvpnyJ GvBpQR5KVcLsNfTP26FQYhHOO1qNR/fOKi+PbHjOPrH5VUwdbbfkHsgSb2g99smxHKbV 0UDFFdbYTR3JfUjPAxWiWKhhC1AwawTbuGeB31v1rA4G++KmdgmxFkGKrHZbZQJybXdf Hj1A== X-Gm-Message-State: AOJu0Yx/t15PXHeZYFTgqCNzTh761Iod+uoOhX89+dks7WGzSJQTy+O5 zziHyDg3iTRNGa4YDrzBNGt8Ol0mbwOcqoD3U8sjvNUwKyzczYBOT+si6siaNtcmGJivcZ1Lu+c tyGNyRw2vCJzcMm/Qxe8QPRN4De+0YGPsRItx X-Gm-Gg: ASbGnctFd6/Un/DuDjzpyYEsb7rENZNh+W68Fk6TACzlugY988fdgMLx27a5ReEm0+L x/+WpZQc0i/XMKhvrkGwbVk/fSOYR34njM5hvqXAUl/70wEI9mWnH4i48PHX+n6GQmAVqWAak9b o2dWI9fEVuiWrwZ7PUkJlK4ZSWWyNbG3bDGsBcZuNs7BTTw1HaRsTJmmPWZKAZ1TXy0b3j/IIiy /TEhZzEZzD3ReLslpoCoNgbPIbfB13xT75a+iQYDsVhw5baT5xVBRIuPZVN6U1hmqYY+kBHhsuP KSqY5tUw9TLN2hMKnSthNkydzDNUtsLkdQQmtyWcEDkpp432Ubc62dTc0BTix92aWLj63znYz3K +5qMJFZJmfT0v4ffjjxg/3kHZDNavnrg= X-Google-Smtp-Source: AGHT+IE56XXc82HdOsgHZpdm6aqcotPiVuMCyqccNgcXX89vtDmWXAnKp9h+Eb8Tylhau2oJuQwPHqgwcJDh X-Received: by 2002:a05:690c:6a86:b0:787:f043:1f10 with SMTP id 00721157ae682-78929f20e83mr144857277b3.66.1763286116593; Sun, 16 Nov 2025 01:41:56 -0800 (PST) Received: from postal.iol.unh.edu (postal.iol.unh.edu. [132.177.123.84]) by smtp-relay.gmail.com with ESMTPS id 00721157ae682-78821e1e6d5sm6255487b3.9.2025.11.16.01.41.56 (version=TLS1_2 cipher=ECDHE-ECDSA-AES128-GCM-SHA256 bits=128/128); Sun, 16 Nov 2025 01:41:56 -0800 (PST) X-Relaying-Domain: iol.unh.edu Date: Sun, 16 Nov 2025 01:41:56 -0800 (PST) Message-ID: <69199c64.050a0220.1a7114.fb12SMTPIN_ADDED_MISSING@mx.google.com> Received: from [172.21.0.2] (unknown [172.18.0.240]) by postal.iol.unh.edu (Postfix) with ESMTP id 39A7860003E8; Sun, 16 Nov 2025 04:41:56 -0500 (EST) Subject: |FAILURE| [GIT MASTER] 9784db2c5af1eecd02fc21132b59b5b266039b87 From: dpdklab@iol.unh.edu To: Test Report Cc: dpdk-test-reports@iol.unh.edu, Xueming Li , Christian Ehrhardt , Kevin Traynor , Luca Boccassi Content-Type: text/plain X-BeenThere: test-report@dpdk.org X-Mailman-Version: 2.1.29 Precedence: list List-Id: automatic DPDK test reports List-Unsubscribe: , List-Archive: List-Post: List-Help: List-Subscribe: , Errors-To: test-report-bounces@dpdk.org _Testing issues_ Branch: tags/v22.11 9784db2c5af1eecd02fc21132b59b5b266039b87 --> testing issues Upstream job id: Generic-Unit-Test-DPDK#393231 Test environment and result as below: +-----------------+--------------+------------------------------+---------------------------+----------------+ | Environment | lpm_autotest | cryptodev_sw_snow3g_autotest | cryptodev_sw_zuc_autotest | dpdk_unit_test | +=================+==============+==============================+===========================+================+ | Ubuntu 20.04 | FAIL | SKIPPED | SKIPPED | SKIPPED | +-----------------+--------------+------------------------------+---------------------------+----------------+ | Debian 12 (arm) | SKIPPED | PASS | PASS | SKIPPED | +-----------------+--------------+------------------------------+---------------------------+----------------+ | Ubuntu 22.04 | SKIPPED | SKIPPED | SKIPPED | PASS | +-----------------+--------------+------------------------------+---------------------------+----------------+ ==== 20 line log output for Ubuntu 20.04 (lpm_autotest): ==== [671/690] Compiling C object 'app/test/3062f5d@@dpdk-test@exe/test_threads.c.o'. [672/690] Compiling C object 'app/test/3062f5d@@dpdk-test@exe/test_thash_perf.c.o'. [673/690] Compiling C object 'app/test/3062f5d@@dpdk-test@exe/test_timer.c.o'. [674/690] Compiling C object 'app/test/3062f5d@@dpdk-test@exe/test_thash.c.o'. [675/690] Compiling C object 'app/test/3062f5d@@dpdk-test@exe/test_timer_perf.c.o'. [676/690] Compiling C object 'app/test/3062f5d@@dpdk-test@exe/test_timer_racecond.c.o'. [677/690] Compiling C object 'app/test/3062f5d@@dpdk-test@exe/test_timer_secondary.c.o'. [678/690] Compiling C object 'app/test/3062f5d@@dpdk-test@exe/test_ticketlock.c.o'. [679/690] Compiling C object 'app/test/3062f5d@@dpdk-test@exe/test_trace_register.c.o'. [680/690] Compiling C object 'app/test/3062f5d@@dpdk-test@exe/test_trace.c.o'. [681/690] Compiling C object 'app/test/3062f5d@@dpdk-test@exe/test_version.c.o'. [682/690] Compiling C object 'app/test/3062f5d@@dpdk-test@exe/test_ring.c.o'. [683/690] Compiling C object 'app/test/3062f5d@@dpdk-test@exe/test_telemetry_data.c.o'. [684/690] Compiling C object 'app/test/3062f5d@@dpdk-test@exe/test_telemetry_json.c.o'. [685/690] Compiling C object 'app/test/3062f5d@@dpdk-test@exe/test_pcapng.c.o'. [686/690] Compiling C object 'app/test/3062f5d@@dpdk-test@exe/virtual_pmd.c.o'. [687/690] Compiling C object 'app/test/3062f5d@@dpdk-test@exe/test_bpf.c.o'. [688/690] Compiling C object 'app/test/3062f5d@@dpdk-test@exe/test_compressdev.c.o'. [689/690] Compiling C object 'app/test/3062f5d@@dpdk-test@exe/test_trace_perf.c.o'. [690/690] Linking target app/test/dpdk-test. ==== End log output ==== Ubuntu 20.04 Kernel: 5.4 Compiler: gcc gcc (Ubuntu 9.4.0-1ubuntu1~20.04.2) 9.4.0 Debian 12 (arm) Kernel: Depends on container host Compiler: gcc (Debian 12.2.0-14) 12.2.0 Ubuntu 22.04 Kernel: 5.15 Compiler: gcc gcc (Ubuntu 11.4.0-1ubuntu1~22.04.2) 11.4.0 To view detailed results, visit: https://lab.dpdk.org/results/dashboard/tarballs/35614/ UNH-IOL DPDK Community Lab To manage your email subscriptions, visit: https://lab.dpdk.org/results/dashboard/preferences/subscriptions/