From mboxrd@z Thu Jan 1 00:00:00 1970 Return-Path: Received: from mails.dpdk.org (mails.dpdk.org [217.70.189.124]) by inbox.dpdk.org (Postfix) with ESMTP id 6680048B26 for ; Sun, 16 Nov 2025 11:45:22 +0100 (CET) Received: from mails.dpdk.org (localhost [127.0.0.1]) by mails.dpdk.org (Postfix) with ESMTP id 610054026C; Sun, 16 Nov 2025 11:45:22 +0100 (CET) Received: from mail-pl1-f226.google.com (mail-pl1-f226.google.com [209.85.214.226]) by mails.dpdk.org (Postfix) with ESMTP id 70A794026C for ; Sun, 16 Nov 2025 11:45:20 +0100 (CET) Received: by mail-pl1-f226.google.com with SMTP id d9443c01a7336-2984dfae0acso44506035ad.0 for ; Sun, 16 Nov 2025 02:45:20 -0800 (PST) DKIM-Signature: v=1; a=rsa-sha256; c=relaxed/relaxed; d=iol.unh.edu; s=unh-iol; t=1763289919; x=1763894719; darn=dpdk.org; h=cc:to:from:subject:message-id:date:from:to:cc:subject:date :message-id:reply-to; bh=t52zGnFNDWDjI61HjcmNtUG0lBSZV/9MSJA78rra1Mg=; b=dtDDBKiMQpl156gu827PTFo/9GRrJa+zQ4TIvi+E5IuTlbVp0t5caY3tMmvKgr20Kc ZtzSjtTBfxn1SmkPLywFfk7fsYTb+iuWSz/Ih9IlY3CjkISuTwZfsbOoRAFC0D31Kf/G /MuUNwjZw1rjy9t8H7cWlH2AkTO5o37FVm3dw= X-Google-DKIM-Signature: v=1; a=rsa-sha256; c=relaxed/relaxed; d=1e100.net; s=20230601; t=1763289919; x=1763894719; h=cc:to:from:subject:message-id:date:x-gm-gg:x-gm-message-state:from :to:cc:subject:date:message-id:reply-to; bh=t52zGnFNDWDjI61HjcmNtUG0lBSZV/9MSJA78rra1Mg=; b=Zjk3tsKhoQrZvJ6Kvi9ePE5Q+8zrWpkRBBSTTC4k1m1dOIJp3sEXtd4z7Oq/iP7GAY iJpMjvatMq+KK33gu9sFH90bmNWAai3GU8D5cs2uP9IN2b89gBXkANCAUxEha9jqn3Uk XiVHu//5/c32NuEr5Cc+7SS2pFiG7po1m0EyON77NdcL8zP/icsjO/7Wmw0t7rN/UW/H NJCf7VCfIQcgs4vc/+SYPW1x2NzZK1lC7ExYIaLxfcIi33/DJe3fhVoUJ04CRxBC9flu n2ibv4xT7KXcPoABsskuVIaDEQX/P3Qdf/qVHMR2v0oN4O2pJXF10ZLWh51+JZJ7O6t1 FQFw== X-Gm-Message-State: AOJu0Yxb/uNQ2Rg5skKXTGXhOwgf7M5vZyvm01LMElnC5l6tZywbDYGm KHMPQfru7pVUQFDgfqadzjLn0ml4f8COAYs+w05V/UPDb+vWVX1cM3Cv2DZRWyWrJfuZ4d8scxG AclVp43G16rm8yf5+2vk3/qx4DbzK9evYVXgJ X-Gm-Gg: ASbGnctz0VD5aoIPbyaPWIR+Rdfqd+BlhMwi/yGgbRkBHrzxzzeUIuXFE/XPQ5ZAEfW 8IV7DeYfW43STnKCWu/H4O3i2BVXva4UIpexUuj7nMfEMDFsz54kW15LkXBH/rKUwUpYsqxHbFf KuMv4jDl0vxh5NV3HY4U/dQ46C5Oi4AQiU8W0WVusqo/Vtyb386ooukbH4dEh4iKyE8qdBp+R43 bXxc4ivFggfZlYmPxy9PCHRDolVeYq5/tzNR36bCFCOqdjwBXHeh3n4jhany79BZU0HwBVcg/+c ptruRsfBCjorqfenAYzTa4VZrZTODuBr7WwDV8LcYyx4OVNg52st9v1oBC5JdbLvYSnLDg9+kMO JR1zUNYP+v+DLbvpHWBQWyt1WmncR6ls= X-Google-Smtp-Source: AGHT+IEv22dfsM/XrVwDcCMzHRu45q3O5fX5QJ1Zw/bOFSVv4KxHdKHCI/UOPo1GURwf9iUS4rSyhqWJkplo X-Received: by 2002:a17:902:f711:b0:295:6513:2475 with SMTP id d9443c01a7336-2986a6f08e7mr103424905ad.27.1763289919665; Sun, 16 Nov 2025 02:45:19 -0800 (PST) Received: from postal.iol.unh.edu (postal.iol.unh.edu. [132.177.123.84]) by smtp-relay.gmail.com with ESMTPS id d9443c01a7336-2985c245c3asm12136405ad.26.2025.11.16.02.45.19 (version=TLS1_2 cipher=ECDHE-ECDSA-AES128-GCM-SHA256 bits=128/128); Sun, 16 Nov 2025 02:45:19 -0800 (PST) X-Relaying-Domain: iol.unh.edu Date: Sun, 16 Nov 2025 02:45:19 -0800 (PST) Message-ID: <6919ab3f.170a0220.31b2fb.d5c3SMTPIN_ADDED_MISSING@mx.google.com> Received: from [172.21.0.3] (unknown [172.18.0.240]) by postal.iol.unh.edu (Postfix) with ESMTP id 901A260003E8; Sun, 16 Nov 2025 05:45:18 -0500 (EST) Subject: |FAILURE| [GIT MASTER] 62f583c49bf67dd4d6733ece14e55fe6839e66d1 From: dpdklab@iol.unh.edu To: Test Report Cc: dpdk-test-reports@iol.unh.edu, Xueming Li , Christian Ehrhardt , Kevin Traynor , Luca Boccassi Content-Type: text/plain X-BeenThere: test-report@dpdk.org X-Mailman-Version: 2.1.29 Precedence: list List-Id: automatic DPDK test reports List-Unsubscribe: , List-Archive: List-Post: List-Help: List-Subscribe: , Errors-To: test-report-bounces@dpdk.org _Testing issues_ Branch: tags/v23.11 62f583c49bf67dd4d6733ece14e55fe6839e66d1 --> testing issues Upstream job id: Generic-Unit-Test-DPDK#393248 Test environment and result as below: +------------------------------+----------------+--------------+------------------------------+---------------------------+ | Environment | dpdk_unit_test | lpm_autotest | cryptodev_sw_snow3g_autotest | cryptodev_sw_zuc_autotest | +==============================+================+==============+==============================+===========================+ | CentOS Stream 9 | PASS | SKIPPED | SKIPPED | SKIPPED | +------------------------------+----------------+--------------+------------------------------+---------------------------+ | CentOS Stream 10 | PASS | SKIPPED | SKIPPED | SKIPPED | +------------------------------+----------------+--------------+------------------------------+---------------------------+ | Fedora Linux 40 | PASS | SKIPPED | SKIPPED | SKIPPED | +------------------------------+----------------+--------------+------------------------------+---------------------------+ | Fedora Linux 41 | PEND | SKIPPED | SKIPPED | SKIPPED | +------------------------------+----------------+--------------+------------------------------+---------------------------+ | Debian GNU/Linux 12 | PEND | SKIPPED | SKIPPED | SKIPPED | +------------------------------+----------------+--------------+------------------------------+---------------------------+ | Red Hat Enterprise Linux 9.5 | PEND | SKIPPED | SKIPPED | SKIPPED | +------------------------------+----------------+--------------+------------------------------+---------------------------+ | Fedora Linux 42 | PEND | SKIPPED | SKIPPED | SKIPPED | +------------------------------+----------------+--------------+------------------------------+---------------------------+ | Ubuntu 24.04 | PEND | SKIPPED | SKIPPED | SKIPPED | +------------------------------+----------------+--------------+------------------------------+---------------------------+ | Ubuntu 20.04 | PEND | PASS | SKIPPED | SKIPPED | +------------------------------+----------------+--------------+------------------------------+---------------------------+ | Ubuntu 22.04 | PASS | SKIPPED | SKIPPED | SKIPPED | +------------------------------+----------------+--------------+------------------------------+---------------------------+ | Debian 12 (arm) | SKIPPED | SKIPPED | PEND | PEND | +------------------------------+----------------+--------------+------------------------------+---------------------------+ CentOS Stream 9 Kernel: 5.4 Compiler: gcc gcc (GCC) 11.5.0 20240719 (Red Hat 11.5.0-11) CentOS Stream 10 Kernel: 5.4 Compiler: gcc gcc (GCC) 14.2.1 20250110 (Red Hat 14.2.1-8) Fedora Linux 40 Kernel: 5.4 Compiler: gcc gcc (GCC) 14.2.1 20240912 (Red Hat 14.2.1-3) Fedora Linux 41 Kernel: 5.4 Compiler: clang gcc (GCC) 14.3.1 20250523 (Red Hat 14.3.1-1) Debian GNU/Linux 12 Kernel: 5.4 Compiler: gcc gcc (Debian 12.2.0-14+deb12u1) 12.2.0 Red Hat Enterprise Linux 9.5 Kernel: 5.4 Compiler: gcc gcc (GCC) 11.5.0 20240719 (Red Hat 11.5.0-2) Fedora Linux 42 Kernel: 5.4 Compiler: gcc gcc (GCC) 15.2.1 20250808 (Red Hat 15.2.1-1) Ubuntu 24.04 Kernel: 5.4 Compiler: gcc gcc (Ubuntu 13.3.0-6ubuntu2~24.04) 13.3.0 Ubuntu 20.04 Kernel: 5.4 Compiler: gcc gcc (Ubuntu 9.4.0-1ubuntu1~20.04.2) 9.4.0 Ubuntu 22.04 Kernel: 5.4 Compiler: gcc gcc (Ubuntu 11.4.0-1ubuntu1~22.04) 11.4.0 Debian 12 (arm) Kernel: Depends on container host Compiler: gcc (Debian 12.2.0-14) 12.2.0 To view detailed results, visit: https://lab.dpdk.org/results/dashboard/tarballs/35615/ UNH-IOL DPDK Community Lab To manage your email subscriptions, visit: https://lab.dpdk.org/results/dashboard/preferences/subscriptions/