From mboxrd@z Thu Jan 1 00:00:00 1970 Return-Path: Received: from mails.dpdk.org (mails.dpdk.org [217.70.189.124]) by inbox.dpdk.org (Postfix) with ESMTP id 0F28648B27 for ; Sun, 16 Nov 2025 12:00:56 +0100 (CET) Received: from mails.dpdk.org (localhost [127.0.0.1]) by mails.dpdk.org (Postfix) with ESMTP id F03084026C; Sun, 16 Nov 2025 12:00:55 +0100 (CET) Received: from mail-oa1-f100.google.com (mail-oa1-f100.google.com [209.85.160.100]) by mails.dpdk.org (Postfix) with ESMTP id 111AB4026C for ; Sun, 16 Nov 2025 12:00:55 +0100 (CET) Received: by mail-oa1-f100.google.com with SMTP id 586e51a60fabf-3e2f4c5b26dso870405fac.0 for ; Sun, 16 Nov 2025 03:00:55 -0800 (PST) DKIM-Signature: v=1; a=rsa-sha256; c=relaxed/relaxed; d=iol.unh.edu; s=unh-iol; t=1763290854; x=1763895654; darn=dpdk.org; h=cc:to:from:subject:message-id:date:from:to:cc:subject:date :message-id:reply-to; bh=97JYqo7QHAWcvUMoAtWK4IB/cOBTSNh65vCZ91mXrWs=; b=L6+0g72/GyggwIHGqUMComPeXebIbtSWLJtwPsrLgvWHY6yNZPXpdBzpPsZDFYTWki LlIJ9GRFfWFE2dkm23ERqMem+UbA0mTiS3SMZOhe0Hybe9d5zJ4YUVzVd4UyYZr/bsl6 piefCt918/CBwmRDHcVq7EyrCbmTe7I8S7MVs= X-Google-DKIM-Signature: v=1; a=rsa-sha256; c=relaxed/relaxed; d=1e100.net; s=20230601; t=1763290854; x=1763895654; h=cc:to:from:subject:message-id:date:x-gm-gg:x-gm-message-state:from :to:cc:subject:date:message-id:reply-to; bh=97JYqo7QHAWcvUMoAtWK4IB/cOBTSNh65vCZ91mXrWs=; b=v29avQQmhntuCzsiADNbaInbeLLKKxLBavSzvpVCrUaVXUF38bZdBK9qlNf+PWVjP9 1++otV2az5cunuUpMycWHr//Krs+f649JpxAJOiIioOLhxLErUoaHOxI8OF+1jKPuXvx 1qdvh9cHeFqp7O6v/ZVzPPDWWi3WDQxPPuWzK6dWuDdYNva4d6xxySoz+gx8ViEuzgIL 9Eswxprjx+gfru/n0O5bWlyEusI1rGVdbqIOJISsPk1p/bgqphX/4aJd98a9H7oKu8yL UUdV5K7Rw/JmPcENY9LZnr5gQx88n4N08H3Hk+I+s4R9MCAoY3Yo1VTLhE0mYOLhEJUD vlZw== X-Gm-Message-State: AOJu0YzItqc2zZjTPZUnHCCE26FX0BeqnG2b1emRyBl5MWO+mamnxZKD k6EOpVZ18VTTzwabqBEoVkXfBvN+LIgLEZyuV64WYVOmMgwtT6WLDn5WXQNqNC4SyhaWyU4EOX1 d4i3Ye4qiYs4o/Mj1nEL1oVT4NDDdsdfb51t8U+xLdx+mLIsOps3G X-Gm-Gg: ASbGncs6YgyQK7Kq40JXkYJqT4MFyQ+uQAeDufYTLyTwl5V8KVYwTm4mm9OU9yW54p8 Zuc/PP6Q2RTK6eiwTYp9HTHI+HG/vBnkxGRe0Aiuc+MtkF4e015eKusutOU+SeRAc1Uu2Ggf0Kp cOxDv+dgJmrUBKSOPQGUjArOR3WtvTGJA2cDS1p5VU9Hgpt4E+ITCoil/UaNDTEnJObbKEsvPZs qGzatDDiZE8mgMKPckJzAAZN+cpPlPbz2h17xTOkCc+BfP9i3ChRJdmiIsXxtmizsZ3EB4FxKbf BCj2thBpqAO7T6B8EwyuQqMtlz4y7wbKQ/uXdOYAwi8i5tXfaYfjjxCTuD2pjt3Z6SSfd6KmZ5Y v1lKgB4vC X-Google-Smtp-Source: AGHT+IGky7t6mnrKXD0QbF8Eio4t54xvc95496PqIioEn8JhtZyyMpd3Bzz9ggv1hQtuRGg3UxoKIS6ybYGG X-Received: by 2002:a05:6871:29d:b0:3e8:8e57:a79d with SMTP id 586e51a60fabf-3e88e57bd82mr1621724fac.52.1763290854098; Sun, 16 Nov 2025 03:00:54 -0800 (PST) Received: from postal.iol.unh.edu (postal.iol.unh.edu. [2606:4100:3880:1234::84]) by smtp-relay.gmail.com with ESMTPS id 586e51a60fabf-3e851d6410bsm933024fac.0.2025.11.16.03.00.54 (version=TLS1_2 cipher=ECDHE-ECDSA-AES128-GCM-SHA256 bits=128/128); Sun, 16 Nov 2025 03:00:54 -0800 (PST) X-Relaying-Domain: iol.unh.edu Date: Sun, 16 Nov 2025 03:00:54 -0800 (PST) Message-ID: <6919aee6.050a0220.c94f9.d79dSMTPIN_ADDED_MISSING@mx.google.com> Received: from [172.21.0.4] (unknown [172.18.0.240]) by postal.iol.unh.edu (Postfix) with ESMTP id B51BF6051830; Sun, 16 Nov 2025 06:00:52 -0500 (EST) Subject: |FAILURE| [GIT MASTER] 62f583c49bf67dd4d6733ece14e55fe6839e66d1 From: dpdklab@iol.unh.edu To: Test Report Cc: dpdk-test-reports@iol.unh.edu, Xueming Li , Christian Ehrhardt , Kevin Traynor , Luca Boccassi Content-Type: text/plain X-BeenThere: test-report@dpdk.org X-Mailman-Version: 2.1.29 Precedence: list List-Id: automatic DPDK test reports List-Unsubscribe: , List-Archive: List-Post: List-Help: List-Subscribe: , Errors-To: test-report-bounces@dpdk.org _Testing issues_ Branch: tags/v23.11 62f583c49bf67dd4d6733ece14e55fe6839e66d1 --> testing issues Upstream job id: Generic-DPDK-Compile-Meson#445000 Test environment and result as below: +------------------------------+--------------------+ | Environment | dpdk_meson_compile | +==============================+====================+ | Ubuntu 20.04 | PASS | +------------------------------+--------------------+ | Debian GNU/Linux 12 | PASS | +------------------------------+--------------------+ | Fedora Linux 42 | PASS | +------------------------------+--------------------+ | CentOS Stream 9 | PASS | +------------------------------+--------------------+ | Ubuntu 24.04 | PASS | +------------------------------+--------------------+ | Ubuntu 22.04 | PASS | +------------------------------+--------------------+ | CentOS Stream 10 | PASS | +------------------------------+--------------------+ | Red Hat Enterprise Linux 9.5 | PASS | +------------------------------+--------------------+ Ubuntu 20.04 Kernel: 5.15 Compiler: aarch64-linux-gnu-gcc gcc (Ubuntu 9.4.0-1ubuntu1~20.04.2) 9.4.0 Debian GNU/Linux 12 Kernel: 5.4 Compiler: gcc gcc (Debian 12.2.0-14+deb12u1) 12.2.0 Fedora Linux 42 Kernel: 5.4 Compiler: gcc gcc (GCC) 15.2.1 20250808 (Red Hat 15.2.1-1) CentOS Stream 9 Kernel: 5.4 Compiler: gcc gcc (GCC) 11.5.0 20240719 (Red Hat 11.5.0-11) Ubuntu 24.04 Kernel: 5.4 Compiler: gcc gcc (Ubuntu 13.3.0-6ubuntu2~24.04) 13.3.0 Ubuntu 22.04 Kernel: 5.4 Compiler: gcc gcc (Ubuntu 11.4.0-1ubuntu1~22.04) 11.4.0 CentOS Stream 10 Kernel: 5.4 Compiler: gcc gcc (GCC) 14.2.1 20250110 (Red Hat 14.2.1-8) Red Hat Enterprise Linux 9.5 Kernel: 5.4 Compiler: gcc gcc (GCC) 11.5.0 20240719 (Red Hat 11.5.0-2) To view detailed results, visit: https://lab.dpdk.org/results/dashboard/tarballs/35615/ UNH-IOL DPDK Community Lab To manage your email subscriptions, visit: https://lab.dpdk.org/results/dashboard/preferences/subscriptions/