From: dpdklab@iol.unh.edu
To: Test Report <test-report@dpdk.org>
Cc: dpdk-test-reports@iol.unh.edu,
Stephen Hemminger <stephen@networkplumber.org>
Subject: |FAILURE| pw158839-158843 [PATCH] [v2,5/5] test: re-enable format-tr
Date: Sun, 16 Nov 2025 20:50:43 -0800 (PST) [thread overview]
Message-ID: <691aa9a3.050a0220.c1f49.48b1SMTPIN_ADDED_MISSING@mx.google.com> (raw)
In-Reply-To: <20251116190035.76123-6-stephen@networkplumber.org>
Test-Label: iol-compile-arm64-testing
Test-Status: FAILURE
http://dpdk.org/patch/158843
_Testing issues_
Submitter: Stephen Hemminger <stephen@networkplumber.org>
Date: Sunday, November 16 2025 18:59:33
DPDK git baseline: Repo:dpdk
Branch: master
CommitID:be0112878b4fc3a1b918370ed2fe615c52039d77
158839-158843 --> testing issues
Upstream job id: Generic-DPDK-Compile-Meson#445216
Test environment and result as below:
+------------------------------+--------------------+
| Environment | dpdk_meson_compile |
+==============================+====================+
| Red Hat Enterprise Linux 9.5 | PEND |
+------------------------------+--------------------+
| Fedora Linux 42 | PEND |
+------------------------------+--------------------+
| Debian GNU/Linux 12 | PEND |
+------------------------------+--------------------+
| Ubuntu 20.04 | PEND |
+------------------------------+--------------------+
| Ubuntu 24.04 | PEND |
+------------------------------+--------------------+
| CentOS Stream 9 | PEND |
+------------------------------+--------------------+
| CentOS Stream 10 | PEND |
+------------------------------+--------------------+
| Ubuntu 22.04 | PEND |
+------------------------------+--------------------+
Red Hat Enterprise Linux 9.5
Kernel: 5.4
Compiler: gcc gcc (GCC) 11.5.0 20240719 (Red Hat 11.5.0-2)
Fedora Linux 42
Kernel: 5.4
Compiler: gcc gcc (GCC) 15.2.1 20250808 (Red Hat 15.2.1-1)
Debian GNU/Linux 12
Kernel: 5.4
Compiler: gcc gcc (Debian 12.2.0-14+deb12u1) 12.2.0
Ubuntu 20.04
Kernel: 5.15
Compiler: gcc gcc (Ubuntu 9.4.0-1ubuntu1~20.04.2) 9.4.0
Ubuntu 24.04
Kernel: 5.4
Compiler: gcc gcc (Ubuntu 13.3.0-6ubuntu2~24.04) 13.3.0
CentOS Stream 9
Kernel: 5.4
Compiler: gcc gcc (GCC) 11.5.0 20240719 (Red Hat 11.5.0-11)
CentOS Stream 10
Kernel: 5.4
Compiler: gcc gcc (GCC) 14.2.1 20250110 (Red Hat 14.2.1-8)
Ubuntu 22.04
Kernel: 5.4
Compiler: gcc gcc (Ubuntu 11.4.0-1ubuntu1~22.04) 11.4.0
To view detailed results, visit:
https://lab.dpdk.org/results/dashboard/patchsets/34614/
UNH-IOL DPDK Community Lab
To manage your email subscriptions, visit:
https://lab.dpdk.org/results/dashboard/preferences/subscriptions/
next prev parent reply other threads:[~2025-11-17 4:50 UTC|newest]
Thread overview: 27+ messages / expand[flat|nested] mbox.gz Atom feed top
[not found] <20251116190035.76123-6-stephen@networkplumber.org>
2025-11-16 18:27 ` |SUCCESS| pw158839-158843 [PATCH v2 5/5] test: re-enable format-truncation warnings qemudev
2025-11-16 18:32 ` qemudev
2025-11-16 19:00 ` |SUCCESS| pw158843 " checkpatch
2025-11-16 19:51 ` 0-day Robot
2025-11-16 19:51 ` 0-day Robot
2025-11-17 4:41 ` |FAILURE| pw158839-158843 [PATCH] [v2,5/5] test: re-enable format-tr dpdklab
2025-11-17 4:43 ` dpdklab
2025-11-17 4:44 ` |SUCCESS| " dpdklab
2025-11-17 4:44 ` |FAILURE| " dpdklab
2025-11-17 4:44 ` dpdklab
2025-11-17 4:45 ` |PENDING| " dpdklab
2025-11-17 4:47 ` dpdklab
2025-11-17 4:49 ` |SUCCESS| " dpdklab
2025-11-17 4:50 ` dpdklab [this message]
2025-11-17 4:51 ` |FAILURE| " dpdklab
2025-11-17 4:53 ` |PENDING| " dpdklab
2025-11-17 4:57 ` |WARNING| " dpdklab
2025-11-17 5:06 ` |SUCCESS| " dpdklab
2025-11-17 5:08 ` dpdklab
2025-11-17 5:23 ` |WARNING| " dpdklab
2025-11-17 5:28 ` |FAILURE| " dpdklab
2025-11-17 5:36 ` dpdklab
2025-11-17 5:45 ` |SUCCESS| " dpdklab
2025-11-17 6:21 ` |WARNING| " dpdklab
2025-11-17 6:30 ` |FAILURE| " dpdklab
2025-11-17 6:31 ` dpdklab
2025-11-17 9:16 ` dpdklab
Reply instructions:
You may reply publicly to this message via plain-text email
using any one of the following methods:
* Save the following mbox file, import it into your mail client,
and reply-to-all from there: mbox
Avoid top-posting and favor interleaved quoting:
https://en.wikipedia.org/wiki/Posting_style#Interleaved_style
* Reply using the --to, --cc, and --in-reply-to
switches of git-send-email(1):
git send-email \
--in-reply-to=691aa9a3.050a0220.c1f49.48b1SMTPIN_ADDED_MISSING@mx.google.com \
--to=dpdklab@iol.unh.edu \
--cc=dpdk-test-reports@iol.unh.edu \
--cc=stephen@networkplumber.org \
--cc=test-report@dpdk.org \
/path/to/YOUR_REPLY
https://kernel.org/pub/software/scm/git/docs/git-send-email.html
* If your mail client supports setting the In-Reply-To header
via mailto: links, try the mailto: link
Be sure your reply has a Subject: header at the top and a blank line
before the message body.
This is a public inbox, see mirroring instructions
for how to clone and mirror all data and code used for this inbox;
as well as URLs for NNTP newsgroup(s).